{"id":712696,"date":"2025-08-27T16:58:46","date_gmt":"2025-08-27T13:58:46","guid":{"rendered":"https:\/\/roveyayinevi.com.tr\/index.php\/urun\/nadir-kus\/"},"modified":"2026-04-16T02:21:05","modified_gmt":"2026-04-15T23:21:05","slug":"nadir-kus","status":"publish","type":"product","link":"https:\/\/roveyayinevi.com.tr\/index.php\/urun\/nadir-kus\/","title":{"rendered":"Nadir Ku\u015f"},"content":{"rendered":"<p>\u201c\u00d6d\u00fcl m\u00fc koymu\u015flar ba\u015f\u0131na? Nedir bunca hezey\u00e2n, bunca ara\u015ft\u0131rma! \u00d6d\u00fcl m\u00fc konmu\u015f ba\u015f\u0131na? Konmu\u015fsa kim koymu\u015f ve neden? S\u00f6yleyin de bilelim! Ona g\u00f6re\u2026 Biz de ara\u015ft\u0131ral\u0131m bulal\u0131m\u2026 Gerekirse hik\u00e2yeler, tev\u00e2t\u00fcr uydural\u0131m\u2026 \u00d6d\u00fcl\u00fc kapal\u0131m!\u201d   S\u0131radan, \u00f6nemsiz, silik bir adam\u2026  Kal\u0131n bir sis perdesi \u00f6rtm\u00fc\u015f kimli\u011fini\u2026 Aran\u0131yor\u2026 Arand\u0131k\u00e7a bulunam\u0131yor\u2026 Yoksa? Ya varsa? Ayd\u0131nland\u0131k\u00e7a kararan bir tuhaf \u00f6yk\u00fc\u2026 Ya\u015far S\u0131rr\u0131 Pinh\u00e2n okuyucunun zihninde yaratt\u0131\u011f\u0131 t\u00fcrl\u00fc karma\u015fa ile ger\u00e7e\u011fi ustaca gizliyor; dikkatli okuyucuyu ise gizemi \u00e7\u00f6zebilmesi i\u00e7in b\u0131rakt\u0131\u011f\u0131 ipu\u00e7lar\u0131n\u0131 ke\u015ffetmek \u00fczere anlat\u0131mlar ve sat\u0131rlar aras\u0131nda dolan\u0131p duran ba\u015fl\u0131 ba\u015f\u0131na bir maceraya davet ediyor! <\/p>\n","protected":false},"excerpt":{"rendered":"<p>\u201c\u00d6d\u00fcl m\u00fc koymu\u015flar ba\u015f\u0131na? Nedir bunca hezey\u00e2n, bunca ara\u015ft\u0131rma! \u00d6d\u00fcl m\u00fc konmu\u015f ba\u015f\u0131na? Konmu\u015fsa kim koymu\u015f ve neden? S\u00f6yleyin de bilelim! Ona g\u00f6re\u2026 Biz de ara\u015ft\u0131ral\u0131m<span class=\"excerpt-hellip\"> [\u2026]<\/span><\/p>\n","protected":false},"featured_media":0,"template":"","meta":{"_monsterinsights_skip_tracking":false,"_monsterinsights_sitenote_active":false,"_monsterinsights_sitenote_note":"","_monsterinsights_sitenote_category":0},"product_brand":[],"product_cat":[12291,12711],"product_tag":[],"class_list":{"0":"post-712696","1":"product","2":"type-product","3":"status-publish","5":"product_cat-edebiyat","6":"product_cat-roman-oyku","7":"pa_cilt-ciltsiz","8":"pa_tur-kitap","9":"pa_yayinevi-profil-kitap","10":"pa_yazar-yasar-sirri-pinhan","12":"first","13":"instock","14":"sale","15":"shipping-taxable","16":"purchasable","17":"product-type-simple"},"_links":{"self":[{"href":"https:\/\/roveyayinevi.com.tr\/index.php\/wp-json\/wp\/v2\/product\/712696","targetHints":{"allow":["GET"]}}],"collection":[{"href":"https:\/\/roveyayinevi.com.tr\/index.php\/wp-json\/wp\/v2\/product"}],"about":[{"href":"https:\/\/roveyayinevi.com.tr\/index.php\/wp-json\/wp\/v2\/types\/product"}],"wp:attachment":[{"href":"https:\/\/roveyayinevi.com.tr\/index.php\/wp-json\/wp\/v2\/media?parent=712696"}],"wp:term":[{"taxonomy":"product_brand","embeddable":true,"href":"https:\/\/roveyayinevi.com.tr\/index.php\/wp-json\/wp\/v2\/product_brand?post=712696"},{"taxonomy":"product_cat","embeddable":true,"href":"https:\/\/roveyayinevi.com.tr\/index.php\/wp-json\/wp\/v2\/product_cat?post=712696"},{"taxonomy":"product_tag","embeddable":true,"href":"https:\/\/roveyayinevi.com.tr\/index.php\/wp-json\/wp\/v2\/product_tag?post=712696"}],"curies":[{"name":"wp","href":"https:\/\/api.w.org\/{rel}","templated":true}]}}