{"id":712693,"date":"2025-08-27T16:58:45","date_gmt":"2025-08-27T13:58:45","guid":{"rendered":"https:\/\/roveyayinevi.com.tr\/index.php\/urun\/deniz-kurdu-3\/"},"modified":"2026-04-16T02:21:05","modified_gmt":"2026-04-15T23:21:05","slug":"deniz-kurdu-3","status":"publish","type":"product","link":"https:\/\/roveyayinevi.com.tr\/index.php\/urun\/deniz-kurdu-3\/","title":{"rendered":"Deniz Kurdu"},"content":{"rendered":"<p>Bir dergide yazar olan Humphrey Van Weyden yeni yap\u0131lm\u0131\u015f buharl\u0131 gemi Martinez\u2019in ilk yolculu\u011funa kat\u0131lmak ve izlenimlerini yazmak i\u00e7in g\u00f6revlendirilir. Yo\u011fun sis nedeniyle ba\u015fka bir tekneyle \u00e7arp\u0131\u015fan gemi batar ve Van Weyden denizin ortas\u0131nda bir ba\u015f\u0131na kal\u0131r. B\u00fcy\u00fck bir ac\u0131 ve korku i\u00e7inde umutsuzlu\u011fa kap\u0131ld\u0131\u011f\u0131 bir anda ay\u0131bal\u0131\u011f\u0131 av\u0131na \u00e7\u0131km\u0131\u015f bir gemi onu bulur ve kurtar\u0131r. Geminin kaptan\u0131 ac\u0131mas\u0131z Kurt Larsen\u2019dir, gemide adama ihtiyac\u0131 oldu\u011funu s\u00f6yleyerek Van Weyden\u2019i al\u0131koyar ve tayfa olarak \u00e7al\u0131\u015ft\u0131rmaya ba\u015flar. Zorlu ko\u015fullara al\u0131\u015f\u0131k olmayan Van Weyden\u2019i, ac\u0131mas\u0131z ve tehlikeli bir kaptan\u0131n idaresindeki bu gemide b\u00fcy\u00fck bir macera beklemektedir. <\/p>\n","protected":false},"excerpt":{"rendered":"<p>Bir dergide yazar olan Humphrey Van Weyden yeni yap\u0131lm\u0131\u015f buharl\u0131 gemi Martinez\u2019in ilk yolculu\u011funa kat\u0131lmak ve izlenimlerini yazmak i\u00e7in g\u00f6revlendirilir. Yo\u011fun sis nedeniyle ba\u015fka bir tekneyle<span class=\"excerpt-hellip\"> [\u2026]<\/span><\/p>\n","protected":false},"featured_media":0,"template":"","meta":{"_monsterinsights_skip_tracking":false,"_monsterinsights_sitenote_active":false,"_monsterinsights_sitenote_note":"","_monsterinsights_sitenote_category":0},"product_brand":[],"product_cat":[12291,13872],"product_tag":[],"class_list":{"0":"post-712693","1":"product","2":"type-product","3":"status-publish","5":"product_cat-edebiyat","6":"product_cat-klasikler","7":"pa_cilt-ciltsiz","8":"pa_tur-kitap","9":"pa_yayinevi-arkadas-yayinlari","10":"pa_yazar-jack-london","12":"first","13":"instock","14":"sale","15":"shipping-taxable","16":"purchasable","17":"product-type-simple"},"_links":{"self":[{"href":"https:\/\/roveyayinevi.com.tr\/index.php\/wp-json\/wp\/v2\/product\/712693","targetHints":{"allow":["GET"]}}],"collection":[{"href":"https:\/\/roveyayinevi.com.tr\/index.php\/wp-json\/wp\/v2\/product"}],"about":[{"href":"https:\/\/roveyayinevi.com.tr\/index.php\/wp-json\/wp\/v2\/types\/product"}],"wp:attachment":[{"href":"https:\/\/roveyayinevi.com.tr\/index.php\/wp-json\/wp\/v2\/media?parent=712693"}],"wp:term":[{"taxonomy":"product_brand","embeddable":true,"href":"https:\/\/roveyayinevi.com.tr\/index.php\/wp-json\/wp\/v2\/product_brand?post=712693"},{"taxonomy":"product_cat","embeddable":true,"href":"https:\/\/roveyayinevi.com.tr\/index.php\/wp-json\/wp\/v2\/product_cat?post=712693"},{"taxonomy":"product_tag","embeddable":true,"href":"https:\/\/roveyayinevi.com.tr\/index.php\/wp-json\/wp\/v2\/product_tag?post=712693"}],"curies":[{"name":"wp","href":"https:\/\/api.w.org\/{rel}","templated":true}]}}