{"id":712688,"date":"2025-08-27T16:58:42","date_gmt":"2025-08-27T13:58:42","guid":{"rendered":"https:\/\/roveyayinevi.com.tr\/index.php\/urun\/vanilya-kokulu-mektuplar-ozel-baski\/"},"modified":"2026-04-16T02:21:05","modified_gmt":"2026-04-15T23:21:05","slug":"vanilya-kokulu-mektuplar-ozel-baski","status":"publish","type":"product","link":"https:\/\/roveyayinevi.com.tr\/index.php\/urun\/vanilya-kokulu-mektuplar-ozel-baski\/","title":{"rendered":"Vanilya Kokulu Mektuplar (\u00d6zel Bask\u0131)"},"content":{"rendered":"<p>Annesiyle babas\u0131 ayr\u0131lan K\u0131ym\u0131k, bir s\u00fcreli\u011fine anneannesinin yan\u0131na yerle\u015fmek zorunda kal\u0131r. Hayal g\u00fcc\u00fc \u00e7ok geni\u015f bir \u00e7ocuk oldu\u011fundan, kendi dedektiflik ve ke\u015fif b\u00fcrosunu kurar. Bir g\u00fcn, K\u0131ym\u0131k\u2019\u0131n uzun zaman \u00f6nce \u00f6lm\u00fc\u015f dedesine, otuz y\u0131l \u00f6nce Paris\u2019ten postalanm\u0131\u015f bir mektup gelir. \u201cAaa! Kral\u2019a Bak!\u201d diye ba\u015flamaktad\u0131r mektup. Bir masald\u0131r bu, mis gibi de vanilya kokmaktad\u0131r! Derken mahalleden ba\u015fkalar\u0131 da benzer mektuplar almaya ba\u015flay\u0131nca, acar dedektif K\u0131ym\u0131k bu g\u00f6ndereni belirsiz mektuplar\u0131n gizini \u00e7\u00f6zmek \u00fczere kollar\u0131 s\u0131var\u2026 \u00c7ocuk edebiyat\u0131m\u0131z\u0131n en sevilen yazarlar\u0131ndan SEV\u0130M AK\u2019\u0131n y\u00fcz binlerce \u00e7ocu\u011fa ula\u015fan roman\u0131, \u00f6zel bask\u0131s\u0131 ve usta sanat\u00e7\u0131 Behi\u00e7 Ak\u2019\u0131n renkli resimleriyle, her ya\u015ftan okura keyifli bir okuma \u015f\u00f6leni sunuyor. <\/p>\n","protected":false},"excerpt":{"rendered":"<p>Annesiyle babas\u0131 ayr\u0131lan K\u0131ym\u0131k, bir s\u00fcreli\u011fine anneannesinin yan\u0131na yerle\u015fmek zorunda kal\u0131r. Hayal g\u00fcc\u00fc \u00e7ok geni\u015f bir \u00e7ocuk oldu\u011fundan, kendi dedektiflik ve ke\u015fif b\u00fcrosunu kurar. Bir g\u00fcn,<span class=\"excerpt-hellip\"> [\u2026]<\/span><\/p>\n","protected":false},"featured_media":0,"template":"","meta":{"_monsterinsights_skip_tracking":false,"_monsterinsights_sitenote_active":false,"_monsterinsights_sitenote_note":"","_monsterinsights_sitenote_category":0},"product_brand":[],"product_cat":[12275,12274],"product_tag":[],"class_list":{"0":"post-712688","1":"product","2":"type-product","3":"status-publish","5":"product_cat-6-12-yas-kitaplari","6":"product_cat-cocuk-ve-genclik-kitaplari","7":"pa_cilt-ciltli","8":"pa_tur-kitap","9":"pa_yayinevi-can-cocuk-yayinlari","10":"pa_yazar-sevim-ak","12":"first","13":"instock","14":"sale","15":"shipping-taxable","16":"purchasable","17":"product-type-simple"},"_links":{"self":[{"href":"https:\/\/roveyayinevi.com.tr\/index.php\/wp-json\/wp\/v2\/product\/712688","targetHints":{"allow":["GET"]}}],"collection":[{"href":"https:\/\/roveyayinevi.com.tr\/index.php\/wp-json\/wp\/v2\/product"}],"about":[{"href":"https:\/\/roveyayinevi.com.tr\/index.php\/wp-json\/wp\/v2\/types\/product"}],"wp:attachment":[{"href":"https:\/\/roveyayinevi.com.tr\/index.php\/wp-json\/wp\/v2\/media?parent=712688"}],"wp:term":[{"taxonomy":"product_brand","embeddable":true,"href":"https:\/\/roveyayinevi.com.tr\/index.php\/wp-json\/wp\/v2\/product_brand?post=712688"},{"taxonomy":"product_cat","embeddable":true,"href":"https:\/\/roveyayinevi.com.tr\/index.php\/wp-json\/wp\/v2\/product_cat?post=712688"},{"taxonomy":"product_tag","embeddable":true,"href":"https:\/\/roveyayinevi.com.tr\/index.php\/wp-json\/wp\/v2\/product_tag?post=712688"}],"curies":[{"name":"wp","href":"https:\/\/api.w.org\/{rel}","templated":true}]}}