{"id":712680,"date":"2025-08-27T16:58:37","date_gmt":"2025-08-27T13:58:37","guid":{"rendered":"https:\/\/roveyayinevi.com.tr\/index.php\/urun\/oktay-rifat-butun-siirleri-i\/"},"modified":"2026-04-16T02:21:05","modified_gmt":"2026-04-15T23:21:05","slug":"oktay-rifat-butun-siirleri-i","status":"publish","type":"product","link":"https:\/\/roveyayinevi.com.tr\/index.php\/urun\/oktay-rifat-butun-siirleri-i\/","title":{"rendered":"Oktay Rifat &#8211; B\u00fct\u00fcn \u015eiirleri I"},"content":{"rendered":"<p>&#8220;Aziz muhibbim oktay, yakas\u0131 a\u00e7\u0131lmam\u0131\u015f bir naz\u0131mdan ve hi\u00e7 i\u015fitilmemi\u015f dilden \u015fiirleri ald\u0131m. (&#8230;) Bu \u015fiirler \u00e7ok yeni bir na\u011fme olduklar\u0131 i\u00e7in \u015fimdi turfanda zevkine sahip olanlarca seviliyor. Zaten g\u00f6r\u00fcld\u00fc\u011f\u00fc gibi sevenlerin say\u0131s\u0131 g\u00fcnd\u00fcn g\u00fcne artar,hi\u00e7 \u015fiirden anlamayanlar ise hi\u00e7bir zaman anlamaz, o nev&#8217;i karilere ise zaten ihtiya\u00e7 yoktur.&#8221; (Yahya Kemal Beyatl\u0131, Oktay R\u0131fat&#8217;a mektubundan) &#8220;Oktay R\u0131fat&#8217;ta \u015fiirsel konjonkt\u00fcr b\u00fcy\u00fck inip \u00e7\u0131kmalar g\u00f6steriyor. Her de\u011fi\u015fi\u015f bir \u00f6ncekinin baz\u0131 y\u00f6nlerden tam tersiymi\u015f izlenimini uyand\u0131r\u0131yor okurda. Yaln\u0131z bunlar\u0131n kimlik de\u011fi\u015ftirmeyle ilgisi yok.(&#8230;) ba\u015fta yad\u0131rgansa da, birbirinin tersi olarak belirmi\u015f d\u00f6nemler ve bu d\u00f6nemlerin \u00fcr\u00fcnleri birbirine ba\u011flan\u0131yor;eklem yerleri o ters \u00e7\u0131k\u0131\u015f noktalar\u0131 olmak \u00fczere.&#8221; (Cemal S\u00fcreya) &#8220;Oktay R\u0131ffat&#8217;\u0131n imgeleri, ba\u015fka bir \u015feyin, inan\u0131lmay\u0131 bekleyen daha y\u00fcksek bir varl\u0131k alan\u0131n\u0131n simgesi de\u011fildir; sadece kendilerinin, ana bir yokluk olarak kendilerinin, simgesidirler, kendi yokluklar\u0131n\u0131n e\u011fretilmesidiler. Ve kendi yaratt\u0131klar\u0131 yan\u0131lsamay\u0131 k\u0131rarken, bu yan\u0131lsaman\u0131n \u00e7evrenide olu\u015fan tutucu denklemi de ask\u0131ya al\u0131rlar.&#8221; \ufffcTan\u0131t\u0131m Metni<\/p>\n","protected":false},"excerpt":{"rendered":"<p>&#8220;Aziz muhibbim oktay, yakas\u0131 a\u00e7\u0131lmam\u0131\u015f bir naz\u0131mdan ve hi\u00e7 i\u015fitilmemi\u015f dilden \u015fiirleri ald\u0131m. (&#8230;) Bu \u015fiirler \u00e7ok yeni bir na\u011fme olduklar\u0131 i\u00e7in \u015fimdi turfanda zevkine sahip<span class=\"excerpt-hellip\"> [\u2026]<\/span><\/p>\n","protected":false},"featured_media":0,"template":"","meta":{"_monsterinsights_skip_tracking":false,"_monsterinsights_sitenote_active":false,"_monsterinsights_sitenote_note":"","_monsterinsights_sitenote_category":0},"product_brand":[],"product_cat":[12291,12509],"product_tag":[],"class_list":{"0":"post-712680","1":"product","2":"type-product","3":"status-publish","5":"product_cat-edebiyat","6":"product_cat-siir","7":"pa_cilt-ciltsiz","8":"pa_tur-kitap","9":"pa_yayinevi-yapi-kredi-yayinlari","10":"pa_yazar-oktay-rifat","12":"first","13":"instock","14":"sale","15":"shipping-taxable","16":"purchasable","17":"product-type-simple"},"_links":{"self":[{"href":"https:\/\/roveyayinevi.com.tr\/index.php\/wp-json\/wp\/v2\/product\/712680","targetHints":{"allow":["GET"]}}],"collection":[{"href":"https:\/\/roveyayinevi.com.tr\/index.php\/wp-json\/wp\/v2\/product"}],"about":[{"href":"https:\/\/roveyayinevi.com.tr\/index.php\/wp-json\/wp\/v2\/types\/product"}],"wp:attachment":[{"href":"https:\/\/roveyayinevi.com.tr\/index.php\/wp-json\/wp\/v2\/media?parent=712680"}],"wp:term":[{"taxonomy":"product_brand","embeddable":true,"href":"https:\/\/roveyayinevi.com.tr\/index.php\/wp-json\/wp\/v2\/product_brand?post=712680"},{"taxonomy":"product_cat","embeddable":true,"href":"https:\/\/roveyayinevi.com.tr\/index.php\/wp-json\/wp\/v2\/product_cat?post=712680"},{"taxonomy":"product_tag","embeddable":true,"href":"https:\/\/roveyayinevi.com.tr\/index.php\/wp-json\/wp\/v2\/product_tag?post=712680"}],"curies":[{"name":"wp","href":"https:\/\/api.w.org\/{rel}","templated":true}]}}