{"id":712666,"date":"2025-08-27T16:58:29","date_gmt":"2025-08-27T13:58:29","guid":{"rendered":"https:\/\/roveyayinevi.com.tr\/index.php\/urun\/askin-akli\/"},"modified":"2026-01-22T02:37:38","modified_gmt":"2026-01-21T23:37:38","slug":"askin-akli","status":"publish","type":"product","link":"https:\/\/roveyayinevi.com.tr\/index.php\/urun\/askin-akli\/","title":{"rendered":"A\u015fk\u0131n Akl\u0131"},"content":{"rendered":"<p>Dr. Sue Johnson\u2019\u0131n Ck Yay\u0131nevinde \u00e7\u0131kan ve her ikisi de Amerika\u2019da bestseller olan \u201cBana S\u0131k\u0131ca Sar\u0131l\u201d adl\u0131 eserinden sonra elinizdeki bu kitap yani \u201cA\u015fk\u0131n AKLI\u201d hem yak\u0131n ili\u015fkilerin\/a\u015fk ili\u015fkisinin bilimsel zeminini ortaya koymakta, hem de sorun ya\u015fayan \u00e7iftler ve \u00e7ift terapisi alan\u0131nda yetkinle\u015fmek isteyen profesyoneller i\u00e7in iyi bir ili\u015fkinin yarat\u0131lmas\u0131 s\u00fcrecinde  neler yap\u0131lmas\u0131n\u0131 g\u00f6steren bir rehber g\u00f6revi g\u00f6rmektedir. Do\u00e7. Dr. Cebrail K\u0131sa, Psikiyatr &amp; Psikoterapist  A\u015fk\u0131n hasretini \u00e7eker, yan\u0131p tutu\u015fur ve harekete ge\u00e7eriz. Bununla birlikte, a\u015fk\u0131 ger\u00e7ekten anlam\u0131\u015f de\u011filiz. Ona bir isim verdik, onun g\u00fcc\u00fcn\u00fc kabul ettik, g\u00f6rkemli ve ac\u0131 yanlar\u0131n\u0131 s\u0131ralad\u0131k. Ama h\u00e2l\u00e2 pek \u00e7ok bilinmezle kar\u015f\u0131 kar\u015f\u0131yay\u0131z: \u00c2\u015f\u0131k olman\u0131n, bir a\u015fk ili\u015fkisine sahip olman\u0131n anlam\u0131 nedir? Neden a\u015fk\u0131n pe\u015finden ko\u015far\u0131z? A\u015fk\u0131 ne bitirir? Ne s\u00fcrd\u00fcr\u00fcr? \u2022    \u0130nsan\u0131n ilk ve en \u00f6nemli i\u00e7g\u00fcd\u00fcs\u00fc ne seks ne de sald\u0131rganl\u0131kt\u0131r. Temas ve rahatlat\u0131c\u0131 ili\u015fki aray\u0131\u015f\u0131d\u0131r.  \u2022    Yeti\u015fkin a\u015fk ili\u015fkisi, t\u0131pk\u0131 anne \u00e7ocuk aras\u0131nda ili\u015fki gibi bir ba\u011flanma ili\u015fkisidir. \u2022    Tutkulu seks, g\u00fcvenli a\u015fka yol a\u00e7maz; aksine g\u00fcvenli ba\u011flanma tutkulu sekse \u2013ayr\u0131ca devaml\u0131l\u0131\u011f\u0131 olan bir sevgiye\u2013 yol a\u00e7ar.  \u2022    Duygusal ba\u011f\u0131ml\u0131l\u0131k, \u00e7ocuksu veya patolojik bir durum de\u011fildir; en b\u00fcy\u00fck g\u00fcc\u00fcm\u00fczd\u00fcr. \u2022    \u201cOlabilece\u011finizin en iyisi\u201d olmak sadece birine derinden ba\u011fl\u0131 oldu\u011funuzda m\u00fcmk\u00fcnd\u00fcr. G\u00f6rkemli yaln\u0131zl\u0131k, yaln\u0131zca gezegenler i\u00e7indir, insanlar i\u00e7in de\u011fil. \u2022    Bizler, bencil yarat\u0131lmad\u0131k; empatik varl\u0131klar olarak tasarland\u0131k. Ba\u015fkalar\u0131n\u0131n duygular\u0131n\u0131 hissetmek ve payla\u015fmak do\u011fal e\u011filimimizdir. Dr. Sue Johnson <\/p>\n","protected":false},"excerpt":{"rendered":"<p>Dr. Sue Johnson\u2019\u0131n Ck Yay\u0131nevinde \u00e7\u0131kan ve her ikisi de Amerika\u2019da bestseller olan \u201cBana S\u0131k\u0131ca Sar\u0131l\u201d adl\u0131 eserinden sonra elinizdeki bu kitap yani \u201cA\u015fk\u0131n AKLI\u201d hem<span class=\"excerpt-hellip\"> [\u2026]<\/span><\/p>\n","protected":false},"featured_media":0,"template":"","meta":{"_monsterinsights_skip_tracking":false,"_monsterinsights_sitenote_active":false,"_monsterinsights_sitenote_note":"","_monsterinsights_sitenote_category":0},"product_brand":[],"product_cat":[17502,13488],"product_tag":[],"class_list":{"0":"post-712666","1":"product","2":"type-product","3":"status-publish","5":"product_cat-cinsellik","6":"product_cat-toplum-ve-insan","7":"pa_cilt-ciltsiz","8":"pa_tur-kitap","9":"pa_yayinevi-ck-yayinevi","10":"pa_yazar-sue-johnson","12":"first","13":"instock","14":"sale","15":"shipping-taxable","16":"purchasable","17":"product-type-simple"},"_links":{"self":[{"href":"https:\/\/roveyayinevi.com.tr\/index.php\/wp-json\/wp\/v2\/product\/712666","targetHints":{"allow":["GET"]}}],"collection":[{"href":"https:\/\/roveyayinevi.com.tr\/index.php\/wp-json\/wp\/v2\/product"}],"about":[{"href":"https:\/\/roveyayinevi.com.tr\/index.php\/wp-json\/wp\/v2\/types\/product"}],"wp:attachment":[{"href":"https:\/\/roveyayinevi.com.tr\/index.php\/wp-json\/wp\/v2\/media?parent=712666"}],"wp:term":[{"taxonomy":"product_brand","embeddable":true,"href":"https:\/\/roveyayinevi.com.tr\/index.php\/wp-json\/wp\/v2\/product_brand?post=712666"},{"taxonomy":"product_cat","embeddable":true,"href":"https:\/\/roveyayinevi.com.tr\/index.php\/wp-json\/wp\/v2\/product_cat?post=712666"},{"taxonomy":"product_tag","embeddable":true,"href":"https:\/\/roveyayinevi.com.tr\/index.php\/wp-json\/wp\/v2\/product_tag?post=712666"}],"curies":[{"name":"wp","href":"https:\/\/api.w.org\/{rel}","templated":true}]}}