{"id":712665,"date":"2025-08-27T16:58:28","date_gmt":"2025-08-27T13:58:28","guid":{"rendered":"https:\/\/roveyayinevi.com.tr\/index.php\/urun\/duygu-odakli-cift-terapisti-olmak-calisma-kitabi\/"},"modified":"2026-01-29T02:37:58","modified_gmt":"2026-01-28T23:37:58","slug":"duygu-odakli-cift-terapisti-olmak-calisma-kitabi","status":"publish","type":"product","link":"https:\/\/roveyayinevi.com.tr\/index.php\/urun\/duygu-odakli-cift-terapisti-olmak-calisma-kitabi\/","title":{"rendered":"Duygu Odakl\u0131 \u00c7ift Terapisti Olmak (\u00c7al\u0131\u015fma Kitab\u0131)"},"content":{"rendered":"<p>\u201cA\u015fk ili\u015fkileri pazarl\u0131k de\u011filse, kazan\u00e7 ve kay\u0131p \u00fczerine yap\u0131lan konu\u015fma ve anla\u015fmalar nedir \u00f6yleyse?\u201d sorusuna cevap ararken birden \u201cA\u015fk ili\u015fkileri duygusal ba\u011flard\u0131r&#8230; A\u015fk i\u00e7in sebep bulamazs\u0131n\u0131z ya da pazarl\u0131k yapamazs\u0131n\u0131z. A\u015fk, duygusal bir yan\u0131tt\u0131r\u201d derken buldum kendimi. \u201cDuygu Odakl\u0131 \u00c7ift Terapisti Olmak \u2013\u00c7al\u0131\u015fma Kitab\u0131\u201dnda, Dr. Johnson, bir ili\u015fkiyi iyile\u015ftirmenin veya kurtarman\u0131n yolunun ula\u015f\u0131labilirlik, yan\u0131t vericilik ve ba\u011f kurmak oldu\u011funu s\u00f6ylemektedir. Dr. Sue Johnson \u201cDuygu Odakl\u0131 \u00c7ift Terapisti Olmak \u2013 \u00c7al\u0131\u015fma Kitab\u0131\u201dnda, yak\u0131n ili\u015fki terapisi ayr\u0131nt\u0131l\u0131 vaka uygulamalar\u0131 ile \u00f6rneklendirilmi\u015ftir. Kitab\u0131 okumak isteyen ki\u015fi ve psikoterapistler ile alan\u0131n uzmanlar\u0131na, \u00e7ift terapisinin her basama\u011f\u0131nda, neler yap\u0131lmas\u0131 gerekti\u011fine y\u00f6nelik kolay izlenecek bir algoritma sunulmaktad\u0131r. Bu kitab\u0131 okuyan herkes, muhtemelen ili\u015fkisinde ve \u00f6zellikle de psikoterapistler ile alan\u0131n uzmanlar\u0131, meslek ya\u015fant\u0131lar\u0131nda Duygu Odakl\u0131 \u00c7ift Terapisi uygulamas\u0131nda kendi yolunu \u00e7izecek ve bu modele kendi tarz\u0131yla g\u00fc\u00e7l\u00fc y\u00f6nlerini ta\u015f\u0131yacakt\u0131r.  Do\u00e7. Dr. Cebrail K\u0131sa <\/p>\n","protected":false},"excerpt":{"rendered":"<p>\u201cA\u015fk ili\u015fkileri pazarl\u0131k de\u011filse, kazan\u00e7 ve kay\u0131p \u00fczerine yap\u0131lan konu\u015fma ve anla\u015fmalar nedir \u00f6yleyse?\u201d sorusuna cevap ararken birden \u201cA\u015fk ili\u015fkileri duygusal ba\u011flard\u0131r&#8230; A\u015fk i\u00e7in sebep bulamazs\u0131n\u0131z<span class=\"excerpt-hellip\"> [\u2026]<\/span><\/p>\n","protected":false},"featured_media":0,"template":"","meta":{"_monsterinsights_skip_tracking":false,"_monsterinsights_sitenote_active":false,"_monsterinsights_sitenote_note":"","_monsterinsights_sitenote_category":0},"product_brand":[],"product_cat":[17502,13488],"product_tag":[],"class_list":{"0":"post-712665","1":"product","2":"type-product","3":"status-publish","5":"product_cat-cinsellik","6":"product_cat-toplum-ve-insan","7":"pa_cilt-ciltsiz","8":"pa_tur-kitap","9":"pa_yayinevi-ck-yayinevi","10":"pa_yazar-susan-m-johnson","12":"first","13":"instock","14":"sale","15":"shipping-taxable","16":"purchasable","17":"product-type-simple"},"_links":{"self":[{"href":"https:\/\/roveyayinevi.com.tr\/index.php\/wp-json\/wp\/v2\/product\/712665","targetHints":{"allow":["GET"]}}],"collection":[{"href":"https:\/\/roveyayinevi.com.tr\/index.php\/wp-json\/wp\/v2\/product"}],"about":[{"href":"https:\/\/roveyayinevi.com.tr\/index.php\/wp-json\/wp\/v2\/types\/product"}],"wp:attachment":[{"href":"https:\/\/roveyayinevi.com.tr\/index.php\/wp-json\/wp\/v2\/media?parent=712665"}],"wp:term":[{"taxonomy":"product_brand","embeddable":true,"href":"https:\/\/roveyayinevi.com.tr\/index.php\/wp-json\/wp\/v2\/product_brand?post=712665"},{"taxonomy":"product_cat","embeddable":true,"href":"https:\/\/roveyayinevi.com.tr\/index.php\/wp-json\/wp\/v2\/product_cat?post=712665"},{"taxonomy":"product_tag","embeddable":true,"href":"https:\/\/roveyayinevi.com.tr\/index.php\/wp-json\/wp\/v2\/product_tag?post=712665"}],"curies":[{"name":"wp","href":"https:\/\/api.w.org\/{rel}","templated":true}]}}