{"id":712651,"date":"2025-08-27T16:58:20","date_gmt":"2025-08-27T13:58:20","guid":{"rendered":"https:\/\/roveyayinevi.com.tr\/index.php\/urun\/cogito-sayi-47-48-derrida-yasami-yeniden-dusunurken\/"},"modified":"2026-04-16T02:21:04","modified_gmt":"2026-04-15T23:21:04","slug":"cogito-sayi-47-48-derrida-yasami-yeniden-dusunurken","status":"publish","type":"product","link":"https:\/\/roveyayinevi.com.tr\/index.php\/urun\/cogito-sayi-47-48-derrida-yasami-yeniden-dusunurken\/","title":{"rendered":"Cogito Say\u0131: 47 &#8211; 48 Derrida: Ya\u015fam\u0131 Yeniden D\u00fc\u015f\u00fcn\u00fcrken"},"content":{"rendered":"<p>Cogito&#8217;dan &#8211; Derrida&#8217;yla Ya\u015fam\u0131 Yeniden D\u00fc\u015f\u00fcn\u00fcrken Zeynep Direk &#8211; Giri\u015f Jacques Derrida &#8211; \u0130stanbul Mektubu Jacques Derrida, Giovanna Borradori &#8211; Otoimm\u00fcnite: Ger\u00e7ek ve Simgesel \u0130ntiharlar Jacques Derrida &#8211; \u015eiddet ve Metafizik Jacques Derrida &#8211; \u0130sim Hari\u00e7 (Post-Scriptum) Jacques Derrida &#8211; &#8220;Kendime Kar\u015f\u0131 Sava\u015ftay\u0131m&#8221; Leonard Lawlor &#8211; Bu Yeterli De\u011fil: Derrida&#8217;da Hayvanlar Sorunu &#8220;This is Not Sufficient: The Question of Animals in Derrida&#8221; Zeynep Direk &#8211; Derrida ve Sorumluluk Olarak Avrupa Fikri Recep Alpya\u011f\u0131l &#8211; &#8220;Marrano&#8221; Derrida, &#8220;Morisko&#8221; \u0130bn Arabi Michael Naas &#8211; &#8220;Alors, qui \u00eates-vous?&#8221; Jacques Derrida ve Konukseverlik Sorusu Ahmet Soysal &#8211; Derrida: \u0130z ve Yokluk Eddo Evink &#8211; Patocka ve Derrida: Sorumluluk \u00dczerine Esra Akcan &#8211; Metafizi\u011fin Kalesi Hakk\u0131nda D\u00fc\u015f\u00fcnmek R. Levent Aysever &#8211; Derrida ve S\u00f6z Edimleri Kuram\u0131 Barry Stocker &#8211; Derrida Eti\u011finde \u00c7eli\u015fki, A\u015fk\u0131nl\u0131k ve \u00d6znellik Contradiction, Transcendence and Subjectivity in Derrida&#8217;s Ethics Zafer Aracag\u00f6k &#8211; Derrida Nietzsche ve Sevim Burak\/ Birka\u00e7 \u015eemsiye \u00dcst\u00fcne Nil G\u00f6ksel &#8211; Unutma, Parodi ve \u0130roni Jacques Derrida (1930-2004) Jacques Derrida Bibliyografyas\u0131 T\u00fcrk\u00e7ede Derrida Bibliyografyas\u0131 <\/p>\n","protected":false},"excerpt":{"rendered":"<p>Cogito&#8217;dan &#8211; Derrida&#8217;yla Ya\u015fam\u0131 Yeniden D\u00fc\u015f\u00fcn\u00fcrken Zeynep Direk &#8211; Giri\u015f Jacques Derrida &#8211; \u0130stanbul Mektubu Jacques Derrida, Giovanna Borradori &#8211; Otoimm\u00fcnite: Ger\u00e7ek ve Simgesel \u0130ntiharlar Jacques<span class=\"excerpt-hellip\"> [\u2026]<\/span><\/p>\n","protected":false},"featured_media":0,"template":"","meta":{"_monsterinsights_skip_tracking":false,"_monsterinsights_sitenote_active":false,"_monsterinsights_sitenote_note":"","_monsterinsights_sitenote_category":0},"product_brand":[],"product_cat":[19460,13527],"product_tag":[],"class_list":{"0":"post-712651","1":"product","2":"type-product","3":"status-publish","5":"product_cat-felsefe-sureli-yayinlar","6":"product_cat-sureli-yayinlar","7":"pa_cilt-ciltsiz","8":"pa_tur-dergi","9":"pa_yayinevi-yapi-kredi-yayinlari-dergi","10":"pa_yazar-kollektif","12":"first","13":"instock","14":"sale","15":"shipping-taxable","16":"purchasable","17":"product-type-simple"},"_links":{"self":[{"href":"https:\/\/roveyayinevi.com.tr\/index.php\/wp-json\/wp\/v2\/product\/712651","targetHints":{"allow":["GET"]}}],"collection":[{"href":"https:\/\/roveyayinevi.com.tr\/index.php\/wp-json\/wp\/v2\/product"}],"about":[{"href":"https:\/\/roveyayinevi.com.tr\/index.php\/wp-json\/wp\/v2\/types\/product"}],"wp:attachment":[{"href":"https:\/\/roveyayinevi.com.tr\/index.php\/wp-json\/wp\/v2\/media?parent=712651"}],"wp:term":[{"taxonomy":"product_brand","embeddable":true,"href":"https:\/\/roveyayinevi.com.tr\/index.php\/wp-json\/wp\/v2\/product_brand?post=712651"},{"taxonomy":"product_cat","embeddable":true,"href":"https:\/\/roveyayinevi.com.tr\/index.php\/wp-json\/wp\/v2\/product_cat?post=712651"},{"taxonomy":"product_tag","embeddable":true,"href":"https:\/\/roveyayinevi.com.tr\/index.php\/wp-json\/wp\/v2\/product_tag?post=712651"}],"curies":[{"name":"wp","href":"https:\/\/api.w.org\/{rel}","templated":true}]}}

Cogito Sayı: 47 &#8211; 48 Derrida: Yaşamı Yeniden Düşünürken

<p>Cogito&#8217;dan &#8211; Derrida&#8217;yla Yaşamı Yeniden Düşünürken Zeynep Direk &#8211; Giriş Jacques Derrida &#8211; İstanbul Mektubu Jacques Derrida, Giovanna Borradori &#8211; Otoimmünite: Gerçek ve Simgesel İntiharlar Jacques Derrida &#8211; Şiddet ve Metafizik Jacques Derrida &#8211; İsim Hariç (Post-Scriptum) Jacques Derrida &#8211; &#8220;Kendime Karşı Savaştayım&#8221; Leonard Lawlor &#8211; Bu Yeterli Değil: Derrida&#8217;da Hayvanlar Sorunu &#8220;This is Not Sufficient: The Question of Animals in Derrida&#8221; Zeynep Direk &#8211; Derrida ve Sorumluluk Olarak Avrupa Fikri Recep Alpyağıl &#8211; &#8220;Marrano&#8221; Derrida, &#8220;Morisko&#8221; İbn Arabi Michael Naas &#8211; &#8220;Alors, qui êtes-vous?&#8221; Jacques Derrida ve Konukseverlik Sorusu Ahmet Soysal &#8211; Derrida: İz ve Yokluk Eddo Evink &#8211; Patocka ve Derrida: Sorumluluk Üzerine Esra Akcan &#8211; Metafiziğin Kalesi Hakkında Düşünmek R. Levent Aysever &#8211; Derrida ve Söz Edimleri Kuramı Barry Stocker &#8211; Derrida Etiğinde Çelişki, Aşkınlık ve Öznellik Contradiction, Transcendence and Subjectivity in Derrida&#8217;s Ethics Zafer Aracagök &#8211; Derrida Nietzsche ve Sevim Burak/ Birkaç Şemsiye Üstüne Nil Göksel &#8211; Unutma, Parodi ve İroni Jacques Derrida (1930-2004) Jacques Derrida Bibliyografyası Türkçede Derrida Bibliyografyası </p>

<p>Cogito&#8217;dan &#8211; Derrida&#8217;yla Yaşamı Yeniden Düşünürken Zeynep Direk &#8211; Giriş Jacques Derrida &#8211; İstanbul Mektubu Jacques Derrida, Giovanna Borradori &#8211; Otoimmünite: Gerçek ve Simgesel İntiharlar Jacques<span class="excerpt-hellip"> […]</span></p>
