{"id":712649,"date":"2025-08-27T16:58:19","date_gmt":"2025-08-27T13:58:19","guid":{"rendered":"https:\/\/roveyayinevi.com.tr\/index.php\/urun\/cogito-sayi-17-bizans\/"},"modified":"2026-04-16T02:21:04","modified_gmt":"2026-04-15T23:21:04","slug":"cogito-sayi-17-bizans","status":"publish","type":"product","link":"https:\/\/roveyayinevi.com.tr\/index.php\/urun\/cogito-sayi-17-bizans\/","title":{"rendered":"Cogito Say\u0131: 17 Bizans"},"content":{"rendered":"<p>Bir Bizans Klasi\u011fi Aziz Basileios &#8211; Yunan Edebiyat\u0131n\u0131n Nas\u0131l Okunaca\u011f\u0131 Konusunda Gen\u00e7lere S\u00f6ylev Haritada Bizans&#8217;\u0131 Aramak Speros Vryonis &#8211; Bir D\u00fcnya Uygarl\u0131\u011f\u0131: Bizans Georg Ostrogorsky &#8211; Bizans \u0130mparatoru ve Hiyerar\u015fik D\u00fcnya D\u00fczeni Viz\u00f6rden Bizans: Haritalarla D\u00fc\u015f\u00fcnmek Bizans&#8217;ta Ya\u015famak \u00d6nay S\u00f6zer &#8211; Yaln\u0131z Ya\u015fama Reddiye ya da Theophanes Evelyne Patlagean &#8211; Yoksullar Alice-Mary Talbot &#8211; Bizans Manast\u0131r Sistemine Giri\u015f Angeliki E. Laiou &#8211; Arzu, A\u015fk ve Delilik: Bizansl\u0131lar\u0131n G\u00f6z\u00fcyle Cinsel \u0130li\u015fkiler Robert Browning &#8211; Bizans Toplumunda Okuryazarl\u0131k \u00dczerine Bir Kez Daha D\u00fc\u015f\u00fcnmek Tufan Turanl\u0131 &#8211; Kaptan Georgios ve Gemisi Nevra Necipo\u011flu &#8211; 15. Y\u00fczy\u0131l\u0131n \u0130lk Yar\u0131s\u0131nda Konstantinopolis&#8217;te Osmanl\u0131 Tacirleri Samih Rifat &#8211; Sekiz Y\u00fczy\u0131ll\u0131k Bir Tan\u0131kl\u0131k: Aleksiad Ayfer Tun\u00e7 &#8211; &#8220;Titre G\u00fcne\u015f! Yery\u00fcz\u00fc A\u011fla! \u00c7\u00fcnk\u00fc \u015eehir Fethedildi!&#8221; Ihor Sevcenko &#8211; Entelekt\u00fcellerinin G\u00f6z\u00fcyle Bizans&#8217;\u0131n \u00c7\u00f6k\u00fc\u015f\u00fc Bizans&#8217;\u0131n G\u00f6z\u00fcyle T\u00fcrkler \/ Osmanl\u0131&#8217;n\u0131n G\u00f6z\u00fcyle Bizans Stefanos Yerasimos &#8211; A\u011fa\u00e7tan Elmaya: Apokaliptik Bir Teman\u0131n Soya\u011fac\u0131 Melek Delilba\u015f\u0131 &#8211; T\u00fcrk Tarihinin Bizans Kaynaklar\u0131 Michael Ursinus &#8211; Ge\u00e7 D\u00f6nem Osmanl\u0131 Tarih Yaz\u0131m\u0131nda Bizans Tarihi Michael Ursinus &#8211; &#8220;Der Schlechteste Staat&#8221;: Ahmed Midhat Efendi&#8217;nin (1844-1913) Bizans Kurumlar\u0131 Hakk\u0131nda G\u00f6r\u00fc\u015fleri Bizans: Nas\u0131l Okundu, Neden Okunmad\u0131? Orhan Duru &#8211; Bizans \u015ea\u015f\u0131rt\u0131yor Do\u011fan Kuban, Aykut K\u00f6ksal, Ayla \u00d6dekan, U\u011fur Tanyeli, Stefanos Yerasimos &#8211; Bizans&#8217;\u0131n Miras\u0131 \u00dczerine Tart\u0131\u015fma Murat Belge &#8211; Obadan Kubbeye: Tarih Yaz\u0131m\u0131nda Bir Ekol Cyril Mango \u0130le S\u00f6yle\u015fi &#8211; Bizans, Tarih ve K\u00fclt\u00fcr \u00dczerine \ufffcTan\u0131t\u0131m Metni<\/p>\n","protected":false},"excerpt":{"rendered":"<p>Bir Bizans Klasi\u011fi Aziz Basileios &#8211; Yunan Edebiyat\u0131n\u0131n Nas\u0131l Okunaca\u011f\u0131 Konusunda Gen\u00e7lere S\u00f6ylev Haritada Bizans&#8217;\u0131 Aramak Speros Vryonis &#8211; Bir D\u00fcnya Uygarl\u0131\u011f\u0131: Bizans Georg Ostrogorsky &#8211;<span class=\"excerpt-hellip\"> [\u2026]<\/span><\/p>\n","protected":false},"featured_media":0,"template":"","meta":{"_monsterinsights_skip_tracking":false,"_monsterinsights_sitenote_active":false,"_monsterinsights_sitenote_note":"","_monsterinsights_sitenote_category":0},"product_brand":[],"product_cat":[12305,12304],"product_tag":[],"class_list":{"0":"post-712649","1":"product","2":"type-product","3":"status-publish","5":"product_cat-dunya-tarihi","6":"product_cat-tarih","7":"pa_cilt-ciltsiz","8":"pa_tur-dergi","9":"pa_yayinevi-yapi-kredi-yayinlari-dergi","10":"pa_yazar-kollektif","12":"first","13":"instock","14":"sale","15":"shipping-taxable","16":"purchasable","17":"product-type-simple"},"_links":{"self":[{"href":"https:\/\/roveyayinevi.com.tr\/index.php\/wp-json\/wp\/v2\/product\/712649","targetHints":{"allow":["GET"]}}],"collection":[{"href":"https:\/\/roveyayinevi.com.tr\/index.php\/wp-json\/wp\/v2\/product"}],"about":[{"href":"https:\/\/roveyayinevi.com.tr\/index.php\/wp-json\/wp\/v2\/types\/product"}],"wp:attachment":[{"href":"https:\/\/roveyayinevi.com.tr\/index.php\/wp-json\/wp\/v2\/media?parent=712649"}],"wp:term":[{"taxonomy":"product_brand","embeddable":true,"href":"https:\/\/roveyayinevi.com.tr\/index.php\/wp-json\/wp\/v2\/product_brand?post=712649"},{"taxonomy":"product_cat","embeddable":true,"href":"https:\/\/roveyayinevi.com.tr\/index.php\/wp-json\/wp\/v2\/product_cat?post=712649"},{"taxonomy":"product_tag","embeddable":true,"href":"https:\/\/roveyayinevi.com.tr\/index.php\/wp-json\/wp\/v2\/product_tag?post=712649"}],"curies":[{"name":"wp","href":"https:\/\/api.w.org\/{rel}","templated":true}]}}