{"id":712647,"date":"2025-08-27T16:58:18","date_gmt":"2025-08-27T13:58:18","guid":{"rendered":"https:\/\/roveyayinevi.com.tr\/index.php\/urun\/cogito-sayi-33-wittgenstein-sessizligin-grameri\/"},"modified":"2026-04-16T02:21:04","modified_gmt":"2026-04-15T23:21:04","slug":"cogito-sayi-33-wittgenstein-sessizligin-grameri","status":"publish","type":"product","link":"https:\/\/roveyayinevi.com.tr\/index.php\/urun\/cogito-sayi-33-wittgenstein-sessizligin-grameri\/","title":{"rendered":"Cogito Say\u0131 33 &#8211; Wittgenstein: Sessizli\u011fin Grameri"},"content":{"rendered":"<p>\u0130\u00e7indekiler; Wittgenstein`\u0131n Analitik Geometrisi Hans Sluga: Ludwig Wittgenstein: Hayat\u0131 ve Yap\u0131tlar\u0131 \u00d6mer Naci Soykan: Wittgenstein Felsefesi: Temel Kavram ve Sorunlar Robert J. Fogelin: Wittgenstein`\u0131n Felsefe Ele\u015ftirisi Newton Garver: Gramer Olarak Felsefe Christopher Coope: Wittgenstein`\u0131n Bilgi Kuram\u0131 Paul Feyerabend: Wittgenstein`\u0131n Felsefi Ara\u015ft\u0131rmalar`\u0131 \u0130lham Dilman: Wittgenstein`da Ruh Kavram\u0131 David Bloor: Kurumlar Olarak Kurallar Nuri Sa\u011flam: Dildeki \u00c7\u00f6z\u00fclmenin Sa\u011falt\u0131c\u0131 Etkileri Levent \u015eent\u00fcrk: Kundmanngasse Roland Jaccard: Wittgenstein`\u0131 Sevmek \u0130\u00e7in 50 Neden Oets Kolk Bouwsma: Konu\u015fmalar Ludwig Wittgenstein: Kesinlik \u00dczerine`den David G. Stern: Wittgenstein Felsefesinin Ula\u015f\u0131labilirli\u011fi T\u00fcrk\u00e7ede Wittgenstein Bibliyografyas\u0131 Ge\u00e7en Say\u0131dakiler: Say\u0131 32: Hayvan: \u0130mge, Simge, Ger\u00e7eklik Yazarlar Hakk\u0131nda \ufffcTan\u0131t\u0131m Metni<\/p>\n","protected":false},"excerpt":{"rendered":"<p>\u0130\u00e7indekiler; Wittgenstein`\u0131n Analitik Geometrisi Hans Sluga: Ludwig Wittgenstein: Hayat\u0131 ve Yap\u0131tlar\u0131 \u00d6mer Naci Soykan: Wittgenstein Felsefesi: Temel Kavram ve Sorunlar Robert J. Fogelin: Wittgenstein`\u0131n Felsefe Ele\u015ftirisi<span class=\"excerpt-hellip\"> [\u2026]<\/span><\/p>\n","protected":false},"featured_media":0,"template":"","meta":{"_monsterinsights_skip_tracking":false,"_monsterinsights_sitenote_active":false,"_monsterinsights_sitenote_note":"","_monsterinsights_sitenote_category":0},"product_brand":[],"product_cat":[19460,13527],"product_tag":[],"class_list":{"0":"post-712647","1":"product","2":"type-product","3":"status-publish","5":"product_cat-felsefe-sureli-yayinlar","6":"product_cat-sureli-yayinlar","7":"pa_cilt-ciltsiz","8":"pa_tur-dergi","9":"pa_yayinevi-yapi-kredi-yayinlari-dergi","10":"pa_yazar-kollektif","12":"first","13":"instock","14":"sale","15":"shipping-taxable","16":"purchasable","17":"product-type-simple"},"_links":{"self":[{"href":"https:\/\/roveyayinevi.com.tr\/index.php\/wp-json\/wp\/v2\/product\/712647","targetHints":{"allow":["GET"]}}],"collection":[{"href":"https:\/\/roveyayinevi.com.tr\/index.php\/wp-json\/wp\/v2\/product"}],"about":[{"href":"https:\/\/roveyayinevi.com.tr\/index.php\/wp-json\/wp\/v2\/types\/product"}],"wp:attachment":[{"href":"https:\/\/roveyayinevi.com.tr\/index.php\/wp-json\/wp\/v2\/media?parent=712647"}],"wp:term":[{"taxonomy":"product_brand","embeddable":true,"href":"https:\/\/roveyayinevi.com.tr\/index.php\/wp-json\/wp\/v2\/product_brand?post=712647"},{"taxonomy":"product_cat","embeddable":true,"href":"https:\/\/roveyayinevi.com.tr\/index.php\/wp-json\/wp\/v2\/product_cat?post=712647"},{"taxonomy":"product_tag","embeddable":true,"href":"https:\/\/roveyayinevi.com.tr\/index.php\/wp-json\/wp\/v2\/product_tag?post=712647"}],"curies":[{"name":"wp","href":"https:\/\/api.w.org\/{rel}","templated":true}]}}