{"id":712645,"date":"2025-08-27T16:58:17","date_gmt":"2025-08-27T13:58:17","guid":{"rendered":"https:\/\/roveyayinevi.com.tr\/index.php\/urun\/ahlak-mektuplari\/"},"modified":"2026-04-16T02:21:04","modified_gmt":"2026-04-15T23:21:04","slug":"ahlak-mektuplari","status":"publish","type":"product","link":"https:\/\/roveyayinevi.com.tr\/index.php\/urun\/ahlak-mektuplari\/","title":{"rendered":"Ahlak Mektuplar\u0131"},"content":{"rendered":"<p>Seneca, mektuplar\u0131na Lucilius\u2019unu selamlayarak ba\u015flam\u0131\u015ft\u0131: Seneca Lucilio suo salutem! Fakat onun bu sesleni\u015fi sadece dostu Lucilius\u2019ta de\u011fil, iki bin y\u0131l boyunca bir\u00e7ok nesilde kar\u015f\u0131l\u0131k buldu. \u00d6yle ki, Ahlak Mektuplar\u0131, bir\u00e7ok b\u00fcy\u00fck kitab\u0131n, hatta Avrupa d\u00fc\u015f\u00fcncesinin kaynaklar\u0131 aras\u0131nda yer ald\u0131: \u201cFrans\u0131z Seneca\u201d olarak da adland\u0131r\u0131lan Montaigne\u2019in en \u00e7ok etkilendi\u011fi eser Ahlak Mektuplar\u0131\u2019yd\u0131. Erasmus, Seneca\u2019n\u0131n mektuplar\u0131n\u0131 ve yaz\u0131lar\u0131n\u0131 gururla yay\u0131mlad\u0131. Shakespeare, Marlowe, Bacon gibi bir\u00e7ok edebiyat devi Ahlak Mektuplar\u0131\u2019ndan beslendi. Aforoz edildi\u011finde t\u00fcm kitapl\u0131\u011f\u0131n\u0131 geride b\u0131rakmak zorunda kalan Spinoza\u2019n\u0131n yan\u0131na ald\u0131\u011f\u0131 Ahlak Mektuplar\u0131, Marx\u2019\u0131n Latin ve Yunan d\u00fc\u015f\u00fcncesine a\u00e7\u0131lan kap\u0131s\u0131 oldu. Y\u00fczy\u0131llar boyunca ya\u015fam, \u00f6l\u00fcm, dostluk, sanat, erdem, felsefe, Tanr\u0131, iyi ve k\u00f6t\u00fc, yaln\u0131zl\u0131k, iktidar gibi insan\u0131 ilgilendiren her konuda bir \u201cbilge\u201dye dan\u0131\u015fmak isteyen insanlar \u00f6ncelikle Ahlak Mektuplar\u0131\u2019na ba\u015fvurdu. Seneca\u2019n\u0131n \u00f6l\u00fcm\u00fcnden k\u0131sa bir s\u00fcre \u00f6nce kaleme ald\u0131\u011f\u0131 ve bug\u00fcn klasik edebiyat\u0131n ba\u015fyap\u0131t\u0131 say\u0131lan Ahlak Mektuplar\u0131\u2019n\u0131 T\u00fcrk\u00e2n Uzel Latince asl\u0131ndan \u00e7evirdi. \u201cAh, kimi insanlar i\u00e7in bir yerden de\u011fil, \u00f6nce kendilerinden ka\u00e7abilmeleri ne b\u00fcy\u00fck bir mutluluk olurdu! Onlar kendilerine y\u00fck olmu\u015flard\u0131r; endi\u015fe, tela\u015f ve korku i\u00e7indedirler. Denizleri a\u015fmak, kentten kente dolanmak neye yarar? Seni h\u0131rpalayan k\u00f6t\u00fcl\u00fcklerden ka\u00e7\u0131nmak istiyorsan ba\u015fka yerde de\u011fil, ba\u015fka biri olmal\u0131s\u0131n. Her g\u00fcn, her saat de\u011fi\u015ftiriyor seni. Ne var ki kimi \u015feylerde bu ya\u011fma daha kolay ortaya \u00e7\u0131k\u0131yor; sendekilerse gizlice olup bitiyor, a\u00e7\u0131kta olmuyor. Kimi \u015feyler s\u00fcr\u00fcl\u00fcp g\u00f6t\u00fcr\u00fcl\u00fcyor, bizler de fark edilmeden \u00e7al\u0131n\u0131yoruz kendimizden. Bunlardan hi\u00e7birini d\u00fc\u015f\u00fcnmeyeceksin, yaralar\u0131na merhem s\u00fcrmeyeceksin de, kimi \u015feyleri umut ederek, kimi \u015feylerden umut keserek kendine yeni kayg\u0131 nedenleri yaratacaks\u0131n, \u00f6yle mi? Akl\u0131n varsa \u00fcretti\u011fin duygular\u0131n birini \u00f6tekine kat. Umudun umutsuzlukla, umutsuzlu\u011fun umutla birlikte olsun.\u201d <\/p>\n","protected":false},"excerpt":{"rendered":"<p>Seneca, mektuplar\u0131na Lucilius\u2019unu selamlayarak ba\u015flam\u0131\u015ft\u0131: Seneca Lucilio suo salutem! Fakat onun bu sesleni\u015fi sadece dostu Lucilius\u2019ta de\u011fil, iki bin y\u0131l boyunca bir\u00e7ok nesilde kar\u015f\u0131l\u0131k buldu. \u00d6yle<span class=\"excerpt-hellip\"> [\u2026]<\/span><\/p>\n","protected":false},"featured_media":0,"template":"","meta":{"_monsterinsights_skip_tracking":false,"_monsterinsights_sitenote_active":false,"_monsterinsights_sitenote_note":"","_monsterinsights_sitenote_category":0},"product_brand":[],"product_cat":[12388,13555],"product_tag":[],"class_list":{"0":"post-712645","1":"product","2":"type-product","3":"status-publish","5":"product_cat-felsefe","6":"product_cat-genel-felsefe","7":"pa_cilt-ciltsiz","8":"pa_tur-kitap","9":"pa_yayinevi-jaguar-kitap","10":"pa_yazar-seneca","12":"first","13":"instock","14":"sale","15":"shipping-taxable","16":"purchasable","17":"product-type-simple"},"_links":{"self":[{"href":"https:\/\/roveyayinevi.com.tr\/index.php\/wp-json\/wp\/v2\/product\/712645","targetHints":{"allow":["GET"]}}],"collection":[{"href":"https:\/\/roveyayinevi.com.tr\/index.php\/wp-json\/wp\/v2\/product"}],"about":[{"href":"https:\/\/roveyayinevi.com.tr\/index.php\/wp-json\/wp\/v2\/types\/product"}],"wp:attachment":[{"href":"https:\/\/roveyayinevi.com.tr\/index.php\/wp-json\/wp\/v2\/media?parent=712645"}],"wp:term":[{"taxonomy":"product_brand","embeddable":true,"href":"https:\/\/roveyayinevi.com.tr\/index.php\/wp-json\/wp\/v2\/product_brand?post=712645"},{"taxonomy":"product_cat","embeddable":true,"href":"https:\/\/roveyayinevi.com.tr\/index.php\/wp-json\/wp\/v2\/product_cat?post=712645"},{"taxonomy":"product_tag","embeddable":true,"href":"https:\/\/roveyayinevi.com.tr\/index.php\/wp-json\/wp\/v2\/product_tag?post=712645"}],"curies":[{"name":"wp","href":"https:\/\/api.w.org\/{rel}","templated":true}]}}