{"id":712640,"date":"2025-08-27T16:58:14","date_gmt":"2025-08-27T13:58:14","guid":{"rendered":"https:\/\/roveyayinevi.com.tr\/index.php\/urun\/kuyuya-donen-yusuf\/"},"modified":"2026-04-16T02:21:04","modified_gmt":"2026-04-15T23:21:04","slug":"kuyuya-donen-yusuf","status":"publish","type":"product","link":"https:\/\/roveyayinevi.com.tr\/index.php\/urun\/kuyuya-donen-yusuf\/","title":{"rendered":"Kuyuya D\u00f6nen Yusuf"},"content":{"rendered":"<p>Ders notlar\u0131m\u0131z\u0131 y\u0131rtma vaktidir dostum\u0130\u00e7imde g\u00f6mle\u011fi arkadan y\u0131rt\u0131k bir yusufGitgide yakla\u015f\u0131yor kuyuya <\/p>\n","protected":false},"excerpt":{"rendered":"<p>Ders notlar\u0131m\u0131z\u0131 y\u0131rtma vaktidir dostum\u0130\u00e7imde g\u00f6mle\u011fi arkadan y\u0131rt\u0131k bir yusufGitgide yakla\u015f\u0131yor kuyuya<\/p>\n","protected":false},"featured_media":0,"template":"","meta":{"_monsterinsights_skip_tracking":false,"_monsterinsights_sitenote_active":false,"_monsterinsights_sitenote_note":"","_monsterinsights_sitenote_category":0},"product_brand":[],"product_cat":[12291,12509],"product_tag":[],"class_list":{"0":"post-712640","1":"product","2":"type-product","3":"status-publish","5":"product_cat-edebiyat","6":"product_cat-siir","7":"pa_cilt-ciltsiz","8":"pa_tur-kitap","9":"pa_yayinevi-timas-yayinlari","10":"pa_yazar-dincer-ates","12":"first","13":"instock","14":"sale","15":"shipping-taxable","16":"purchasable","17":"product-type-simple"},"_links":{"self":[{"href":"https:\/\/roveyayinevi.com.tr\/index.php\/wp-json\/wp\/v2\/product\/712640","targetHints":{"allow":["GET"]}}],"collection":[{"href":"https:\/\/roveyayinevi.com.tr\/index.php\/wp-json\/wp\/v2\/product"}],"about":[{"href":"https:\/\/roveyayinevi.com.tr\/index.php\/wp-json\/wp\/v2\/types\/product"}],"wp:attachment":[{"href":"https:\/\/roveyayinevi.com.tr\/index.php\/wp-json\/wp\/v2\/media?parent=712640"}],"wp:term":[{"taxonomy":"product_brand","embeddable":true,"href":"https:\/\/roveyayinevi.com.tr\/index.php\/wp-json\/wp\/v2\/product_brand?post=712640"},{"taxonomy":"product_cat","embeddable":true,"href":"https:\/\/roveyayinevi.com.tr\/index.php\/wp-json\/wp\/v2\/product_cat?post=712640"},{"taxonomy":"product_tag","embeddable":true,"href":"https:\/\/roveyayinevi.com.tr\/index.php\/wp-json\/wp\/v2\/product_tag?post=712640"}],"curies":[{"name":"wp","href":"https:\/\/api.w.org\/{rel}","templated":true}]}}