{"id":712637,"date":"2025-08-27T16:58:12","date_gmt":"2025-08-27T13:58:12","guid":{"rendered":"https:\/\/roveyayinevi.com.tr\/index.php\/urun\/yapabilirsin\/"},"modified":"2026-04-16T02:21:04","modified_gmt":"2026-04-15T23:21:04","slug":"yapabilirsin","status":"publish","type":"product","link":"https:\/\/roveyayinevi.com.tr\/index.php\/urun\/yapabilirsin\/","title":{"rendered":"Yapabilirsin"},"content":{"rendered":"<p>Bu kitapta, \u201chayallerinden yap\u0131lm\u0131\u015f bir hayat\u0131\u201d ya\u015fayan kad\u0131nlar\u0131 bulacaks\u0131n\u0131z. Onlar\u0131n cesaretle yo\u011furulmu\u015f hayatlar\u0131ndan, zihninize akacak motivasyon mineralleri size iyi gelecek. Kitab\u0131n yazar\u0131 da hayat\u0131n zorluklar\u0131n\u0131 azim, zeka ve estetikle a\u015fan bir kad\u0131n. Okuduk\u00e7a g\u00f6receksiniz ki, hak edilmi\u015f bir ba\u015far\u0131n\u0131n cinsiyeti yoktur! M\u00fcmin Sekman(Yazar) Baz\u0131 filmlerin, baz\u0131 kitaplar\u0131n bizi de\u011fi\u015ftirdi\u011fini biliriz. Kar\u015f\u0131m\u0131za ilk \u00f6nce belgesel olarak \u00e7\u0131kan Yapabilirsin, i\u015fte b\u00f6yleydi. Film bitti\u011finde 42 dakika \u00f6nceki ki\u015fi olmad\u0131\u011f\u0131m\u0131 hissetmi\u015ftim. Kad\u0131nlar\u0131n cesaret dolu enerjisini aktard\u0131\u011f\u0131 de\u011fi\u015fim duygusu \u00f6yle g\u00fc\u00e7l\u00fcyd\u00fc ki, \u201cBunu mutlaka bizim o\u011flanlar da izlemeli\u201d dedim i\u00e7imden. Ve zaman yitirmeden ikinci kez, bir de o\u011fullar\u0131mla izledim. Kitab\u0131 okuduktan sonra, ayn\u0131 duyguyu daha yo\u011fun ya\u015f\u0131yorsunuz. Yapabilirsin, de\u011fi\u015fim iste\u011fini tetikliyor&#8230; \u00c7i\u011fdem Toker (Cumhuriyet Gazetesi Yazar\u0131) <\/p>\n","protected":false},"excerpt":{"rendered":"<p>Bu kitapta, \u201chayallerinden yap\u0131lm\u0131\u015f bir hayat\u0131\u201d ya\u015fayan kad\u0131nlar\u0131 bulacaks\u0131n\u0131z. Onlar\u0131n cesaretle yo\u011furulmu\u015f hayatlar\u0131ndan, zihninize akacak motivasyon mineralleri size iyi gelecek. Kitab\u0131n yazar\u0131 da hayat\u0131n zorluklar\u0131n\u0131 azim,<span class=\"excerpt-hellip\"> [\u2026]<\/span><\/p>\n","protected":false},"featured_media":0,"template":"","meta":{"_monsterinsights_skip_tracking":false,"_monsterinsights_sitenote_active":false,"_monsterinsights_sitenote_note":"","_monsterinsights_sitenote_category":0},"product_brand":[],"product_cat":[12364,12376],"product_tag":[],"class_list":{"0":"post-712637","1":"product","2":"type-product","3":"status-publish","5":"product_cat-genel-konular","6":"product_cat-kisisel-gelisim","7":"pa_cilt-ciltsiz","8":"pa_tur-kitap","9":"pa_yayinevi-kara-karga-yayinlari","10":"pa_yazar-tuluhan-tekelioglu","12":"first","13":"instock","14":"sale","15":"shipping-taxable","16":"purchasable","17":"product-type-simple"},"_links":{"self":[{"href":"https:\/\/roveyayinevi.com.tr\/index.php\/wp-json\/wp\/v2\/product\/712637","targetHints":{"allow":["GET"]}}],"collection":[{"href":"https:\/\/roveyayinevi.com.tr\/index.php\/wp-json\/wp\/v2\/product"}],"about":[{"href":"https:\/\/roveyayinevi.com.tr\/index.php\/wp-json\/wp\/v2\/types\/product"}],"wp:attachment":[{"href":"https:\/\/roveyayinevi.com.tr\/index.php\/wp-json\/wp\/v2\/media?parent=712637"}],"wp:term":[{"taxonomy":"product_brand","embeddable":true,"href":"https:\/\/roveyayinevi.com.tr\/index.php\/wp-json\/wp\/v2\/product_brand?post=712637"},{"taxonomy":"product_cat","embeddable":true,"href":"https:\/\/roveyayinevi.com.tr\/index.php\/wp-json\/wp\/v2\/product_cat?post=712637"},{"taxonomy":"product_tag","embeddable":true,"href":"https:\/\/roveyayinevi.com.tr\/index.php\/wp-json\/wp\/v2\/product_tag?post=712637"}],"curies":[{"name":"wp","href":"https:\/\/api.w.org\/{rel}","templated":true}]}}