{"id":712622,"date":"2025-08-27T16:57:55","date_gmt":"2025-08-27T13:57:55","guid":{"rendered":"https:\/\/roveyayinevi.com.tr\/index.php\/urun\/ben-degeri-tiryakiligi\/"},"modified":"2026-04-16T02:21:04","modified_gmt":"2026-04-15T23:21:04","slug":"ben-degeri-tiryakiligi","status":"publish","type":"product","link":"https:\/\/roveyayinevi.com.tr\/index.php\/urun\/ben-degeri-tiryakiligi\/","title":{"rendered":"&#8221;Ben De\u011feri Tiryakili\u011fi&#8221;"},"content":{"rendered":"<p>A. Kadir \u00d6zer bu kitab\u0131nda, &#8220;Ben&#8221; de\u011feri tiryakili\u011finin d\u00fc\u015f\u00fcnce al\u0131\u015fkanl\u0131klar\u0131m\u0131za sinmi\u015f belirtilerini analiz edip \u00e7\u00f6z\u00fcmleyerek, duygusal gerilimlerle nas\u0131l ba\u015f edebilece\u011fimizin yollar\u0131n\u0131 g\u00f6stermektedir\u2026 <\/p>\n","protected":false},"excerpt":{"rendered":"<p>A. Kadir \u00d6zer bu kitab\u0131nda, &#8220;Ben&#8221; de\u011feri tiryakili\u011finin d\u00fc\u015f\u00fcnce al\u0131\u015fkanl\u0131klar\u0131m\u0131za sinmi\u015f belirtilerini analiz edip \u00e7\u00f6z\u00fcmleyerek, duygusal gerilimlerle nas\u0131l ba\u015f edebilece\u011fimizin yollar\u0131n\u0131 g\u00f6stermektedir\u2026<\/p>\n","protected":false},"featured_media":0,"template":"","meta":{"_monsterinsights_skip_tracking":false,"_monsterinsights_sitenote_active":false,"_monsterinsights_sitenote_note":"","_monsterinsights_sitenote_category":0},"product_brand":[],"product_cat":[20351,12388],"product_tag":[],"class_list":{"0":"post-712622","1":"product","2":"type-product","3":"status-publish","5":"product_cat-dusunce","6":"product_cat-felsefe","7":"pa_cilt-ciltsiz","8":"pa_tur-kitap","9":"pa_yayinevi-aura-kitaplari","10":"pa_yazar-a-kadir-ozer","12":"first","13":"instock","14":"sale","15":"shipping-taxable","16":"purchasable","17":"product-type-simple"},"_links":{"self":[{"href":"https:\/\/roveyayinevi.com.tr\/index.php\/wp-json\/wp\/v2\/product\/712622","targetHints":{"allow":["GET"]}}],"collection":[{"href":"https:\/\/roveyayinevi.com.tr\/index.php\/wp-json\/wp\/v2\/product"}],"about":[{"href":"https:\/\/roveyayinevi.com.tr\/index.php\/wp-json\/wp\/v2\/types\/product"}],"wp:attachment":[{"href":"https:\/\/roveyayinevi.com.tr\/index.php\/wp-json\/wp\/v2\/media?parent=712622"}],"wp:term":[{"taxonomy":"product_brand","embeddable":true,"href":"https:\/\/roveyayinevi.com.tr\/index.php\/wp-json\/wp\/v2\/product_brand?post=712622"},{"taxonomy":"product_cat","embeddable":true,"href":"https:\/\/roveyayinevi.com.tr\/index.php\/wp-json\/wp\/v2\/product_cat?post=712622"},{"taxonomy":"product_tag","embeddable":true,"href":"https:\/\/roveyayinevi.com.tr\/index.php\/wp-json\/wp\/v2\/product_tag?post=712622"}],"curies":[{"name":"wp","href":"https:\/\/api.w.org\/{rel}","templated":true}]}}