{"id":712615,"date":"2025-08-27T16:57:51","date_gmt":"2025-08-27T13:57:51","guid":{"rendered":"https:\/\/roveyayinevi.com.tr\/index.php\/urun\/bezmialem-valide-sultan\/"},"modified":"2026-04-16T02:21:03","modified_gmt":"2026-04-15T23:21:03","slug":"bezmialem-valide-sultan","status":"publish","type":"product","link":"https:\/\/roveyayinevi.com.tr\/index.php\/urun\/bezmialem-valide-sultan\/","title":{"rendered":"Bezmialem Valide Sultan"},"content":{"rendered":"<p>\u015eevketl\u00fb Meh\u00e2betl\u00fb N\u00fbrum ve N\u00fbr-\u0131 \u00e2lem-y\u00e2n Can\u0131mdan ve Ci\u011ferimden K\u0131ymetlim G\u00f6z\u00fcm Efendim\u015feklinde o\u011fluna hitap eden Sultan Abd\u00fclmecid\u2019in annesi, Sultan II. Mahmud\u2019un e\u015fi ve Sultan II. Abd\u00fclhamid, Sultan V. Murad, Sultan Re\u015fad ve Sultan Vahdettin\u2019in babaanneleri Bezmi\u00e2lem Valide Sultan\u2019\u0131n hususi hayat\u0131\u2026*  Bezmi\u00e2lem Valide Sultan Osmanl\u0131 haremine nas\u0131l girmi\u015fti?* Kad\u0131nefendili\u011fi s\u0131ras\u0131nda Osmanl\u0131 haremindeki stat\u00fcs\u00fc nas\u0131ld\u0131 ve Sultan Abd\u00fclmecid\u2019den ba\u015fka \u00e7ocuklar\u0131 var m\u0131yd\u0131?* Bezmi\u00e2lem Valide Sultan\u2019\u0131n manevi d\u00fcnyas\u0131n\u0131n \u00f6zellikleri nelerdi?* Valide Sultan\u2019\u0131n e\u011fitim alan\u0131ndaki hizmetleri ve \u00f6\u011frencilere deste\u011fi nas\u0131ld\u0131?* Valide Sultan\u2019\u0131n hususi k\u00fct\u00fcphanesinde ne t\u00fcr kitaplar bulunurdu?* Bezmi\u00e2lem Valide Sultan\u2019\u0131n mutfa\u011f\u0131nda pi\u015fen yemeklerin \u00e7e\u015fitleri, kullan\u0131lan malzemelerin ve sofra tak\u0131mlar\u0131n\u0131n \u00f6zellikleri nelerdi?* Osmanl\u0131 Devleti\u2019nde en \u00e7ok vak\u0131f yapt\u0131ran Valide Sultan olma \u00f6zelli\u011fini nas\u0131l kazanm\u0131\u015ft\u0131?* Bezmi\u00e2lem Valide Sultan\u2019\u0131n \u00f6zel ya\u015fant\u0131s\u0131ndaki zevkleri ve tercihleri nelerdi?* Padi\u015fah-Valide Sultan \u00f6zelinde anne-o\u011flu aras\u0131ndaki ili\u015fki nas\u0131ld\u0131? Sultan Abd\u00fclmecid annesine neden bu kadar d\u00fc\u015fk\u00fcnd\u00fc?* Bezmi\u00e2lem Valide Sultan\u2019a nas\u0131l bir cenaze t\u00f6reni yap\u0131lm\u0131\u015ft\u0131?Prof. Dr. Arzu Terzi, Bezmi\u00e2lem Valide Sultan ad\u0131n\u0131 verdi\u011fi ve yukar\u0131daki sorular\u0131 cevapland\u0131rd\u0131\u011f\u0131 bu \u00e7al\u0131\u015fmada, Osmanl\u0131 ar\u015fiv vesikalar\u0131n\u0131 kaynak al\u0131yor, elde etti\u011fi t\u00fcm bilgi ve verileri tablolarla g\u00fc\u00e7lendiriyor ve ak\u0131c\u0131 diliyle yine okurunun kar\u015f\u0131s\u0131na \u00e7\u0131k\u0131yor.\u0130lk defa her y\u00f6n\u00fcyle \u00f6rnek bir han\u0131m\u0131n, Bezmi\u00e2lem Valide Sultan\u2019\u0131n hayat hik\u00e2yesi\u2026 <\/p>\n","protected":false},"excerpt":{"rendered":"<p>\u015eevketl\u00fb Meh\u00e2betl\u00fb N\u00fbrum ve N\u00fbr-\u0131 \u00e2lem-y\u00e2n Can\u0131mdan ve Ci\u011ferimden K\u0131ymetlim G\u00f6z\u00fcm Efendim\u015feklinde o\u011fluna hitap eden Sultan Abd\u00fclmecid\u2019in annesi, Sultan II. Mahmud\u2019un e\u015fi ve Sultan II. Abd\u00fclhamid,<span class=\"excerpt-hellip\"> [\u2026]<\/span><\/p>\n","protected":false},"featured_media":0,"template":"","meta":{"_monsterinsights_skip_tracking":false,"_monsterinsights_sitenote_active":false,"_monsterinsights_sitenote_note":"","_monsterinsights_sitenote_category":0},"product_brand":[],"product_cat":[13517,12304],"product_tag":[],"class_list":{"0":"post-712615","1":"product","2":"type-product","3":"status-publish","5":"product_cat-osmanli-tarihi","6":"product_cat-tarih","7":"pa_cilt-ciltsiz","8":"pa_tur-kitap","9":"pa_yayinevi-timas-yayinlari","10":"pa_yazar-arzu-terzi","12":"first","13":"instock","14":"sale","15":"shipping-taxable","16":"purchasable","17":"product-type-simple"},"_links":{"self":[{"href":"https:\/\/roveyayinevi.com.tr\/index.php\/wp-json\/wp\/v2\/product\/712615","targetHints":{"allow":["GET"]}}],"collection":[{"href":"https:\/\/roveyayinevi.com.tr\/index.php\/wp-json\/wp\/v2\/product"}],"about":[{"href":"https:\/\/roveyayinevi.com.tr\/index.php\/wp-json\/wp\/v2\/types\/product"}],"wp:attachment":[{"href":"https:\/\/roveyayinevi.com.tr\/index.php\/wp-json\/wp\/v2\/media?parent=712615"}],"wp:term":[{"taxonomy":"product_brand","embeddable":true,"href":"https:\/\/roveyayinevi.com.tr\/index.php\/wp-json\/wp\/v2\/product_brand?post=712615"},{"taxonomy":"product_cat","embeddable":true,"href":"https:\/\/roveyayinevi.com.tr\/index.php\/wp-json\/wp\/v2\/product_cat?post=712615"},{"taxonomy":"product_tag","embeddable":true,"href":"https:\/\/roveyayinevi.com.tr\/index.php\/wp-json\/wp\/v2\/product_tag?post=712615"}],"curies":[{"name":"wp","href":"https:\/\/api.w.org\/{rel}","templated":true}]}}