{"id":712613,"date":"2025-08-27T16:57:50","date_gmt":"2025-08-27T13:57:50","guid":{"rendered":"https:\/\/roveyayinevi.com.tr\/index.php\/urun\/kemalizm-ve-tek-parti-donemi\/"},"modified":"2026-04-16T02:21:03","modified_gmt":"2026-04-15T23:21:03","slug":"kemalizm-ve-tek-parti-donemi","status":"publish","type":"product","link":"https:\/\/roveyayinevi.com.tr\/index.php\/urun\/kemalizm-ve-tek-parti-donemi\/","title":{"rendered":"Kemalizm ve Tek Parti D\u00f6nemi"},"content":{"rendered":"<p>Bu \u00e7al\u0131\u015fma, T\u00fcrkiye\u2019de tek-parti d\u00f6nemine (1923-46) ili\u015fkin literat\u00fcrdeki farkl\u0131 yakla\u015f\u0131mlara teorik ve metodolojik a\u00e7\u0131lardan bakmay\u0131, s\u00f6z konusu literat\u00fcrdeki \u00e7al\u0131\u015fmalar\u0131n kar\u015f\u0131la\u015ft\u0131rmal\u0131 bir analizini yaparak T\u00fcrkiye siyasi tarihinin bu kritik d\u00f6nemine y\u00f6nelik farkl\u0131 yakla\u015f\u0131mlar\u0131 tasnif etmeyi hedeflemektedir. Bu yap\u0131l\u0131rken, tek-parti d\u00f6neminin kurucu momentleri, akt\u00f6rleri, temel meseleleri ve tart\u0131\u015fmalar\u0131, incelenen her bir yakla\u015f\u0131m\u0131 temsil eden \u00e7e\u015fitli yazarlar\u0131n elde ettikleri bulgulara g\u00f6re okunmakta; bu bulgular\u0131 belirleyen genel yakla\u015f\u0131mlar, entelekt\u00fcel gelenekler ve y\u00f6ntemler irdelenmektedir. Tek-Parti d\u00f6nemi, T\u00fcrkiye\u2019nin modernle\u015fme s\u00fcrecinin h\u0131z kazand\u0131\u011f\u0131, toplumsal\/siyasal de\u011ferlerin ve geleneklerin, y\u00f6netici-y\u00f6neten ili\u015fkilerinin, siyasal kurumla\u015fman\u0131n, egemen kamu felsefesinin ve sistemin i\u015fleyi\u015f kurallar\u0131n\u0131n yeni ba\u015ftan kurulmaya \u00e7al\u0131\u015f\u0131ld\u0131\u011f\u0131 bir d\u00f6nemdir. Bu nedenle, bu d\u00f6nem uluslararas\u0131 ve yerli ara\u015ft\u0131rmac\u0131lar i\u00e7in, T\u00fcrk siyasal ya\u015fam\u0131n\u0131n bir b\u00fct\u00fcnl\u00fck i\u00e7inde anla\u015f\u0131lmas\u0131 ve a\u00e7\u0131klanmas\u0131 a\u00e7\u0131s\u0131ndan \u00f6nemli bir ara\u015ft\u0131rma alan\u0131n\u0131 olu\u015fturmaktad\u0131r. <\/p>\n","protected":false},"excerpt":{"rendered":"<p>Bu \u00e7al\u0131\u015fma, T\u00fcrkiye\u2019de tek-parti d\u00f6nemine (1923-46) ili\u015fkin literat\u00fcrdeki farkl\u0131 yakla\u015f\u0131mlara teorik ve metodolojik a\u00e7\u0131lardan bakmay\u0131, s\u00f6z konusu literat\u00fcrdeki \u00e7al\u0131\u015fmalar\u0131n kar\u015f\u0131la\u015ft\u0131rmal\u0131 bir analizini yaparak T\u00fcrkiye siyasi tarihinin<span class=\"excerpt-hellip\"> [\u2026]<\/span><\/p>\n","protected":false},"featured_media":0,"template":"","meta":{"_monsterinsights_skip_tracking":false,"_monsterinsights_sitenote_active":false,"_monsterinsights_sitenote_note":"","_monsterinsights_sitenote_category":0},"product_brand":[],"product_cat":[12304,13493],"product_tag":[],"class_list":{"0":"post-712613","1":"product","2":"type-product","3":"status-publish","5":"product_cat-tarih","6":"product_cat-turkiye-ve-cumhuriyet-tarihi","7":"pa_cilt-ciltsiz","8":"pa_tur-kitap","9":"pa_yayinevi-efil-yayinevi","10":"pa_yazar-ibrahim-saylan-erkan-dogan","12":"first","13":"instock","14":"sale","15":"shipping-taxable","16":"purchasable","17":"product-type-simple"},"_links":{"self":[{"href":"https:\/\/roveyayinevi.com.tr\/index.php\/wp-json\/wp\/v2\/product\/712613","targetHints":{"allow":["GET"]}}],"collection":[{"href":"https:\/\/roveyayinevi.com.tr\/index.php\/wp-json\/wp\/v2\/product"}],"about":[{"href":"https:\/\/roveyayinevi.com.tr\/index.php\/wp-json\/wp\/v2\/types\/product"}],"wp:attachment":[{"href":"https:\/\/roveyayinevi.com.tr\/index.php\/wp-json\/wp\/v2\/media?parent=712613"}],"wp:term":[{"taxonomy":"product_brand","embeddable":true,"href":"https:\/\/roveyayinevi.com.tr\/index.php\/wp-json\/wp\/v2\/product_brand?post=712613"},{"taxonomy":"product_cat","embeddable":true,"href":"https:\/\/roveyayinevi.com.tr\/index.php\/wp-json\/wp\/v2\/product_cat?post=712613"},{"taxonomy":"product_tag","embeddable":true,"href":"https:\/\/roveyayinevi.com.tr\/index.php\/wp-json\/wp\/v2\/product_tag?post=712613"}],"curies":[{"name":"wp","href":"https:\/\/api.w.org\/{rel}","templated":true}]}}