{"id":712610,"date":"2025-08-27T16:57:49","date_gmt":"2025-08-27T13:57:49","guid":{"rendered":"https:\/\/roveyayinevi.com.tr\/index.php\/urun\/casusun-mirasi\/"},"modified":"2026-04-16T02:21:03","modified_gmt":"2026-04-15T23:21:03","slug":"casusun-mirasi","status":"publish","type":"product","link":"https:\/\/roveyayinevi.com.tr\/index.php\/urun\/casusun-mirasi\/","title":{"rendered":"Casusun Miras\u0131"},"content":{"rendered":"<p>Casus romanlar\u0131 ustas\u0131 John Le Carr\u00e9\u2019nin unutulmaz kahraman\u0131 George Smiley, seneler sonra geri d\u00f6n\u00fcyor. Peter Guillam, emeklilik g\u00fcnlerini Bretagne\u2019da huzur i\u00e7inde ge\u00e7irirken \u0130ngiliz \u0130stihbarat\u2019\u0131 Circus\u2019tan bir mektup al\u0131r. Ge\u00e7mi\u015fin hayaletleri hesap sormaya gelmi\u015ftir. Zaman\u0131nda alk\u0131\u015flanan operasyonlar\u0131n; Alec Leamas, Jim Prideaux, Peter Guillam ve George Smiley gibi karakterlerin ba\u015f tac\u0131 yap\u0131ld\u0131\u011f\u0131 g\u00fcnlerin \u00fczerinden uzun zaman ge\u00e7mi\u015ftir. So\u011fuk Sava\u015f\u2019\u0131n ac\u0131mas\u0131z istihbarat sava\u015flar\u0131 ve gerek\u00e7eleri, o g\u00fcnleri ya\u015famam\u0131\u015f yeni nesil taraf\u0131ndan ho\u015f kar\u015f\u0131lanmayacak, masumlar\u0131n \u00f6l\u00fcm\u00fc i\u00e7in adalet aranacakt\u0131r. John Le Carr\u00e9\u2019nin, So\u011fuk Sava\u015f\u2019la bug\u00fcn\u00fc birlikte ele ald\u0131\u011f\u0131, So\u011fuktan Gelen Casus ve K\u00f6stebek gibi \u00f6nemli romanlar\u0131ndaki karakteri bir araya getirdi\u011fi son roman\u0131! \u201cZaman\u0131n\u0131n en \u00f6nde gelen casus yazar\u0131&#8230; \u00c7ok az yazar elli y\u0131l\u0131 a\u015fk\u0131n s\u00fcre birinci s\u0131n\u0131f romanlar yazabilir.\u201d  Washington Post \u201cNefes kesici ve etkileyici \u2013 efsaneye tatmin edici bir son!\u201d The Independent <\/p>\n","protected":false},"excerpt":{"rendered":"<p>Casus romanlar\u0131 ustas\u0131 John Le Carr\u00e9\u2019nin unutulmaz kahraman\u0131 George Smiley, seneler sonra geri d\u00f6n\u00fcyor. Peter Guillam, emeklilik g\u00fcnlerini Bretagne\u2019da huzur i\u00e7inde ge\u00e7irirken \u0130ngiliz \u0130stihbarat\u2019\u0131 Circus\u2019tan bir<span class=\"excerpt-hellip\"> [\u2026]<\/span><\/p>\n","protected":false},"featured_media":0,"template":"","meta":{"_monsterinsights_skip_tracking":false,"_monsterinsights_sitenote_active":false,"_monsterinsights_sitenote_note":"","_monsterinsights_sitenote_category":0},"product_brand":[],"product_cat":[12291,15445],"product_tag":[],"class_list":{"0":"post-712610","1":"product","2":"type-product","3":"status-publish","5":"product_cat-edebiyat","6":"product_cat-polisiye","7":"pa_cilt-ciltsiz","8":"pa_tur-kitap","9":"pa_yayinevi-kirmizi-kedi-yayinevi","10":"pa_yazar-john-le-carre","12":"first","13":"instock","14":"sale","15":"shipping-taxable","16":"purchasable","17":"product-type-simple"},"_links":{"self":[{"href":"https:\/\/roveyayinevi.com.tr\/index.php\/wp-json\/wp\/v2\/product\/712610","targetHints":{"allow":["GET"]}}],"collection":[{"href":"https:\/\/roveyayinevi.com.tr\/index.php\/wp-json\/wp\/v2\/product"}],"about":[{"href":"https:\/\/roveyayinevi.com.tr\/index.php\/wp-json\/wp\/v2\/types\/product"}],"wp:attachment":[{"href":"https:\/\/roveyayinevi.com.tr\/index.php\/wp-json\/wp\/v2\/media?parent=712610"}],"wp:term":[{"taxonomy":"product_brand","embeddable":true,"href":"https:\/\/roveyayinevi.com.tr\/index.php\/wp-json\/wp\/v2\/product_brand?post=712610"},{"taxonomy":"product_cat","embeddable":true,"href":"https:\/\/roveyayinevi.com.tr\/index.php\/wp-json\/wp\/v2\/product_cat?post=712610"},{"taxonomy":"product_tag","embeddable":true,"href":"https:\/\/roveyayinevi.com.tr\/index.php\/wp-json\/wp\/v2\/product_tag?post=712610"}],"curies":[{"name":"wp","href":"https:\/\/api.w.org\/{rel}","templated":true}]}}