{"id":712608,"date":"2025-08-27T16:57:48","date_gmt":"2025-08-27T13:57:48","guid":{"rendered":"https:\/\/roveyayinevi.com.tr\/index.php\/urun\/o-halde-biz-anlatalim\/"},"modified":"2026-04-16T02:21:03","modified_gmt":"2026-04-15T23:21:03","slug":"o-halde-biz-anlatalim","status":"publish","type":"product","link":"https:\/\/roveyayinevi.com.tr\/index.php\/urun\/o-halde-biz-anlatalim\/","title":{"rendered":"O Halde Biz Anlatal\u0131m"},"content":{"rendered":"<p>U\u011fur D\u00fcndar, film senaryolar\u0131ndan al\u0131nt\u0131 gibi g\u00f6r\u00fcnen ama t\u00fcm\u00fcyle ger\u00e7ek olaylardan ve an\u0131lar\u0131ndan hareketle, okurlar\u0131na O Halde Biz Anlatal\u0131m diyor. D\u00fcndar\u2019\u0131n S\u00f6zc\u00fc gazetesindeki pazar yaz\u0131lar\u0131ndan derlenen bir se\u00e7ki niteli\u011findeki O Halde Biz Anlatal\u0131m, d\u00fcn\u00fcn ve bug\u00fcn\u00fcn T\u00fcrkiyesi\u2019nden kesitler sunarak, bize bizi anlat\u0131yor. \u00dclkemizin en sevilen ve en g\u00fcvenilen gazetecisinin kaleminden, insanlar\u0131n kalpleriyle birlikte g\u0131dalar\u0131n da kirlenmemi\u015f oldu\u011fu y\u0131llara ve medyan\u0131n yozla\u015ft\u0131r\u0131ld\u0131\u011f\u0131 2010\u2019lara, k\u00e2h g\u00fcl\u00fcmseten k\u00e2h h\u00fcz\u00fcnlendiren bir bak\u0131\u015f\u2026  \u201cGazetecilik e\u011fer toplumun ger\u00e7ekleri \u00f6\u011frenme hakk\u0131 i\u00e7in yap\u0131l\u0131yorsa, d\u00fcnyan\u0131n her yan\u0131nda zor meslektir! T\u00fcrkiye gibi geli\u015fmekte olan \u00fclkelerde ise zor olman\u0131n yan\u0131 s\u0131ra, tehlikelerle doludur. Hele g\u00fcn\u00fcm\u00fcz T\u00fcrkiyesi\u2019nde!.. \u00c7\u00fcnk\u00fc iktidar, gazeteciden haber vermesini de\u011fil kendisini alk\u0131\u015flamas\u0131n\u0131 istiyor&#8230; Mesle\u011fimizin k\u00f6\u015fe ba\u015flar\u0131n\u0131 tutan ya\u011fdanl\u0131klar da, bu beklentiyi fazlas\u0131yla kar\u015f\u0131l\u0131yor. Ya\u011fdanl\u0131klar aras\u0131nda, \u2018ya\u011fc\u0131l\u0131k\u2019 yar\u0131\u015flar\u0131 yap\u0131l\u0131yor. Ya\u011fc\u0131l\u0131k \u015fampiyonu, en g\u00fczel koltu\u011fu kap\u0131yor! Yalakal\u0131k yapmayana \u2018d\u00fc\u015fman\u2019 g\u00f6z\u00fcyle bak\u0131l\u0131yor. D\u00fc\u015fman\u0131 yok etmek i\u00e7in her t\u00fcrl\u00fc silah kullan\u0131l\u0131yor.\u201d U\u011fur D\u00fcndar <\/p>\n","protected":false},"excerpt":{"rendered":"<p>U\u011fur D\u00fcndar, film senaryolar\u0131ndan al\u0131nt\u0131 gibi g\u00f6r\u00fcnen ama t\u00fcm\u00fcyle ger\u00e7ek olaylardan ve an\u0131lar\u0131ndan hareketle, okurlar\u0131na O Halde Biz Anlatal\u0131m diyor. D\u00fcndar\u2019\u0131n S\u00f6zc\u00fc gazetesindeki pazar yaz\u0131lar\u0131ndan derlenen<span class=\"excerpt-hellip\"> [\u2026]<\/span><\/p>\n","protected":false},"featured_media":0,"template":"","meta":{"_monsterinsights_skip_tracking":false,"_monsterinsights_sitenote_active":false,"_monsterinsights_sitenote_note":"","_monsterinsights_sitenote_category":0},"product_brand":[],"product_cat":[12370,12304],"product_tag":[],"class_list":{"0":"post-712608","1":"product","2":"type-product","3":"status-publish","5":"product_cat-arastirma-inceleme","6":"product_cat-tarih","7":"pa_cilt-ciltsiz","8":"pa_tur-kitap","9":"pa_yayinevi-kirmizi-kedi-yayinevi","10":"pa_yazar-ugur-dundar","12":"first","13":"instock","14":"sale","15":"shipping-taxable","16":"purchasable","17":"product-type-simple"},"_links":{"self":[{"href":"https:\/\/roveyayinevi.com.tr\/index.php\/wp-json\/wp\/v2\/product\/712608","targetHints":{"allow":["GET"]}}],"collection":[{"href":"https:\/\/roveyayinevi.com.tr\/index.php\/wp-json\/wp\/v2\/product"}],"about":[{"href":"https:\/\/roveyayinevi.com.tr\/index.php\/wp-json\/wp\/v2\/types\/product"}],"wp:attachment":[{"href":"https:\/\/roveyayinevi.com.tr\/index.php\/wp-json\/wp\/v2\/media?parent=712608"}],"wp:term":[{"taxonomy":"product_brand","embeddable":true,"href":"https:\/\/roveyayinevi.com.tr\/index.php\/wp-json\/wp\/v2\/product_brand?post=712608"},{"taxonomy":"product_cat","embeddable":true,"href":"https:\/\/roveyayinevi.com.tr\/index.php\/wp-json\/wp\/v2\/product_cat?post=712608"},{"taxonomy":"product_tag","embeddable":true,"href":"https:\/\/roveyayinevi.com.tr\/index.php\/wp-json\/wp\/v2\/product_tag?post=712608"}],"curies":[{"name":"wp","href":"https:\/\/api.w.org\/{rel}","templated":true}]}}