{"id":712573,"date":"2025-08-27T16:57:28","date_gmt":"2025-08-27T13:57:28","guid":{"rendered":"https:\/\/roveyayinevi.com.tr\/index.php\/urun\/topraktan-sahneye-anadoluya-senfonik-yolculuk\/"},"modified":"2026-04-16T02:21:02","modified_gmt":"2026-04-15T23:21:02","slug":"topraktan-sahneye-anadoluya-senfonik-yolculuk","status":"publish","type":"product","link":"https:\/\/roveyayinevi.com.tr\/index.php\/urun\/topraktan-sahneye-anadoluya-senfonik-yolculuk\/","title":{"rendered":"Topraktan Sahneye Anadolu&#8217;ya Senfonik Yolculuk"},"content":{"rendered":"<p>\u201cBayburt Bayburt olal\u0131 b\u00f6yle zul\u00fcm g\u00f6rmedi\u201c s\u00f6z\u00fc yalanlan\u0131yor. \u201cTopraktan Sahneye\u201d isimli kitap, bu uydurma s\u00f6z\u00fcn tersine, Anadolu\u2019nun sevdas\u0131n\u0131 anlat\u0131yor: iyiye, do\u011fruya, g\u00fczele olan sevdas\u0131n\u0131&#8230; Ve yazar\u0131n bu sevdaya verdi\u011fi sevdal\u0131 kar\u015f\u0131l\u0131\u011f\u0131&#8230; Bilkent M\u00fczik ve Sahne Sanatlar\u0131 Fak\u00fcltesi\u2019nin kurucusu de\u011ferli piyanist Prof. Ersin Onay\u2019\u0131n kaleme ald\u0131\u011f\u0131 bu kitap, Fak\u00fcltenin kurulu\u015funu, geli\u015fimini, etkinliklerini ve \u00f6zellikle de Anadolu Konserleri\u2019ni, birinci elden ve ola\u011fan\u00fcst\u00fc ak\u0131c\u0131 bir dille anlat\u0131yor. Tan\u0131klar\u0131 da var: Bu imeceye kat\u0131lan 120 de\u011ferli sanat\u00e7\u0131 ve bu mucizeyi izleyen ve yaz\u0131lar\u0131yla destekleyen bir\u00e7ok de\u011ferli yazar. Kitapta onlar\u0131n yaz\u0131lar\u0131 da var. Ve ger\u00e7ek \u015fu: Bilkent Akademik Senfoni Orkestras\u0131\u2019n\u0131n Anadolu Konserlerinden anla\u015f\u0131l\u0131yor ki: T\u00fcrkiye \u0130nsani, iyi, do\u011fru, g\u00fczel \u015feyler ona sunulursa, bunlar\u0131 b\u00fcy\u00fck bir sevgiyle benimsiyor, \u2018Zul\u00fcm\u2019de\u011fil tam bir \u2018\u015eenlik\u201d olarak ya\u015fam\u0131na kat\u0131yor. Topraktan Sahneye adl\u0131 bu kitap, Anadolu topra\u011f\u0131na, iyi, g\u00fczel, do\u011fru tohum ekersek, iyi-g\u00fczel-do\u011fru \u00fcr\u00fcn alaca\u011f\u0131m\u0131z\u0131 kan\u0131tl\u0131yor; \u00fcmidimizi \u00e7o\u011falt\u0131yor. Uluslar aras\u0131 d\u00fczeyde sanat e\u011fitimi veren Fak\u00fcltenin, m\u00fczik ve sahne sanatlar\u0131 b\u00f6l\u00fcmlerinden bug\u00fcne kadar yeti\u015fen y\u00fczlerce sanat\u00e7\u0131, yurt i\u00e7i ve yurt d\u0131\u015f\u0131ndaki sanat kurumlar\u0131nda ba\u015far\u0131l\u0131 birer sanat\u00e7\u0131 olarak sanatlar\u0131n\u0131 uyguluyorlar. Okul, orkestra ve sanat etkinlikleri: De\u011ferli e\u011fitimci Ersin Onay, m\u00fczik ve sahne sanatlar\u0131 alan\u0131nda \u00f6rnek bir kurum, benzersiz ve \u00f6zg\u00fcn bir model yaratm\u0131\u015ft\u0131r. Kitapta, bu \u00f6rnek olay\u0131n \u00f6yk\u00fcs\u00fcn\u00fc bulacaks\u0131n\u0131z. &#8211; Muammer Sun \ufffcTan\u0131t\u0131m Metni<\/p>\n","protected":false},"excerpt":{"rendered":"<p>\u201cBayburt Bayburt olal\u0131 b\u00f6yle zul\u00fcm g\u00f6rmedi\u201c s\u00f6z\u00fc yalanlan\u0131yor. \u201cTopraktan Sahneye\u201d isimli kitap, bu uydurma s\u00f6z\u00fcn tersine, Anadolu\u2019nun sevdas\u0131n\u0131 anlat\u0131yor: iyiye, do\u011fruya, g\u00fczele olan sevdas\u0131n\u0131&#8230; Ve yazar\u0131n<span class=\"excerpt-hellip\"> [\u2026]<\/span><\/p>\n","protected":false},"featured_media":0,"template":"","meta":{"_monsterinsights_skip_tracking":false,"_monsterinsights_sitenote_active":false,"_monsterinsights_sitenote_note":"","_monsterinsights_sitenote_category":0},"product_brand":[],"product_cat":[12312,12304],"product_tag":[],"class_list":{"0":"post-712573","1":"product","2":"type-product","3":"status-publish","5":"product_cat-diger","6":"product_cat-tarih","7":"pa_cilt-ciltsiz","8":"pa_tur-kitap","9":"pa_yayinevi-sun-yayinevi","10":"pa_yazar-ersin-onay","12":"first","13":"instock","14":"sale","15":"shipping-taxable","16":"purchasable","17":"product-type-simple"},"_links":{"self":[{"href":"https:\/\/roveyayinevi.com.tr\/index.php\/wp-json\/wp\/v2\/product\/712573","targetHints":{"allow":["GET"]}}],"collection":[{"href":"https:\/\/roveyayinevi.com.tr\/index.php\/wp-json\/wp\/v2\/product"}],"about":[{"href":"https:\/\/roveyayinevi.com.tr\/index.php\/wp-json\/wp\/v2\/types\/product"}],"wp:attachment":[{"href":"https:\/\/roveyayinevi.com.tr\/index.php\/wp-json\/wp\/v2\/media?parent=712573"}],"wp:term":[{"taxonomy":"product_brand","embeddable":true,"href":"https:\/\/roveyayinevi.com.tr\/index.php\/wp-json\/wp\/v2\/product_brand?post=712573"},{"taxonomy":"product_cat","embeddable":true,"href":"https:\/\/roveyayinevi.com.tr\/index.php\/wp-json\/wp\/v2\/product_cat?post=712573"},{"taxonomy":"product_tag","embeddable":true,"href":"https:\/\/roveyayinevi.com.tr\/index.php\/wp-json\/wp\/v2\/product_tag?post=712573"}],"curies":[{"name":"wp","href":"https:\/\/api.w.org\/{rel}","templated":true}]}}