{"id":712543,"date":"2025-08-27T16:57:12","date_gmt":"2025-08-27T13:57:12","guid":{"rendered":"https:\/\/roveyayinevi.com.tr\/index.php\/urun\/cizgilerle-klasikler-dizisi-vahsetin-cagrisi\/"},"modified":"2026-04-16T02:21:02","modified_gmt":"2026-04-15T23:21:02","slug":"cizgilerle-klasikler-dizisi-vahsetin-cagrisi","status":"publish","type":"product","link":"https:\/\/roveyayinevi.com.tr\/index.php\/urun\/cizgilerle-klasikler-dizisi-vahsetin-cagrisi\/","title":{"rendered":"\u00c7izgilerle Klasikler Dizisi &#8211; Vah\u015fetin \u00c7a\u011fr\u0131s\u0131"},"content":{"rendered":"<p>Bu klasik \u00f6yk\u00fc, rahat bir hayat ya\u015fayan evcil k\u00f6pek Buck\u2019\u0131n hayat\u0131n\u0131 anlat\u0131yor. Buck evinden \u00e7al\u0131n\u0131r ve Alaska\u2019ya g\u00f6nderilir. Art\u0131k bir k\u0131zak k\u00f6pe\u011fi olman\u0131n b\u00fct\u00fcn zorluklar\u0131n\u0131 ya\u015famak zorundad\u0131r. Hayatta kalmak i\u00e7in m\u00fccadele eden Buck, acaba ne kadar ba\u015far\u0131l\u0131 olacak? Ormandan gelen g\u00fcr sesli \u00e7a\u011fr\u0131ya cevap verecek mi? <\/p>\n","protected":false},"excerpt":{"rendered":"<p>Bu klasik \u00f6yk\u00fc, rahat bir hayat ya\u015fayan evcil k\u00f6pek Buck\u2019\u0131n hayat\u0131n\u0131 anlat\u0131yor. Buck evinden \u00e7al\u0131n\u0131r ve Alaska\u2019ya g\u00f6nderilir. Art\u0131k bir k\u0131zak k\u00f6pe\u011fi olman\u0131n b\u00fct\u00fcn zorluklar\u0131n\u0131 ya\u015famak<span class=\"excerpt-hellip\"> [\u2026]<\/span><\/p>\n","protected":false},"featured_media":0,"template":"","meta":{"_monsterinsights_skip_tracking":false,"_monsterinsights_sitenote_active":false,"_monsterinsights_sitenote_note":"","_monsterinsights_sitenote_category":0},"product_brand":[],"product_cat":[12291,13872],"product_tag":[],"class_list":{"0":"post-712543","1":"product","2":"type-product","3":"status-publish","5":"product_cat-edebiyat","6":"product_cat-klasikler","7":"pa_cilt-ciltsiz","8":"pa_tur-kitap","9":"pa_yayinevi-is-bankasi-kultur-yayinlari","10":"pa_yazar-jack-london","12":"first","13":"instock","14":"sale","15":"shipping-taxable","16":"purchasable","17":"product-type-simple"},"_links":{"self":[{"href":"https:\/\/roveyayinevi.com.tr\/index.php\/wp-json\/wp\/v2\/product\/712543","targetHints":{"allow":["GET"]}}],"collection":[{"href":"https:\/\/roveyayinevi.com.tr\/index.php\/wp-json\/wp\/v2\/product"}],"about":[{"href":"https:\/\/roveyayinevi.com.tr\/index.php\/wp-json\/wp\/v2\/types\/product"}],"wp:attachment":[{"href":"https:\/\/roveyayinevi.com.tr\/index.php\/wp-json\/wp\/v2\/media?parent=712543"}],"wp:term":[{"taxonomy":"product_brand","embeddable":true,"href":"https:\/\/roveyayinevi.com.tr\/index.php\/wp-json\/wp\/v2\/product_brand?post=712543"},{"taxonomy":"product_cat","embeddable":true,"href":"https:\/\/roveyayinevi.com.tr\/index.php\/wp-json\/wp\/v2\/product_cat?post=712543"},{"taxonomy":"product_tag","embeddable":true,"href":"https:\/\/roveyayinevi.com.tr\/index.php\/wp-json\/wp\/v2\/product_tag?post=712543"}],"curies":[{"name":"wp","href":"https:\/\/api.w.org\/{rel}","templated":true}]}}