{"id":712515,"date":"2025-08-27T16:56:57","date_gmt":"2025-08-27T13:56:57","guid":{"rendered":"https:\/\/roveyayinevi.com.tr\/index.php\/urun\/kritovulos-tarihi-1451-1467\/"},"modified":"2026-04-16T02:21:01","modified_gmt":"2026-04-15T23:21:01","slug":"kritovulos-tarihi-1451-1467","status":"publish","type":"product","link":"https:\/\/roveyayinevi.com.tr\/index.php\/urun\/kritovulos-tarihi-1451-1467\/","title":{"rendered":"Kritovulos Tarihi (1451-1467)"},"content":{"rendered":"<p>Kritovulos (XV. y\u00fczy\u0131l): Kendisi hakk\u0131nda yazd\u0131klar\u0131ndan anla\u015f\u0131ld\u0131\u011f\u0131 kadar\u0131yla 1400\u2019l\u00fc y\u0131llar\u0131n ba\u015flar\u0131nda \u0130mroz\u2019dado\u011fdu. Bizans\u2019\u0131n tarih sahnesinden silinip yeriniOsmanl\u0131\u2019ya b\u0131rakmas\u0131na bizzat \u015fahit oldu. Ya\u015fad\u0131\u011f\u0131d\u00f6nemin tarihsel \u00f6nemini kavram\u0131\u015f bir ayd\u0131nd\u0131. Fatih Sultan Mehmed\u2019e ithaf etti\u011fi ve sultan\u0131n ikinci d\u00f6nemsaltanat\u0131n\u0131n 1451-1467 y\u0131llar\u0131n\u0131 kapsayan be\u015f kitapl\u0131keseri d\u00f6neminin en ayr\u0131nt\u0131l\u0131, en nesnel \u00e7al\u0131\u015fmalar\u0131ndand\u0131r. \u0130lk kitapta II. Mehmed\u2019in tahta \u00e7\u0131k\u0131\u015f\u0131, devletin idari vemali yap\u0131s\u0131n\u0131 d\u00fczenlemesi, \u0130stanbul\u2019un ku\u015fat\u0131lmas\u0131 vefethi anlat\u0131l\u0131r. Di\u011fer kitaplarda Fatih Sultan Mehmed\u2019inS\u0131rbistan, Mora, Enez seferleri, Sinop\u2019tan Arnavutluk\u2019auzanan fetihleri aktar\u0131l\u0131r. \ufffc<\/p>\n","protected":false},"excerpt":{"rendered":"<p>Kritovulos (XV. y\u00fczy\u0131l): Kendisi hakk\u0131nda yazd\u0131klar\u0131ndan anla\u015f\u0131ld\u0131\u011f\u0131 kadar\u0131yla 1400\u2019l\u00fc y\u0131llar\u0131n ba\u015flar\u0131nda \u0130mroz\u2019dado\u011fdu. Bizans\u2019\u0131n tarih sahnesinden silinip yeriniOsmanl\u0131\u2019ya b\u0131rakmas\u0131na bizzat \u015fahit oldu. Ya\u015fad\u0131\u011f\u0131d\u00f6nemin tarihsel \u00f6nemini kavram\u0131\u015f bir<span class=\"excerpt-hellip\"> [\u2026]<\/span><\/p>\n","protected":false},"featured_media":0,"template":"","meta":{"_monsterinsights_skip_tracking":false,"_monsterinsights_sitenote_active":false,"_monsterinsights_sitenote_note":"","_monsterinsights_sitenote_category":0},"product_brand":[],"product_cat":[13946,12304],"product_tag":[],"class_list":{"0":"post-712515","1":"product","2":"type-product","3":"status-publish","5":"product_cat-biyografi-otobiyografi","6":"product_cat-tarih","7":"pa_cilt-ciltsiz","8":"pa_tur-kitap","9":"pa_yayinevi-is-bankasi-kultur-yayinlari","10":"pa_yazar-kritovulos","12":"first","13":"instock","14":"sale","15":"shipping-taxable","16":"purchasable","17":"product-type-simple"},"_links":{"self":[{"href":"https:\/\/roveyayinevi.com.tr\/index.php\/wp-json\/wp\/v2\/product\/712515","targetHints":{"allow":["GET"]}}],"collection":[{"href":"https:\/\/roveyayinevi.com.tr\/index.php\/wp-json\/wp\/v2\/product"}],"about":[{"href":"https:\/\/roveyayinevi.com.tr\/index.php\/wp-json\/wp\/v2\/types\/product"}],"wp:attachment":[{"href":"https:\/\/roveyayinevi.com.tr\/index.php\/wp-json\/wp\/v2\/media?parent=712515"}],"wp:term":[{"taxonomy":"product_brand","embeddable":true,"href":"https:\/\/roveyayinevi.com.tr\/index.php\/wp-json\/wp\/v2\/product_brand?post=712515"},{"taxonomy":"product_cat","embeddable":true,"href":"https:\/\/roveyayinevi.com.tr\/index.php\/wp-json\/wp\/v2\/product_cat?post=712515"},{"taxonomy":"product_tag","embeddable":true,"href":"https:\/\/roveyayinevi.com.tr\/index.php\/wp-json\/wp\/v2\/product_tag?post=712515"}],"curies":[{"name":"wp","href":"https:\/\/api.w.org\/{rel}","templated":true}]}}