{"id":712508,"date":"2025-08-27T16:56:53","date_gmt":"2025-08-27T13:56:53","guid":{"rendered":"https:\/\/roveyayinevi.com.tr\/index.php\/urun\/sik-2\/"},"modified":"2026-04-16T02:21:01","modified_gmt":"2026-04-15T23:21:01","slug":"sik-2","status":"publish","type":"product","link":"https:\/\/roveyayinevi.com.tr\/index.php\/urun\/sik-2\/","title":{"rendered":"\u015e\u0131k"},"content":{"rendered":"<p>H\u00fcseyin Rahmi G\u00fcrp\u0131nar&#8217;\u0131n bu eseri Osmanl\u0131&#8217;n\u0131n son d\u00f6nemindeki \u0130stanbul&#8217;un adeta foto\u011fraf\u0131n\u0131 \u00e7ekiyor. O d\u00f6nemde pek \u00e7ok \u00f6rne\u011fine rastlanabilen &#8220;\u015f\u0131k&#8221; karakteri G\u00fcrp\u0131nar&#8217;\u0131n bu roman\u0131 ile \u00f6l\u00fcms\u00fczle\u015fiyor. Bug\u00fcn i\u00e7in ba\u015f\u0131n\u0131 otob\u00fcste, yolda, i\u015fte, evde, misafirlikte telefon ekran\u0131ndan ay\u0131rmayan tipler nas\u0131l birer karikat\u00fcr malzemesi ise \u015e\u00f6hret \u015eat\u0131rzade de bir d\u00f6nemin karikat\u00fcr tipi olarak kar\u015f\u0131m\u0131za \u00e7\u0131k\u0131yor. Bu bak\u0131mdan \u015e\u0131k roman\u0131 hem g\u00fcl\u00fcnecek hem de ac\u0131nacak bir tip \u00fczerinden yaz\u0131ld\u0131\u011f\u0131 zamana \u015fahitlik ediyor. <\/p>\n","protected":false},"excerpt":{"rendered":"<p>H\u00fcseyin Rahmi G\u00fcrp\u0131nar&#8217;\u0131n bu eseri Osmanl\u0131&#8217;n\u0131n son d\u00f6nemindeki \u0130stanbul&#8217;un adeta foto\u011fraf\u0131n\u0131 \u00e7ekiyor. O d\u00f6nemde pek \u00e7ok \u00f6rne\u011fine rastlanabilen &#8220;\u015f\u0131k&#8221; karakteri G\u00fcrp\u0131nar&#8217;\u0131n bu roman\u0131 ile \u00f6l\u00fcms\u00fczle\u015fiyor. Bug\u00fcn<span class=\"excerpt-hellip\"> [\u2026]<\/span><\/p>\n","protected":false},"featured_media":0,"template":"","meta":{"_monsterinsights_skip_tracking":false,"_monsterinsights_sitenote_active":false,"_monsterinsights_sitenote_note":"","_monsterinsights_sitenote_category":0},"product_brand":[],"product_cat":[12274,20117],"product_tag":[],"class_list":{"0":"post-712508","1":"product","2":"type-product","3":"status-publish","5":"product_cat-cocuk-ve-genclik-kitaplari","6":"product_cat-turk-klasikleri","7":"pa_cilt-ciltsiz","8":"pa_tur-kitap","9":"pa_yayinevi-atac-yayinlari","10":"pa_yazar-huseyin-rahmi-gurpinar","12":"first","13":"instock","14":"sale","15":"shipping-taxable","16":"purchasable","17":"product-type-simple"},"_links":{"self":[{"href":"https:\/\/roveyayinevi.com.tr\/index.php\/wp-json\/wp\/v2\/product\/712508","targetHints":{"allow":["GET"]}}],"collection":[{"href":"https:\/\/roveyayinevi.com.tr\/index.php\/wp-json\/wp\/v2\/product"}],"about":[{"href":"https:\/\/roveyayinevi.com.tr\/index.php\/wp-json\/wp\/v2\/types\/product"}],"wp:attachment":[{"href":"https:\/\/roveyayinevi.com.tr\/index.php\/wp-json\/wp\/v2\/media?parent=712508"}],"wp:term":[{"taxonomy":"product_brand","embeddable":true,"href":"https:\/\/roveyayinevi.com.tr\/index.php\/wp-json\/wp\/v2\/product_brand?post=712508"},{"taxonomy":"product_cat","embeddable":true,"href":"https:\/\/roveyayinevi.com.tr\/index.php\/wp-json\/wp\/v2\/product_cat?post=712508"},{"taxonomy":"product_tag","embeddable":true,"href":"https:\/\/roveyayinevi.com.tr\/index.php\/wp-json\/wp\/v2\/product_tag?post=712508"}],"curies":[{"name":"wp","href":"https:\/\/api.w.org\/{rel}","templated":true}]}}