{"id":712507,"date":"2025-08-27T16:56:53","date_gmt":"2025-08-27T13:56:53","guid":{"rendered":"https:\/\/roveyayinevi.com.tr\/index.php\/urun\/pembe-incili-kaftan-2\/"},"modified":"2026-04-16T02:21:01","modified_gmt":"2026-04-15T23:21:01","slug":"pembe-incili-kaftan-2","status":"publish","type":"product","link":"https:\/\/roveyayinevi.com.tr\/index.php\/urun\/pembe-incili-kaftan-2\/","title":{"rendered":"Pembe \u0130ncili Kaftan"},"content":{"rendered":"<p>\u00c7a\u011fda\u015f T\u00fcrk hik\u00e2yecili\u011fi ile Milli Edebiyat Ak\u0131m\u0131&#8217;n\u0131n kurucular\u0131ndan olan \u00d6mer Seyfettin 28 \u015eubat 1884\u2019te do\u011fdu. Askeri okullarda okudu. \u00c7e\u015fitli sava\u015flara kat\u0131ld\u0131. Erken ya\u015flardan itibaren hikaye yazmaya ba\u015flad\u0131 ve 1920&#8217;deki vefat\u0131na kadar bunu yazmay\u0131 b\u0131rakmad\u0131. \u00d6mer Seyfettin olay hik\u00e2yecili\u011finin (Maupassant tarz\u0131) en \u00f6nemli isimlerinden biridir. Hikayelerinde realizmin b\u00fcy\u00fck etkisi g\u00f6r\u00fclebilir.Bu kitaptaki hikayeleri:Pembe \u0130ncili KaftanBahar ve KelebeklerDiyetBombaBa\u015f\u0131n\u0131 Vermeyen \u015eehitFalaka <\/p>\n","protected":false},"excerpt":{"rendered":"<p>\u00c7a\u011fda\u015f T\u00fcrk hik\u00e2yecili\u011fi ile Milli Edebiyat Ak\u0131m\u0131&#8217;n\u0131n kurucular\u0131ndan olan \u00d6mer Seyfettin 28 \u015eubat 1884\u2019te do\u011fdu. Askeri okullarda okudu. \u00c7e\u015fitli sava\u015flara kat\u0131ld\u0131. Erken ya\u015flardan itibaren hikaye yazmaya<span class=\"excerpt-hellip\"> [\u2026]<\/span><\/p>\n","protected":false},"featured_media":0,"template":"","meta":{"_monsterinsights_skip_tracking":false,"_monsterinsights_sitenote_active":false,"_monsterinsights_sitenote_note":"","_monsterinsights_sitenote_category":0},"product_brand":[],"product_cat":[12274,20117],"product_tag":[],"class_list":{"0":"post-712507","1":"product","2":"type-product","3":"status-publish","5":"product_cat-cocuk-ve-genclik-kitaplari","6":"product_cat-turk-klasikleri","7":"pa_cilt-ciltsiz","8":"pa_tur-kitap","9":"pa_yayinevi-atac-yayinlari","10":"pa_yazar-omer-seyfettin","12":"first","13":"instock","14":"sale","15":"shipping-taxable","16":"purchasable","17":"product-type-simple"},"_links":{"self":[{"href":"https:\/\/roveyayinevi.com.tr\/index.php\/wp-json\/wp\/v2\/product\/712507","targetHints":{"allow":["GET"]}}],"collection":[{"href":"https:\/\/roveyayinevi.com.tr\/index.php\/wp-json\/wp\/v2\/product"}],"about":[{"href":"https:\/\/roveyayinevi.com.tr\/index.php\/wp-json\/wp\/v2\/types\/product"}],"wp:attachment":[{"href":"https:\/\/roveyayinevi.com.tr\/index.php\/wp-json\/wp\/v2\/media?parent=712507"}],"wp:term":[{"taxonomy":"product_brand","embeddable":true,"href":"https:\/\/roveyayinevi.com.tr\/index.php\/wp-json\/wp\/v2\/product_brand?post=712507"},{"taxonomy":"product_cat","embeddable":true,"href":"https:\/\/roveyayinevi.com.tr\/index.php\/wp-json\/wp\/v2\/product_cat?post=712507"},{"taxonomy":"product_tag","embeddable":true,"href":"https:\/\/roveyayinevi.com.tr\/index.php\/wp-json\/wp\/v2\/product_tag?post=712507"}],"curies":[{"name":"wp","href":"https:\/\/api.w.org\/{rel}","templated":true}]}}

Pembe İncili Kaftan

<p>Çağdaş Türk hikâyeciliği ile Milli Edebiyat Akımı&#8217;nın kurucularından olan Ömer Seyfettin 28 Şubat 1884’te doğdu. Askeri okullarda okudu. Çeşitli savaşlara katıldı. Erken yaşlardan itibaren hikaye yazmaya başladı ve 1920&#8217;deki vefatına kadar bunu yazmayı bırakmadı. Ömer Seyfettin olay hikâyeciliğinin (Maupassant tarzı) en önemli isimlerinden biridir. Hikayelerinde realizmin büyük etkisi görülebilir.Bu kitaptaki hikayeleri:Pembe İncili KaftanBahar ve KelebeklerDiyetBombaBaşını Vermeyen ŞehitFalaka </p>

<p>Çağdaş Türk hikâyeciliği ile Milli Edebiyat Akımı&#8217;nın kurucularından olan Ömer Seyfettin 28 Şubat 1884’te doğdu. Askeri okullarda okudu. Çeşitli savaşlara katıldı. Erken yaşlardan itibaren hikaye yazmaya<span class="excerpt-hellip"> […]</span></p>
