{"id":712503,"date":"2025-08-27T16:56:51","date_gmt":"2025-08-27T13:56:51","guid":{"rendered":"https:\/\/roveyayinevi.com.tr\/index.php\/urun\/viking-mitolojisi\/"},"modified":"2026-04-16T02:21:01","modified_gmt":"2026-04-15T23:21:01","slug":"viking-mitolojisi","status":"publish","type":"product","link":"https:\/\/roveyayinevi.com.tr\/index.php\/urun\/viking-mitolojisi\/","title":{"rendered":"Viking Mitolojisi"},"content":{"rendered":"<p>Tarihten edebiyata bir\u00e7ok alanda, Orta\u00e7a\u011f\u2019dan g\u00fcn\u00fcm\u00fcze kadar etkisi devam eden Nesir Edda Viking mitolojisinin temellerini atm\u0131\u015ft\u0131r. Nesir Edda\u2019da Viking kozmogonisi, panteonu ve mitleri y\u00fczy\u0131llar\u0131 a\u015fan bir edebi yetkinlikle aktar\u0131lm\u0131\u015ft\u0131r. \u0130skandinavya\u2019n\u0131n co\u011frafyas\u0131yla yo\u011frulan ve kadim bir bilgeli\u011fin i\u00e7sel derlemesi olan Nedir Edda, Viking mitolojisinin oldu\u011fu kadar kuzey edebiyat\u0131n\u0131n da en \u00f6nemli eseridir. Viking co\u011frafyas\u0131n\u0131n en bilinmeyen k\u00f6\u015felerini, Orta\u00e7a\u011f Avrupa\u2019s\u0131n\u0131 korkulara s\u00fcr\u00fckleyen kuzeyin esrarengiz canl\u0131lar\u0131n\u0131 ve her gittikleri yerde ak\u0131l almaz inan\u00e7lar\u0131yla tan\u0131nan Vikinglerin mitolojik \u00f6yk\u00fcleri Nesir Edda ile tan\u0131nm\u0131\u015ft\u0131r. On \u00fc\u00e7\u00fcnc\u00fc y\u00fczy\u0131lda Snorri Sturluson taraf\u0131ndan yaz\u0131ya ge\u00e7irilen ve o g\u00fcnden bu yana da Viking mitolojisini \u00f6\u011frenmek isteyen herkes taraf\u0131ndan okunan bu kadim eser, Orta\u00e7a\u011f Avrupa\u2019s\u0131n\u0131 anlamak ve \u0130skandinav k\u00fclt\u00fcr\u00fcn\u00fc tan\u0131mak i\u00e7in de e\u015f\u015fiz bir ba\u015flang\u0131\u00e7t\u0131r.<\/p>\n","protected":false},"excerpt":{"rendered":"<p>Tarihten edebiyata bir\u00e7ok alanda, Orta\u00e7a\u011f\u2019dan g\u00fcn\u00fcm\u00fcze kadar etkisi devam eden Nesir Edda Viking mitolojisinin temellerini atm\u0131\u015ft\u0131r. Nesir Edda\u2019da Viking kozmogonisi, panteonu ve mitleri y\u00fczy\u0131llar\u0131 a\u015fan bir<span class=\"excerpt-hellip\"> [\u2026]<\/span><\/p>\n","protected":false},"featured_media":0,"template":"","meta":{"_monsterinsights_skip_tracking":false,"_monsterinsights_sitenote_active":false,"_monsterinsights_sitenote_note":"","_monsterinsights_sitenote_category":0},"product_brand":[],"product_cat":[13072,12291],"product_tag":[],"class_list":{"0":"post-712503","1":"product","2":"type-product","3":"status-publish","5":"product_cat-arastirma-inceleme-referans","6":"product_cat-edebiyat","7":"pa_cilt-ciltsiz","8":"pa_tur-kitap","9":"pa_yayinevi-yeditepe-yayinevi","10":"pa_yazar-snorri-sturluson","12":"first","13":"instock","14":"sale","15":"shipping-taxable","16":"purchasable","17":"product-type-simple"},"_links":{"self":[{"href":"https:\/\/roveyayinevi.com.tr\/index.php\/wp-json\/wp\/v2\/product\/712503","targetHints":{"allow":["GET"]}}],"collection":[{"href":"https:\/\/roveyayinevi.com.tr\/index.php\/wp-json\/wp\/v2\/product"}],"about":[{"href":"https:\/\/roveyayinevi.com.tr\/index.php\/wp-json\/wp\/v2\/types\/product"}],"wp:attachment":[{"href":"https:\/\/roveyayinevi.com.tr\/index.php\/wp-json\/wp\/v2\/media?parent=712503"}],"wp:term":[{"taxonomy":"product_brand","embeddable":true,"href":"https:\/\/roveyayinevi.com.tr\/index.php\/wp-json\/wp\/v2\/product_brand?post=712503"},{"taxonomy":"product_cat","embeddable":true,"href":"https:\/\/roveyayinevi.com.tr\/index.php\/wp-json\/wp\/v2\/product_cat?post=712503"},{"taxonomy":"product_tag","embeddable":true,"href":"https:\/\/roveyayinevi.com.tr\/index.php\/wp-json\/wp\/v2\/product_tag?post=712503"}],"curies":[{"name":"wp","href":"https:\/\/api.w.org\/{rel}","templated":true}]}}