{"id":712489,"date":"2025-08-27T16:56:44","date_gmt":"2025-08-27T13:56:44","guid":{"rendered":"https:\/\/roveyayinevi.com.tr\/index.php\/urun\/zombiler-kulturel-bir-tarih\/"},"modified":"2026-04-16T02:21:01","modified_gmt":"2026-04-15T23:21:01","slug":"zombiler-kulturel-bir-tarih","status":"publish","type":"product","link":"https:\/\/roveyayinevi.com.tr\/index.php\/urun\/zombiler-kulturel-bir-tarih\/","title":{"rendered":"Zombiler: K\u00fclt\u00fcrel Bir Tarih"},"content":{"rendered":"<p>Ba\u015flang\u0131\u00e7ta aristokrat vampirlerin ve mumyalar\u0131n \u00e7\u00fcr\u00fcmekte olan yoksul akrabas\u0131, korku filmlerinde ancak \u00e7eperde yer bulan bir ya\u015fayan \u00f6l\u00fcyd\u00fc. S\u0131ran\u0131n kendisine gelmesini beklerken s\u00fcrekli konak de\u011fi\u015ftirdi; sonunda k\u00fcresel bir fig\u00fcre d\u00f6n\u00fc\u015ft\u00fc. Art\u0131k zombi k\u0131yameti filmlerine, \u00e7izgi romanlar\u0131na ve romanlar\u0131na, televizyon dizilerine ve bilgisayar oyunlar\u0131na rastlamadan ad\u0131m atmak m\u00fcmk\u00fcn de\u011fil. \u201cZombi\u201d s\u00f6zc\u00fc\u011f\u00fc standart niteleme s\u0131fatlar\u0131ndan birine d\u00f6n\u00fc\u015ft\u00fc; zombi bilgisayarlar, zombi bankalar, zombi \u015firketler, zombi ekonomi, zombi h\u00fck\u00fcmetler, zombi hukuk davalar\u0131 d\u00fcnyas\u0131nda ya\u015f\u0131yoruz. Bunlar zombile\u015fiyor \u00e7\u00fcnk\u00fc as\u0131l varolu\u015f hallerine temsil, kontrol veya bilin\u00e7 kayb\u0131 e\u015flik ediyor; \u00f6l\u00fcler ama bunu hen\u00fcz bilmiyorlar, otomati\u011fe ba\u011flam\u0131\u015f halde ya\u015f\u0131yorlar. Roger Luckhurst, e\u015fikteki bir gotik canavar\u0131n kendine \u00f6zg\u00fc k\u00fclt\u00fcrel tarihini ve k\u00f6leli\u011fin zor ve dilsiz d\u00fcnyas\u0131ndan kapitalist d\u00fcnyan\u0131n kalbine, hatta k\u00fcresel pop\u00fcler k\u00fclt\u00fcr\u00fcn \u015febekelerine ula\u015f\u0131rken yapt\u0131\u011f\u0131 yolculu\u011fu anlat\u0131yor. Roger Luckhurst, Birkbeck \u00dcniversitesi \u0130ngiliz Dili ve \u0130nsani Bilimler B\u00f6l\u00fcm\u00fc\u2019nde modern ve g\u00fcn\u00fcm\u00fcz edebiyat\u0131 profes\u00f6r\u00fc. <\/p>\n","protected":false},"excerpt":{"rendered":"<p>Ba\u015flang\u0131\u00e7ta aristokrat vampirlerin ve mumyalar\u0131n \u00e7\u00fcr\u00fcmekte olan yoksul akrabas\u0131, korku filmlerinde ancak \u00e7eperde yer bulan bir ya\u015fayan \u00f6l\u00fcyd\u00fc. S\u0131ran\u0131n kendisine gelmesini beklerken s\u00fcrekli konak de\u011fi\u015ftirdi; sonunda<span class=\"excerpt-hellip\"> [\u2026]<\/span><\/p>\n","protected":false},"featured_media":0,"template":"","meta":{"_monsterinsights_skip_tracking":false,"_monsterinsights_sitenote_active":false,"_monsterinsights_sitenote_note":"","_monsterinsights_sitenote_category":0},"product_brand":[],"product_cat":[20039,13488],"product_tag":[],"class_list":{"0":"post-712489","1":"product","2":"type-product","3":"status-publish","5":"product_cat-kultur-tarihi","6":"product_cat-toplum-ve-insan","7":"pa_cilt-ciltsiz","8":"pa_tur-kitap","9":"pa_yayinevi-koc-universitesi-yayinlari","10":"pa_yazar-roger-luckhurst","12":"first","13":"instock","14":"sale","15":"shipping-taxable","16":"purchasable","17":"product-type-simple"},"_links":{"self":[{"href":"https:\/\/roveyayinevi.com.tr\/index.php\/wp-json\/wp\/v2\/product\/712489","targetHints":{"allow":["GET"]}}],"collection":[{"href":"https:\/\/roveyayinevi.com.tr\/index.php\/wp-json\/wp\/v2\/product"}],"about":[{"href":"https:\/\/roveyayinevi.com.tr\/index.php\/wp-json\/wp\/v2\/types\/product"}],"wp:attachment":[{"href":"https:\/\/roveyayinevi.com.tr\/index.php\/wp-json\/wp\/v2\/media?parent=712489"}],"wp:term":[{"taxonomy":"product_brand","embeddable":true,"href":"https:\/\/roveyayinevi.com.tr\/index.php\/wp-json\/wp\/v2\/product_brand?post=712489"},{"taxonomy":"product_cat","embeddable":true,"href":"https:\/\/roveyayinevi.com.tr\/index.php\/wp-json\/wp\/v2\/product_cat?post=712489"},{"taxonomy":"product_tag","embeddable":true,"href":"https:\/\/roveyayinevi.com.tr\/index.php\/wp-json\/wp\/v2\/product_tag?post=712489"}],"curies":[{"name":"wp","href":"https:\/\/api.w.org\/{rel}","templated":true}]}}