{"id":712477,"date":"2025-08-27T16:56:38","date_gmt":"2025-08-27T13:56:38","guid":{"rendered":"https:\/\/roveyayinevi.com.tr\/index.php\/urun\/kanatlar-ve-kuller-sarayi\/"},"modified":"2026-04-16T02:21:01","modified_gmt":"2026-04-15T23:21:01","slug":"kanatlar-ve-kuller-sarayi","status":"publish","type":"product","link":"https:\/\/roveyayinevi.com.tr\/index.php\/urun\/kanatlar-ve-kuller-sarayi\/","title":{"rendered":"Kanatlar ve K\u00fcller Saray\u0131"},"content":{"rendered":"<p>D\u00fc\u015fman\u0131n\u0131 tan\u0131mak i\u00e7in \u00f6nce onunla dost olmal\u0131s\u0131n.Feyre Bahar Saray\u0131\u2019na d\u00f6nd\u00fc. Tamlin\u2019in yapacaklar\u0131 ve Prythian\u2019a diz \u00e7\u00f6kt\u00fcrmeye u\u011fra\u015fan kral hakk\u0131nda bilgi toplamaya kararl\u0131. Ama bunu yapabilmek i\u00e7in \u00f6l\u00fcmc\u00fcl bir oyun oynamas\u0131 gerekiyor. Yakla\u015fan sava\u015f hepsini tehdit ederken, Feyre tehlikeli Y\u00fcce Lordlardan hangisine g\u00fcvenmesi gerekti\u011fi konusunda bir karar vermek, m\u00fcttefikini en olmayacak yerlerde aramak zorunda.New York Times \u00c7ok Satanlar listesinin bir numaras\u0131na yerle\u015fen \u201cDikenler ve G\u00fcller Saray\u0131\u201d dizisinin \u00fc\u00e7\u00fcnc\u00fc kitab\u0131 Kanatlar ve K\u00fcller Saray\u0131\u2019nda, ordular d\u00fcnyay\u0131 kana boyayacak bir sava\u015fa haz\u0131rlan\u0131yor. <\/p>\n","protected":false},"excerpt":{"rendered":"<p>D\u00fc\u015fman\u0131n\u0131 tan\u0131mak i\u00e7in \u00f6nce onunla dost olmal\u0131s\u0131n.Feyre Bahar Saray\u0131\u2019na d\u00f6nd\u00fc. Tamlin\u2019in yapacaklar\u0131 ve Prythian\u2019a diz \u00e7\u00f6kt\u00fcrmeye u\u011fra\u015fan kral hakk\u0131nda bilgi toplamaya kararl\u0131. Ama bunu yapabilmek i\u00e7in<span class=\"excerpt-hellip\"> [\u2026]<\/span><\/p>\n","protected":false},"featured_media":0,"template":"","meta":{"_monsterinsights_skip_tracking":false,"_monsterinsights_sitenote_active":false,"_monsterinsights_sitenote_note":"","_monsterinsights_sitenote_category":0},"product_brand":[],"product_cat":[12291,12711],"product_tag":[],"class_list":{"0":"post-712477","1":"product","2":"type-product","3":"status-publish","5":"product_cat-edebiyat","6":"product_cat-roman-oyku","7":"pa_cilt-ciltsiz","8":"pa_tur-kitap","9":"pa_yayinevi-dex-yayinevi","10":"pa_yazar-sarah-j-maas","12":"first","13":"instock","14":"sale","15":"shipping-taxable","16":"purchasable","17":"product-type-simple"},"_links":{"self":[{"href":"https:\/\/roveyayinevi.com.tr\/index.php\/wp-json\/wp\/v2\/product\/712477","targetHints":{"allow":["GET"]}}],"collection":[{"href":"https:\/\/roveyayinevi.com.tr\/index.php\/wp-json\/wp\/v2\/product"}],"about":[{"href":"https:\/\/roveyayinevi.com.tr\/index.php\/wp-json\/wp\/v2\/types\/product"}],"wp:attachment":[{"href":"https:\/\/roveyayinevi.com.tr\/index.php\/wp-json\/wp\/v2\/media?parent=712477"}],"wp:term":[{"taxonomy":"product_brand","embeddable":true,"href":"https:\/\/roveyayinevi.com.tr\/index.php\/wp-json\/wp\/v2\/product_brand?post=712477"},{"taxonomy":"product_cat","embeddable":true,"href":"https:\/\/roveyayinevi.com.tr\/index.php\/wp-json\/wp\/v2\/product_cat?post=712477"},{"taxonomy":"product_tag","embeddable":true,"href":"https:\/\/roveyayinevi.com.tr\/index.php\/wp-json\/wp\/v2\/product_tag?post=712477"}],"curies":[{"name":"wp","href":"https:\/\/api.w.org\/{rel}","templated":true}]}}