{"id":712476,"date":"2025-08-27T16:56:37","date_gmt":"2025-08-27T13:56:37","guid":{"rendered":"https:\/\/roveyayinevi.com.tr\/index.php\/urun\/daha-cok-gorusecegiz\/"},"modified":"2026-04-05T02:24:32","modified_gmt":"2026-04-04T23:24:32","slug":"daha-cok-gorusecegiz","status":"publish","type":"product","link":"https:\/\/roveyayinevi.com.tr\/index.php\/urun\/daha-cok-gorusecegiz\/","title":{"rendered":"Daha \u00c7ok G\u00f6r\u00fc\u015fece\u011fiz"},"content":{"rendered":"<p>Y\u00fcksek dozda a\u015fk i\u00e7erir!Yava\u015f\u00e7a sokuluyorum&#8230; Ba\u015f\u0131n\u0131 boynuma yerle\u015ftirip s\u0131ms\u0131k\u0131 sar\u0131l\u0131p \u00f6p\u00fcyor beni. Huzursuzum. Sanki i\u00e7imi bir \u015feyler kemiriyor. Tekrar ayn\u0131 \u015feyleri ya\u015famak istemiyorum. Ani bir hamleyle d\u00f6n\u00fcp g\u00f6z\u00fcn\u00fcn i\u00e7ine bakarak hi\u00e7 sormad\u0131\u011f\u0131m o soruyu soruyorum: \u201cBen senin neyinim?\u201dG\u00fcl\u00fcmseyip \u201cK\u0131z arkada\u015f\u0131ms\u0131n\u201d cevab\u0131n\u0131 veriyor.Ciddi bir ifadeyle, \u201cSevgili gibi mi, yoksa hem \u2018k\u0131z\u2019 hem de \u2018arkada\u015f\u2019olman\u0131n sonucu olan k\u0131z arkada\u015f m\u0131?\u201d diye soruyorum.S\u0131k\u0131ca sar\u0131l\u0131p kula\u011f\u0131ma f\u0131s\u0131ld\u0131yor: \u201cSevgilimsin!\u201dEsas K\u0131z, Esas O\u011flan ile tan\u0131\u015ft\u0131\u011f\u0131nda niyeti bu yaramaz gen\u00e7 adama ya\u015fam ko\u00e7lu\u011fu yaparak onu yola getirmekti.  Ama Esas K\u0131z\u2019\u0131n unuttu\u011fu bir \u015fey vard\u0131: Kendisi tam bir sorunlu erkek m\u0131knat\u0131s\u0131yd\u0131. Ve bu ili\u015fkide ger\u00e7ek ya\u015fam ko\u00e7u a\u015fk\u0131n ta kendisi olacakt\u0131! <\/p>\n","protected":false},"excerpt":{"rendered":"<p>Y\u00fcksek dozda a\u015fk i\u00e7erir!Yava\u015f\u00e7a sokuluyorum&#8230; Ba\u015f\u0131n\u0131 boynuma yerle\u015ftirip s\u0131ms\u0131k\u0131 sar\u0131l\u0131p \u00f6p\u00fcyor beni. Huzursuzum. Sanki i\u00e7imi bir \u015feyler kemiriyor. Tekrar ayn\u0131 \u015feyleri ya\u015famak istemiyorum. Ani bir hamleyle<span class=\"excerpt-hellip\"> [\u2026]<\/span><\/p>\n","protected":false},"featured_media":0,"template":"","meta":{"_monsterinsights_skip_tracking":false,"_monsterinsights_sitenote_active":false,"_monsterinsights_sitenote_note":"","_monsterinsights_sitenote_category":0},"product_brand":[],"product_cat":[12291,12711],"product_tag":[],"class_list":{"0":"post-712476","1":"product","2":"type-product","3":"status-publish","5":"product_cat-edebiyat","6":"product_cat-roman-oyku","7":"pa_cilt-ciltsiz","8":"pa_tur-kitap","9":"pa_yayinevi-dogan-novus","10":"pa_yazar-sevin-balliktas","12":"first","13":"instock","14":"sale","15":"shipping-taxable","16":"purchasable","17":"product-type-simple"},"_links":{"self":[{"href":"https:\/\/roveyayinevi.com.tr\/index.php\/wp-json\/wp\/v2\/product\/712476","targetHints":{"allow":["GET"]}}],"collection":[{"href":"https:\/\/roveyayinevi.com.tr\/index.php\/wp-json\/wp\/v2\/product"}],"about":[{"href":"https:\/\/roveyayinevi.com.tr\/index.php\/wp-json\/wp\/v2\/types\/product"}],"wp:attachment":[{"href":"https:\/\/roveyayinevi.com.tr\/index.php\/wp-json\/wp\/v2\/media?parent=712476"}],"wp:term":[{"taxonomy":"product_brand","embeddable":true,"href":"https:\/\/roveyayinevi.com.tr\/index.php\/wp-json\/wp\/v2\/product_brand?post=712476"},{"taxonomy":"product_cat","embeddable":true,"href":"https:\/\/roveyayinevi.com.tr\/index.php\/wp-json\/wp\/v2\/product_cat?post=712476"},{"taxonomy":"product_tag","embeddable":true,"href":"https:\/\/roveyayinevi.com.tr\/index.php\/wp-json\/wp\/v2\/product_tag?post=712476"}],"curies":[{"name":"wp","href":"https:\/\/api.w.org\/{rel}","templated":true}]}}