{"id":712468,"date":"2025-08-27T16:56:33","date_gmt":"2025-08-27T13:56:33","guid":{"rendered":"https:\/\/roveyayinevi.com.tr\/index.php\/urun\/dada-manifestolari-diger-metinler\/"},"modified":"2026-04-16T02:21:00","modified_gmt":"2026-04-15T23:21:00","slug":"dada-manifestolari-diger-metinler","status":"publish","type":"product","link":"https:\/\/roveyayinevi.com.tr\/index.php\/urun\/dada-manifestolari-diger-metinler\/","title":{"rendered":"Dada Manifestolar\u0131 &amp; Di\u011fer Metinler"},"content":{"rendered":"<p>Yirminci y\u00fczy\u0131l\u0131n ilk avangard sanat hareketlerinden biri olan Dada ak\u0131m\u0131n\u0131n, kurumsall\u0131\u011fa, konformizmin her \u00e7e\u015fidine reddiye niteli\u011fi ta\u015f\u0131yan, burjuva d\u00fczenin her alan\u0131na d\u00f6n\u00fck radikal bir y\u0131k\u0131c\u0131l\u0131k ve m\u00fccadele azmi i\u00e7eren bu oyunbaz manifestolar\u0131 ayn\u0131 zamanda b\u00fcy\u00fck bir sevin\u00e7 ve co\u015fkunun da ta\u015f\u0131y\u0131c\u0131s\u0131yd\u0131. Dayat\u0131lan t\u00fcm kurallar\u0131 reddederken \u201chayat\u201d\u0131 savunan ve yepyeni bir \u015fiirsel deneyimi ya\u015fam deneyimiyle, \u00f6fke ve kahkahan\u0131n bulu\u015fmas\u0131yla harmanlayan, anlam ve mant\u0131k kurallar\u0131n\u0131 hi\u00e7e sayarak sanat\u0131 zincirlerinden kurtar\u0131p bir \u015fenlik alan\u0131na d\u00f6n\u00fc\u015ft\u00fcren bu k\u0131sa \u00f6m\u00fcrl\u00fc avangard hareket \u00e7a\u011f\u0131n t\u00fckenmi\u015fli\u011fini abs\u00fcrdle if\u015fa ediyor. I. D\u00fcnya Sava\u015f\u0131 y\u0131llar\u0131nda, ilk b\u00fcy\u00fck insan k\u0131y\u0131m\u0131n\u0131n ve burjuva d\u00fcnyan\u0131n ilk b\u00fcy\u00fck \u00e7\u00f6k\u00fc\u015f\u00fcn\u00fcn ortas\u0131nda kamuoyunu \u015fa\u015f\u0131rt\u0131p sarsmay\u0131, b\u00f6ylece kitlesel bir fark\u0131ndal\u0131k yaratmay\u0131 ama\u00e7layan Dada Manifestolar\u0131, Francis Picabia\u2019n\u0131n \u00e7izimleri ve T\u00fcrk\u00e7eye ilk kez \u00e7evrilen Di\u011fer Metinler (Lampisteries) ile birlikte, okundu\u011fu salonlar\u0131n yank\u0131s\u0131n\u0131 ta\u015f\u0131yor. <\/p>\n","protected":false},"excerpt":{"rendered":"<p>Yirminci y\u00fczy\u0131l\u0131n ilk avangard sanat hareketlerinden biri olan Dada ak\u0131m\u0131n\u0131n, kurumsall\u0131\u011fa, konformizmin her \u00e7e\u015fidine reddiye niteli\u011fi ta\u015f\u0131yan, burjuva d\u00fczenin her alan\u0131na d\u00f6n\u00fck radikal bir y\u0131k\u0131c\u0131l\u0131k ve<span class=\"excerpt-hellip\"> [\u2026]<\/span><\/p>\n","protected":false},"featured_media":0,"template":"","meta":{"_monsterinsights_skip_tracking":false,"_monsterinsights_sitenote_active":false,"_monsterinsights_sitenote_note":"","_monsterinsights_sitenote_category":0},"product_brand":[],"product_cat":[12408,14197],"product_tag":[],"class_list":{"0":"post-712468","1":"product","2":"type-product","3":"status-publish","5":"product_cat-sanat","6":"product_cat-sanat-tarihi","7":"pa_cilt-ciltsiz","8":"pa_tur-kitap","9":"pa_yayinevi-sel-yayincilik","10":"pa_yazar-tristan-tzara","12":"first","13":"instock","14":"sale","15":"shipping-taxable","16":"purchasable","17":"product-type-simple"},"_links":{"self":[{"href":"https:\/\/roveyayinevi.com.tr\/index.php\/wp-json\/wp\/v2\/product\/712468","targetHints":{"allow":["GET"]}}],"collection":[{"href":"https:\/\/roveyayinevi.com.tr\/index.php\/wp-json\/wp\/v2\/product"}],"about":[{"href":"https:\/\/roveyayinevi.com.tr\/index.php\/wp-json\/wp\/v2\/types\/product"}],"wp:attachment":[{"href":"https:\/\/roveyayinevi.com.tr\/index.php\/wp-json\/wp\/v2\/media?parent=712468"}],"wp:term":[{"taxonomy":"product_brand","embeddable":true,"href":"https:\/\/roveyayinevi.com.tr\/index.php\/wp-json\/wp\/v2\/product_brand?post=712468"},{"taxonomy":"product_cat","embeddable":true,"href":"https:\/\/roveyayinevi.com.tr\/index.php\/wp-json\/wp\/v2\/product_cat?post=712468"},{"taxonomy":"product_tag","embeddable":true,"href":"https:\/\/roveyayinevi.com.tr\/index.php\/wp-json\/wp\/v2\/product_tag?post=712468"}],"curies":[{"name":"wp","href":"https:\/\/api.w.org\/{rel}","templated":true}]}}