{"id":712461,"date":"2025-08-27T16:56:30","date_gmt":"2025-08-27T13:56:30","guid":{"rendered":"https:\/\/roveyayinevi.com.tr\/index.php\/urun\/dersen-zmane-kurdi-kurtce-dil-dersleri\/"},"modified":"2026-04-16T02:21:00","modified_gmt":"2026-04-15T23:21:00","slug":"dersen-zmane-kurdi-kurtce-dil-dersleri","status":"publish","type":"product","link":"https:\/\/roveyayinevi.com.tr\/index.php\/urun\/dersen-zmane-kurdi-kurtce-dil-dersleri\/","title":{"rendered":"Dersen Zmane Kurdi (K\u00fcrt\u00e7e Dil Dersleri)"},"content":{"rendered":"<p>Ev \u00e7apa 8\u2019an e. Di v\u00ea \u00e7apa teze da w\u00eaney\u00ean kiteb\u00ea j\u00ee hatin guhartin. Y\u00ean teze bi aliy\u00ea hunermend\u00ea h\u00eaja Arif Sev\u00een\u00e7 hatin \u00e7\u00eakirin. \u015eikl\u00ea berg\u00ea p\u00ea\u015f\u00een j\u00ee bi aliy\u00ea Kamer Beys\u00fblen hatiye \u00e7\u00eakirin ku w\u00eaney\u00ea ser\u00ea tems\u00eela \u00e7iv\u00eeka anka dike, ku ji xweliya xwe cardin j\u00eendar dibe.<\/p>\n","protected":false},"excerpt":{"rendered":"<p>Ev \u00e7apa 8\u2019an e. Di v\u00ea \u00e7apa teze da w\u00eaney\u00ean kiteb\u00ea j\u00ee hatin guhartin. Y\u00ean teze bi aliy\u00ea hunermend\u00ea h\u00eaja Arif Sev\u00een\u00e7 hatin \u00e7\u00eakirin. \u015eikl\u00ea berg\u00ea<span class=\"excerpt-hellip\"> [\u2026]<\/span><\/p>\n","protected":false},"featured_media":0,"template":"","meta":{"_monsterinsights_skip_tracking":false,"_monsterinsights_sitenote_active":false,"_monsterinsights_sitenote_note":"","_monsterinsights_sitenote_category":0},"product_brand":[],"product_cat":[14597,12566],"product_tag":[],"class_list":{"0":"post-712461","1":"product","2":"type-product","3":"status-publish","5":"product_cat-dil-ogrenimi","6":"product_cat-egitim","7":"pa_cilt-ciltsiz","8":"pa_tur-kitap","9":"pa_yayinevi-ozgurluk-yolu-vakfi-yayinlari","10":"pa_yazar-kemal-burkay","12":"first","13":"instock","14":"sale","15":"shipping-taxable","16":"purchasable","17":"product-type-simple"},"_links":{"self":[{"href":"https:\/\/roveyayinevi.com.tr\/index.php\/wp-json\/wp\/v2\/product\/712461","targetHints":{"allow":["GET"]}}],"collection":[{"href":"https:\/\/roveyayinevi.com.tr\/index.php\/wp-json\/wp\/v2\/product"}],"about":[{"href":"https:\/\/roveyayinevi.com.tr\/index.php\/wp-json\/wp\/v2\/types\/product"}],"wp:attachment":[{"href":"https:\/\/roveyayinevi.com.tr\/index.php\/wp-json\/wp\/v2\/media?parent=712461"}],"wp:term":[{"taxonomy":"product_brand","embeddable":true,"href":"https:\/\/roveyayinevi.com.tr\/index.php\/wp-json\/wp\/v2\/product_brand?post=712461"},{"taxonomy":"product_cat","embeddable":true,"href":"https:\/\/roveyayinevi.com.tr\/index.php\/wp-json\/wp\/v2\/product_cat?post=712461"},{"taxonomy":"product_tag","embeddable":true,"href":"https:\/\/roveyayinevi.com.tr\/index.php\/wp-json\/wp\/v2\/product_tag?post=712461"}],"curies":[{"name":"wp","href":"https:\/\/api.w.org\/{rel}","templated":true}]}}