{"id":712446,"date":"2025-08-27T16:56:21","date_gmt":"2025-08-27T13:56:21","guid":{"rendered":"https:\/\/roveyayinevi.com.tr\/index.php\/urun\/delikli-kitaplar-serisi-gozluklu-aslan\/"},"modified":"2026-04-16T02:21:00","modified_gmt":"2026-04-15T23:21:00","slug":"delikli-kitaplar-serisi-gozluklu-aslan","status":"publish","type":"product","link":"https:\/\/roveyayinevi.com.tr\/index.php\/urun\/delikli-kitaplar-serisi-gozluklu-aslan\/","title":{"rendered":"Delikli Kitaplar Serisi &#8211; G\u00f6zl\u00fckl\u00fc Aslan"},"content":{"rendered":"<p>Bir\u00e7ok ki\u015fi, g\u00f6zleri iyi g\u00f6rmedi\u011fi i\u00e7in g\u00f6zl\u00fck tak\u0131yor. Bu kitap de\u011fi\u015fik meslekleri tan\u0131t\u0131rken g\u00f6zl\u00fck kullanman\u0131n \u00f6nemine de de\u011finiyor.Acaba itfaiyeci olan, Aslan K\u00f6p\u00fck m\u00fc yoksa \u015eempanze Otto mu? Delikli kitaplar serimizin 10. kitab\u0131 olan ve \u00e7ocuklara okurken \u00e7ok e\u011flenece\u011finiz G\u00f6zl\u00fckl\u00fc, \u00e7e\u015fitli aslanlar\u0131 ve meslekleri e\u011flenceli g\u00f6rseller ve \u015fiirsel bir dille anlat\u0131yor\u2026 <\/p>\n","protected":false},"excerpt":{"rendered":"<p>Bir\u00e7ok ki\u015fi, g\u00f6zleri iyi g\u00f6rmedi\u011fi i\u00e7in g\u00f6zl\u00fck tak\u0131yor. Bu kitap de\u011fi\u015fik meslekleri tan\u0131t\u0131rken g\u00f6zl\u00fck kullanman\u0131n \u00f6nemine de de\u011finiyor.Acaba itfaiyeci olan, Aslan K\u00f6p\u00fck m\u00fc yoksa \u015eempanze Otto<span class=\"excerpt-hellip\"> [\u2026]<\/span><\/p>\n","protected":false},"featured_media":0,"template":"","meta":{"_monsterinsights_skip_tracking":false,"_monsterinsights_sitenote_active":false,"_monsterinsights_sitenote_note":"","_monsterinsights_sitenote_category":0},"product_brand":[],"product_cat":[12913,12274],"product_tag":[],"class_list":{"0":"post-712446","1":"product","2":"type-product","3":"status-publish","5":"product_cat-3-6-yas-kitaplari","6":"product_cat-cocuk-ve-genclik-kitaplari","7":"pa_cilt-ciltli","8":"pa_tur-kitap","9":"pa_yayinevi-potikare-yayincilik","10":"pa_yazar-kollektif","12":"first","13":"instock","14":"sale","15":"shipping-taxable","16":"purchasable","17":"product-type-simple"},"_links":{"self":[{"href":"https:\/\/roveyayinevi.com.tr\/index.php\/wp-json\/wp\/v2\/product\/712446","targetHints":{"allow":["GET"]}}],"collection":[{"href":"https:\/\/roveyayinevi.com.tr\/index.php\/wp-json\/wp\/v2\/product"}],"about":[{"href":"https:\/\/roveyayinevi.com.tr\/index.php\/wp-json\/wp\/v2\/types\/product"}],"wp:attachment":[{"href":"https:\/\/roveyayinevi.com.tr\/index.php\/wp-json\/wp\/v2\/media?parent=712446"}],"wp:term":[{"taxonomy":"product_brand","embeddable":true,"href":"https:\/\/roveyayinevi.com.tr\/index.php\/wp-json\/wp\/v2\/product_brand?post=712446"},{"taxonomy":"product_cat","embeddable":true,"href":"https:\/\/roveyayinevi.com.tr\/index.php\/wp-json\/wp\/v2\/product_cat?post=712446"},{"taxonomy":"product_tag","embeddable":true,"href":"https:\/\/roveyayinevi.com.tr\/index.php\/wp-json\/wp\/v2\/product_tag?post=712446"}],"curies":[{"name":"wp","href":"https:\/\/api.w.org\/{rel}","templated":true}]}}