{"id":712445,"date":"2025-08-27T16:56:21","date_gmt":"2025-08-27T13:56:21","guid":{"rendered":"https:\/\/roveyayinevi.com.tr\/index.php\/urun\/delikli-kitaplar-serisi-benim-yuvam-nerede\/"},"modified":"2026-04-16T02:21:00","modified_gmt":"2026-04-15T23:21:00","slug":"delikli-kitaplar-serisi-benim-yuvam-nerede","status":"publish","type":"product","link":"https:\/\/roveyayinevi.com.tr\/index.php\/urun\/delikli-kitaplar-serisi-benim-yuvam-nerede\/","title":{"rendered":"Delikli Kitaplar Serisi &#8211; Benim Yuvam Nerede"},"content":{"rendered":"<p>Yuvas\u0131n\u0131 arayan minik bir fare, yolda rastlad\u0131\u011f\u0131 hayvanlara yuvas\u0131n\u0131n yerini soruyor.Acaba ak\u015fam olmadan yuvas\u0131n\u0131 bulabilecek mi? Delikli kitaplar serimizin 11. kitab\u0131 olan ve \u00e7ocuklara okurken \u00e7ok e\u011flenece\u011finiz Benim Yuvam Nerede, yaban hayvanlar\u0131n\u0131n ne t\u00fcr yuvalarda ya\u015fad\u0131\u011f\u0131n\u0131 \u015fiirsel bir dille anlat\u0131yor\u2026 <\/p>\n","protected":false},"excerpt":{"rendered":"<p>Yuvas\u0131n\u0131 arayan minik bir fare, yolda rastlad\u0131\u011f\u0131 hayvanlara yuvas\u0131n\u0131n yerini soruyor.Acaba ak\u015fam olmadan yuvas\u0131n\u0131 bulabilecek mi? Delikli kitaplar serimizin 11. kitab\u0131 olan ve \u00e7ocuklara okurken \u00e7ok<span class=\"excerpt-hellip\"> [\u2026]<\/span><\/p>\n","protected":false},"featured_media":0,"template":"","meta":{"_monsterinsights_skip_tracking":false,"_monsterinsights_sitenote_active":false,"_monsterinsights_sitenote_note":"","_monsterinsights_sitenote_category":0},"product_brand":[],"product_cat":[12913,12274],"product_tag":[],"class_list":{"0":"post-712445","1":"product","2":"type-product","3":"status-publish","5":"product_cat-3-6-yas-kitaplari","6":"product_cat-cocuk-ve-genclik-kitaplari","7":"pa_cilt-ciltli","8":"pa_tur-kitap","9":"pa_yayinevi-potikare-yayincilik","10":"pa_yazar-kollektif","12":"first","13":"instock","14":"sale","15":"shipping-taxable","16":"purchasable","17":"product-type-simple"},"_links":{"self":[{"href":"https:\/\/roveyayinevi.com.tr\/index.php\/wp-json\/wp\/v2\/product\/712445","targetHints":{"allow":["GET"]}}],"collection":[{"href":"https:\/\/roveyayinevi.com.tr\/index.php\/wp-json\/wp\/v2\/product"}],"about":[{"href":"https:\/\/roveyayinevi.com.tr\/index.php\/wp-json\/wp\/v2\/types\/product"}],"wp:attachment":[{"href":"https:\/\/roveyayinevi.com.tr\/index.php\/wp-json\/wp\/v2\/media?parent=712445"}],"wp:term":[{"taxonomy":"product_brand","embeddable":true,"href":"https:\/\/roveyayinevi.com.tr\/index.php\/wp-json\/wp\/v2\/product_brand?post=712445"},{"taxonomy":"product_cat","embeddable":true,"href":"https:\/\/roveyayinevi.com.tr\/index.php\/wp-json\/wp\/v2\/product_cat?post=712445"},{"taxonomy":"product_tag","embeddable":true,"href":"https:\/\/roveyayinevi.com.tr\/index.php\/wp-json\/wp\/v2\/product_tag?post=712445"}],"curies":[{"name":"wp","href":"https:\/\/api.w.org\/{rel}","templated":true}]}}