{"id":712433,"date":"2025-08-27T16:55:39","date_gmt":"2025-08-27T13:55:39","guid":{"rendered":"https:\/\/roveyayinevi.com.tr\/index.php\/urun\/soz-ucar\/"},"modified":"2026-04-16T02:21:00","modified_gmt":"2026-04-15T23:21:00","slug":"soz-ucar","status":"publish","type":"product","link":"https:\/\/roveyayinevi.com.tr\/index.php\/urun\/soz-ucar\/","title":{"rendered":"S\u00f6z U\u00e7ar"},"content":{"rendered":"<p>S\u00f6z U\u00e7ar \u00f6yk\u00fcc\u00fc, romanc\u0131, deneme yazar\u0131 Nedim G\u00fcrsel\u2019in Jorge Semprun, Juan Goytisolo, Nathalie Sarraute, Etiemble, Alain Bosquet, Lawrence Ferlinghetti, Ya\u015far Kemal, Mahmut Dervi\u015f, Abidin Dino, Pertev Naili Boratav ve Peter Schneider\u2019la \u00e7e\u015fitli zamanlarda yapt\u0131\u011f\u0131 s\u00f6yle\u015filerden olu\u015fuyor.  Nedim G\u00fcrsel, \u00e7a\u011f\u0131na tan\u0131k ayd\u0131n ve sanat\u00e7\u0131larla y\u00fcz y\u00fcze geli\u015fini, s\u00f6yle\u015fi yapma amac\u0131n\u0131, ortak duygu ve d\u00fc\u015f\u00fcncelerin bulu\u015fma noktalar\u0131 olarak a\u00e7\u0131kl\u0131yor ve \u015f\u00f6yle diyor: \u201cBu s\u00f6yle\u015filerin ayr\u0131nt\u0131lara y\u00f6nelen, yaz\u0131n-toplum-siyaset-k\u00fclt\u00fcr aras\u0131ndaki ili\u015fkileri irdelerken d\u00fcnyam\u0131z\u0131n sorunlar\u0131na da a\u00e7\u0131lan niteli\u011fi, san\u0131yorum g\u00fcn\u00fcm\u00fczde de ge\u00e7erlili\u011fini koruyor. Konu\u015ftu\u011fum ki\u015filere yaln\u0131zca soru sormakla yetinmedi\u011fimi, yap\u0131tlar\u0131n\u0131 \u00e7\u00f6z\u00fcmleyici bir yakla\u015f\u0131mla ele alarak onlar\u0131 okurlar\u0131n g\u00f6z\u00fcnde daha anla\u015f\u0131l\u0131r ve g\u00f6r\u00fcn\u00fcr k\u0131lmaya \u00e7abalad\u0131\u011f\u0131m\u0131 \u00f6zellikle belirtmek isterim.\u201d  G\u00fcrsel, kitapta yer alan ve farkl\u0131 k\u00fclt\u00fcr co\u011frafyalar\u0131ndan gelen bu yazar ve sanat\u00e7\u0131lar\u0131n renkli d\u00fcnyalar\u0131n\u0131n kap\u0131lar\u0131n\u0131 okurlara a\u00e7\u0131yor. <\/p>\n","protected":false},"excerpt":{"rendered":"<p>S\u00f6z U\u00e7ar \u00f6yk\u00fcc\u00fc, romanc\u0131, deneme yazar\u0131 Nedim G\u00fcrsel\u2019in Jorge Semprun, Juan Goytisolo, Nathalie Sarraute, Etiemble, Alain Bosquet, Lawrence Ferlinghetti, Ya\u015far Kemal, Mahmut Dervi\u015f, Abidin Dino, Pertev<span class=\"excerpt-hellip\"> [\u2026]<\/span><\/p>\n","protected":false},"featured_media":0,"template":"","meta":{"_monsterinsights_skip_tracking":false,"_monsterinsights_sitenote_active":false,"_monsterinsights_sitenote_note":"","_monsterinsights_sitenote_category":0},"product_brand":[],"product_cat":[12364,12826],"product_tag":[],"class_list":{"0":"post-712433","1":"product","2":"type-product","3":"status-publish","5":"product_cat-genel-konular","6":"product_cat-soylesi","7":"pa_cilt-ciltsiz","8":"pa_tur-kitap","9":"pa_yayinevi-dogan-kitap","10":"pa_yazar-nedim-gursel","12":"first","13":"instock","14":"sale","15":"shipping-taxable","16":"purchasable","17":"product-type-simple"},"_links":{"self":[{"href":"https:\/\/roveyayinevi.com.tr\/index.php\/wp-json\/wp\/v2\/product\/712433","targetHints":{"allow":["GET"]}}],"collection":[{"href":"https:\/\/roveyayinevi.com.tr\/index.php\/wp-json\/wp\/v2\/product"}],"about":[{"href":"https:\/\/roveyayinevi.com.tr\/index.php\/wp-json\/wp\/v2\/types\/product"}],"wp:attachment":[{"href":"https:\/\/roveyayinevi.com.tr\/index.php\/wp-json\/wp\/v2\/media?parent=712433"}],"wp:term":[{"taxonomy":"product_brand","embeddable":true,"href":"https:\/\/roveyayinevi.com.tr\/index.php\/wp-json\/wp\/v2\/product_brand?post=712433"},{"taxonomy":"product_cat","embeddable":true,"href":"https:\/\/roveyayinevi.com.tr\/index.php\/wp-json\/wp\/v2\/product_cat?post=712433"},{"taxonomy":"product_tag","embeddable":true,"href":"https:\/\/roveyayinevi.com.tr\/index.php\/wp-json\/wp\/v2\/product_tag?post=712433"}],"curies":[{"name":"wp","href":"https:\/\/api.w.org\/{rel}","templated":true}]}}