{"id":712425,"date":"2025-08-27T16:55:35","date_gmt":"2025-08-27T13:55:35","guid":{"rendered":"https:\/\/roveyayinevi.com.tr\/index.php\/urun\/okul-oncesi-egitimde-aile-egitimi-ve-katilimi\/"},"modified":"2026-04-16T02:21:00","modified_gmt":"2026-04-15T23:21:00","slug":"okul-oncesi-egitimde-aile-egitimi-ve-katilimi","status":"publish","type":"product","link":"https:\/\/roveyayinevi.com.tr\/index.php\/urun\/okul-oncesi-egitimde-aile-egitimi-ve-katilimi\/","title":{"rendered":"Okul \u00d6ncesi Egitimde Aile E\u011fitimi Ve Kat\u0131l\u0131m\u0131"},"content":{"rendered":"<p>Okul \u00f6ncesinde aile kat\u0131l\u0131m\u0131, hem \u00e7ocu\u011fun geli\u015fimini destekleyecek hem de okul \u00f6ncesi e\u011fitimin niteli\u011fini art\u0131racakt\u0131r. Ayr\u0131ca anne babalar okul \u00f6ncesi e\u011fitim konusunda fark\u0131ndal\u0131k kazanman\u0131n yan\u0131 s\u0131ra \u00e7ocuklar\u0131n\u0131 da daha yak\u0131ndan tan\u0131ma f\u0131rsat\u0131 elde edebilecektir. Aile kat\u0131l\u0131m\u0131yla \u00e7ocu\u011fun yak\u0131n \u00e7evresini olu\u015fturan ev ortam\u0131 e\u011fitsel a\u00e7\u0131dan daha elveri\u015fli bir ortama d\u00f6n\u00fc\u015fecek, okuldaki e\u011fitimin evde de s\u00fcrd\u00fcr\u00fclebilirli\u011fi sa\u011flanacakt\u0131r. <\/p>\n","protected":false},"excerpt":{"rendered":"<p>Okul \u00f6ncesinde aile kat\u0131l\u0131m\u0131, hem \u00e7ocu\u011fun geli\u015fimini destekleyecek hem de okul \u00f6ncesi e\u011fitimin niteli\u011fini art\u0131racakt\u0131r. Ayr\u0131ca anne babalar okul \u00f6ncesi e\u011fitim konusunda fark\u0131ndal\u0131k kazanman\u0131n yan\u0131 s\u0131ra<span class=\"excerpt-hellip\"> [\u2026]<\/span><\/p>\n","protected":false},"featured_media":0,"template":"","meta":{"_monsterinsights_skip_tracking":false,"_monsterinsights_sitenote_active":false,"_monsterinsights_sitenote_note":"","_monsterinsights_sitenote_category":0},"product_brand":[],"product_cat":[13772,12364],"product_tag":[],"class_list":{"0":"post-712425","1":"product","2":"type-product","3":"status-publish","5":"product_cat-basvuru-kitaplari","6":"product_cat-genel-konular","7":"pa_cilt-ciltsiz","8":"pa_tur-kitap","9":"pa_yayinevi-egiten-kitap","10":"pa_yazar-emine-yilmaz-bolat","12":"first","13":"instock","14":"sale","15":"shipping-taxable","16":"purchasable","17":"product-type-simple"},"_links":{"self":[{"href":"https:\/\/roveyayinevi.com.tr\/index.php\/wp-json\/wp\/v2\/product\/712425","targetHints":{"allow":["GET"]}}],"collection":[{"href":"https:\/\/roveyayinevi.com.tr\/index.php\/wp-json\/wp\/v2\/product"}],"about":[{"href":"https:\/\/roveyayinevi.com.tr\/index.php\/wp-json\/wp\/v2\/types\/product"}],"wp:attachment":[{"href":"https:\/\/roveyayinevi.com.tr\/index.php\/wp-json\/wp\/v2\/media?parent=712425"}],"wp:term":[{"taxonomy":"product_brand","embeddable":true,"href":"https:\/\/roveyayinevi.com.tr\/index.php\/wp-json\/wp\/v2\/product_brand?post=712425"},{"taxonomy":"product_cat","embeddable":true,"href":"https:\/\/roveyayinevi.com.tr\/index.php\/wp-json\/wp\/v2\/product_cat?post=712425"},{"taxonomy":"product_tag","embeddable":true,"href":"https:\/\/roveyayinevi.com.tr\/index.php\/wp-json\/wp\/v2\/product_tag?post=712425"}],"curies":[{"name":"wp","href":"https:\/\/api.w.org\/{rel}","templated":true}]}}