{"id":712417,"date":"2025-08-27T16:55:31","date_gmt":"2025-08-27T13:55:31","guid":{"rendered":"https:\/\/roveyayinevi.com.tr\/index.php\/urun\/tasavvuf-islamin-kalbi\/"},"modified":"2026-04-16T02:21:00","modified_gmt":"2026-04-15T23:21:00","slug":"tasavvuf-islamin-kalbi","status":"publish","type":"product","link":"https:\/\/roveyayinevi.com.tr\/index.php\/urun\/tasavvuf-islamin-kalbi\/","title":{"rendered":"Tasavvuf: \u0130slam\u2019\u0131n Kalbi"},"content":{"rendered":"<p>Tasavvuf: \u0130sl\u00e2m\u2019\u0131n Kalbi adl\u0131 bu eser; s\u00fbf\u00eelerin ya\u015fayageldi\u011fi, hocadan \u00f6\u011frenciye aktar\u0131larak g\u00fcn\u00fcm\u00fcze ula\u015fan derin \u0130sl\u00e2m\u00ee hayata dair Hazret-i Muhammed\u2019e (s.a.s) kadar uzanan bir silsilenin g\u00fcn\u00fcm\u00fczdeki temsilcisi Cheikh Khaled Bentoun\u00e8s taraf\u0131ndan yaz\u0131lm\u0131\u015ft\u0131r. Bentoun\u00e8s, Bat\u0131\u2019da e\u011fitim ald\u0131ktan sonra, babas\u0131n\u0131n vefat\u0131n\u0131 m\u00fcteakip Alawiya tar\u00eekat\u0131n\u0131n ba\u015f\u0131na se\u00e7ilmi\u015ftir. Meslek\u00ee u\u011fra\u015f\u0131lar\u0131na ra\u011fmen, \u0130sl\u00e2m\u2019\u0131n \u00f6z\u00fc olan tasavvufu aktarmak i\u00e7in Avrupa\u2019y\u0131, Afrika \u00fclkelerini ve Orta Do\u011fu\u2019yu dola\u015fm\u0131\u015ft\u0131r. Bin y\u0131ll\u0131k bir \u00f6\u011fretinin temellerini hat\u0131rlatan bu kitap, ya\u015fanm\u0131\u015f m\u00e2nev\u00ee bir deneyimin \u015f\u00e2hitli\u011fi ve payla\u015f\u0131m\u0131d\u0131r. Eserde \u00f6nce Bentoun\u00e8s\u2019in hayat\u0131 anlat\u0131lmakta, ard\u0131ndan tasavvuf gelene\u011fi, ins\u00e2n-\u0131 k\u00e2mil, cihat, m\u00fcr\u015fit ve m\u00fcrit, \u0130sl\u00e2m\u2019\u0131n be\u015f \u015fart\u0131, \u00e7al\u0131\u015fma hayat\u0131, halvet, erkek ve kad\u0131n, yarat\u0131l\u0131\u015f, besmele, \u00f6l\u00fcm gibi mevzular \u00fczerinde durulmaktad\u0131r. \u201cCheikh Khaled Bentoun\u00e8s, maalesef g\u00fcn\u00fcm\u00fcz M\u00fcsl\u00fcman d\u00fcnyas\u0131n\u0131n verdi\u011fi \u015fiddet dolu imaj sebebiyle pek \u00e7o\u011fumuzun belki de hi\u00e7 i\u00e7ine girmek istemedi\u011fi, ancak benzersiz ruhsal zenginli\u011fe sahip bir tasavvuf k\u00fclt\u00fcr\u00fcn\u00fc, genellikle kendi s\u00fbf\u00ee grubundaki sohbetlerinde iletti\u011fi \u00f6\u011freti deneyimi \u00e7er\u00e7evesinde, b\u00fcy\u00fck bir basitlikle olman\u0131n yan\u0131 s\u0131ra t\u00fcm derinli\u011fiyle de tan\u0131tarak \u0130sl\u00e2m\u2019a ve Hakikat\u2019e b\u00fcy\u00fck bir hizmet vermektedir.\u201d Christian Delorme <\/p>\n","protected":false},"excerpt":{"rendered":"<p>Tasavvuf: \u0130sl\u00e2m\u2019\u0131n Kalbi adl\u0131 bu eser; s\u00fbf\u00eelerin ya\u015fayageldi\u011fi, hocadan \u00f6\u011frenciye aktar\u0131larak g\u00fcn\u00fcm\u00fcze ula\u015fan derin \u0130sl\u00e2m\u00ee hayata dair Hazret-i Muhammed\u2019e (s.a.s) kadar uzanan bir silsilenin g\u00fcn\u00fcm\u00fczdeki temsilcisi<span class=\"excerpt-hellip\"> [\u2026]<\/span><\/p>\n","protected":false},"featured_media":0,"template":"","meta":{"_monsterinsights_skip_tracking":false,"_monsterinsights_sitenote_active":false,"_monsterinsights_sitenote_note":"","_monsterinsights_sitenote_category":0},"product_brand":[],"product_cat":[12718,12719],"product_tag":[],"class_list":{"0":"post-712417","1":"product","2":"type-product","3":"status-publish","5":"product_cat-din","6":"product_cat-islam","7":"pa_cilt-ciltsiz","8":"pa_tur-kitap","9":"pa_yayinevi-nefes-yayincilik","10":"pa_yazar-cheikh-khaled-bentounes","12":"first","13":"instock","14":"sale","15":"shipping-taxable","16":"purchasable","17":"product-type-simple"},"_links":{"self":[{"href":"https:\/\/roveyayinevi.com.tr\/index.php\/wp-json\/wp\/v2\/product\/712417","targetHints":{"allow":["GET"]}}],"collection":[{"href":"https:\/\/roveyayinevi.com.tr\/index.php\/wp-json\/wp\/v2\/product"}],"about":[{"href":"https:\/\/roveyayinevi.com.tr\/index.php\/wp-json\/wp\/v2\/types\/product"}],"wp:attachment":[{"href":"https:\/\/roveyayinevi.com.tr\/index.php\/wp-json\/wp\/v2\/media?parent=712417"}],"wp:term":[{"taxonomy":"product_brand","embeddable":true,"href":"https:\/\/roveyayinevi.com.tr\/index.php\/wp-json\/wp\/v2\/product_brand?post=712417"},{"taxonomy":"product_cat","embeddable":true,"href":"https:\/\/roveyayinevi.com.tr\/index.php\/wp-json\/wp\/v2\/product_cat?post=712417"},{"taxonomy":"product_tag","embeddable":true,"href":"https:\/\/roveyayinevi.com.tr\/index.php\/wp-json\/wp\/v2\/product_tag?post=712417"}],"curies":[{"name":"wp","href":"https:\/\/api.w.org\/{rel}","templated":true}]}}