{"id":712409,"date":"2025-08-27T16:55:27","date_gmt":"2025-08-27T13:55:27","guid":{"rendered":"https:\/\/roveyayinevi.com.tr\/index.php\/urun\/dortlerin-imzasi\/"},"modified":"2026-04-16T02:20:59","modified_gmt":"2026-04-15T23:20:59","slug":"dortlerin-imzasi","status":"publish","type":"product","link":"https:\/\/roveyayinevi.com.tr\/index.php\/urun\/dortlerin-imzasi\/","title":{"rendered":"D\u00f6rtlerin \u0130mzas\u0131"},"content":{"rendered":"<p>\u201cDoyle&#8217;un eserlerindeki muazzam yetene\u011fi, tutkusu ve edebi zek\u00e2s\u0131 ona \u0130ngiliz edebiyat\u0131nda e\u015fsiz bir yer kazand\u0131r\u0131yor. S\u00fct\u00e7\u00fcye yazd\u0131\u011f\u0131 mektuplar\u0131 okumak i\u00e7in bile s\u0131kan botlarla binlerce kilometre yol y\u00fcr\u00fcrd\u00fcm.\u201d -Stephen Fry 221B Baker Soka\u011f\u0131&#8217;ndaki evinde melankoliye teslim olan Holmes&#8217;un hayat\u0131 birden ortaya \u00e7\u0131kan gizemli ve g\u00fczel bir kad\u0131nla de\u011fi\u015fir. Mary Morstan&#8217;\u0131n babas\u0131 on y\u0131l \u00f6nce kay\u0131plara kar\u0131\u015fm\u0131\u015ft\u0131r ve bu olay\u0131n ard\u0131ndan kendisine her y\u0131l, i\u00e7inde de\u011ferli bir inci olan paketler gelmeye ba\u015flar. Olay\u0131n esrar\u0131n\u0131 \u00e7\u00f6zmek i\u00e7in Sherlock ve Watson&#8217;\u0131n yard\u0131m\u0131 gereklidir. <\/p>\n","protected":false},"excerpt":{"rendered":"<p>\u201cDoyle&#8217;un eserlerindeki muazzam yetene\u011fi, tutkusu ve edebi zek\u00e2s\u0131 ona \u0130ngiliz edebiyat\u0131nda e\u015fsiz bir yer kazand\u0131r\u0131yor. S\u00fct\u00e7\u00fcye yazd\u0131\u011f\u0131 mektuplar\u0131 okumak i\u00e7in bile s\u0131kan botlarla binlerce kilometre yol<span class=\"excerpt-hellip\"> [\u2026]<\/span><\/p>\n","protected":false},"featured_media":0,"template":"","meta":{"_monsterinsights_skip_tracking":false,"_monsterinsights_sitenote_active":false,"_monsterinsights_sitenote_note":"","_monsterinsights_sitenote_category":0},"product_brand":[],"product_cat":[12291,15445],"product_tag":[],"class_list":{"0":"post-712409","1":"product","2":"type-product","3":"status-publish","5":"product_cat-edebiyat","6":"product_cat-polisiye","7":"pa_cilt-ciltsiz","8":"pa_tur-kitap","9":"pa_yayinevi-ithaki-yayinlari","10":"pa_yazar-sir-arthur-conan-doyle","12":"first","13":"instock","14":"sale","15":"shipping-taxable","16":"purchasable","17":"product-type-simple"},"_links":{"self":[{"href":"https:\/\/roveyayinevi.com.tr\/index.php\/wp-json\/wp\/v2\/product\/712409","targetHints":{"allow":["GET"]}}],"collection":[{"href":"https:\/\/roveyayinevi.com.tr\/index.php\/wp-json\/wp\/v2\/product"}],"about":[{"href":"https:\/\/roveyayinevi.com.tr\/index.php\/wp-json\/wp\/v2\/types\/product"}],"wp:attachment":[{"href":"https:\/\/roveyayinevi.com.tr\/index.php\/wp-json\/wp\/v2\/media?parent=712409"}],"wp:term":[{"taxonomy":"product_brand","embeddable":true,"href":"https:\/\/roveyayinevi.com.tr\/index.php\/wp-json\/wp\/v2\/product_brand?post=712409"},{"taxonomy":"product_cat","embeddable":true,"href":"https:\/\/roveyayinevi.com.tr\/index.php\/wp-json\/wp\/v2\/product_cat?post=712409"},{"taxonomy":"product_tag","embeddable":true,"href":"https:\/\/roveyayinevi.com.tr\/index.php\/wp-json\/wp\/v2\/product_tag?post=712409"}],"curies":[{"name":"wp","href":"https:\/\/api.w.org\/{rel}","templated":true}]}}