{"id":712391,"date":"2025-08-27T16:55:15","date_gmt":"2025-08-27T13:55:15","guid":{"rendered":"https:\/\/roveyayinevi.com.tr\/index.php\/urun\/ivan-illich-ile-soylesiler\/"},"modified":"2026-04-16T02:20:59","modified_gmt":"2026-04-15T23:20:59","slug":"ivan-illich-ile-soylesiler","status":"publish","type":"product","link":"https:\/\/roveyayinevi.com.tr\/index.php\/urun\/ivan-illich-ile-soylesiler\/","title":{"rendered":"\u0130van \u0130llich \u0130le S\u00f6yle\u015filer"},"content":{"rendered":"<p>\u201cIvan Illich ile S\u00f6yle\u015filer, Ideas i\u00e7in yapt\u0131\u011f\u0131m radyo programlar\u0131 gibi ince elenip s\u0131k dokunmaya ve yo\u011fun bir bi\u00e7imde d\u00fczenlenmeye m\u00fcsait de\u011fildi. Ancak \u00f6te yandan \u00e7ok doyurucu oldu. Illich, ortaya at\u0131p s\u0131n\u0131rlar\u0131n\u0131\u00e7izdi\u011fi d\u00fc\u015f\u00fcncelerin tutsa\u011f\u0131 olmay\u0131 reddetmeyi becererek, \u00fcn\u00fcn\u00fc a\u015fm\u0131\u015f bir d\u00fc\u015f\u00fcn\u00fcrd\u00fcr. Ben onun duru\u015funu sorgulamak i\u00e7in gelmi\u015ftim ancak tek fark etti\u011fim \u015fey onun yeni bir konuma ge\u00e7i\u015f yapt\u0131\u011f\u0131yd\u0131. Bir keresinde m\u00fclakat s\u0131ras\u0131nda \u00e7ileden \u00e7\u0131kt\u0131m. Ancak Illich sayesinde anlad\u0131m ki Zen Budizm\u2019in \u2018aceminin akl\u0131\u2019 dedi\u011fi \u015fey olmaks\u0131z\u0131n, ger\u00e7ek bir s\u00fcrpriz imkans\u0131zd\u0131r.   Bir aceminin akl\u0131, gidece\u011finizi bildi\u011finiz yere \u2018diyalektik olarak\u2019 varman\u0131z\u0131 sa\u011flayan Sokratik tekni\u011fe uydurulamaz. Ki\u015finin kendi duru\u015funu ger\u00e7ekten dikkate almamas\u0131 gerekir. Illich b\u00f6yle bir bilgeli\u011fe sahipti ve bu hal s\u00f6yle\u015fiye birdenbire, konu d\u0131\u015f\u0131, bitmemi\u015flik niteliklerini verse de, de\u011ferini tam da buna bor\u00e7ludur. Kitap, Illich ile yapt\u0131\u011f\u0131m\u0131z on m\u00fclakattan olu\u015fuyor. Her biri benim Illich\u2019in s\u0131ras\u0131yla bir kitab\u0131n\u0131 tart\u0131\u015fma niyetim ile ba\u015flay\u0131p, onun g\u00f6t\u00fcrd\u00fc\u011f\u00fc yepyeni g\u00f6r\u00fc\u015flerle noktaland\u0131.\u2019 David Calyey s\u00f6yle\u015filerinde,Illich\u2019in entelekt\u00fcel kariyerinin \u00f6zetini sunuyor. En \u00f6nemli kitaplar\u0131n\u0131 yeniden sorguluyor. \u0130lgin\u00e7 bir \u015fekilde Illich, m\u00fclakat\u00e7\u0131dan \u00f6nce kendi eserine yepyeni ve \u015fenlikli ele\u015ftiriler getirip, ufuk a\u00e7\u0131c\u0131 yorumlar yap\u0131yor. Okulsuz Toplum, Sa\u011fl\u0131\u011f\u0131n Gasp\u0131, \u015eenlikli Toplum, ABC Akl\u0131n Ele\u015ftirisi, G\u00f6lge \u0130\u015f, \u0130\u015fsizlik Hakk\u0131 ve dahas\u0131. Yazar, Illich\u2019i tan\u0131mak ve bir kitapta b\u00fct\u00fcn eserlerinden ilham almak i\u00e7in m\u00fckemmel bir f\u0131rsat sunuyor. Yeni \u0130nsan Yay\u0131nevi IvanIllich\u2019in eserlerini yay\u0131nlamaya devam ediyor. <\/p>\n","protected":false},"excerpt":{"rendered":"<p>\u201cIvan Illich ile S\u00f6yle\u015filer, Ideas i\u00e7in yapt\u0131\u011f\u0131m radyo programlar\u0131 gibi ince elenip s\u0131k dokunmaya ve yo\u011fun bir bi\u00e7imde d\u00fczenlenmeye m\u00fcsait de\u011fildi. Ancak \u00f6te yandan \u00e7ok doyurucu<span class=\"excerpt-hellip\"> [\u2026]<\/span><\/p>\n","protected":false},"featured_media":0,"template":"","meta":{"_monsterinsights_skip_tracking":false,"_monsterinsights_sitenote_active":false,"_monsterinsights_sitenote_note":"","_monsterinsights_sitenote_category":0},"product_brand":[],"product_cat":[12364,12826],"product_tag":[],"class_list":{"0":"post-712391","1":"product","2":"type-product","3":"status-publish","5":"product_cat-genel-konular","6":"product_cat-soylesi","7":"pa_cilt-ciltsiz","8":"pa_tur-kitap","9":"pa_yayinevi-yeni-insan-yayinlari","10":"pa_yazar-david-cayley","12":"first","13":"instock","14":"sale","15":"shipping-taxable","16":"purchasable","17":"product-type-simple"},"_links":{"self":[{"href":"https:\/\/roveyayinevi.com.tr\/index.php\/wp-json\/wp\/v2\/product\/712391","targetHints":{"allow":["GET"]}}],"collection":[{"href":"https:\/\/roveyayinevi.com.tr\/index.php\/wp-json\/wp\/v2\/product"}],"about":[{"href":"https:\/\/roveyayinevi.com.tr\/index.php\/wp-json\/wp\/v2\/types\/product"}],"wp:attachment":[{"href":"https:\/\/roveyayinevi.com.tr\/index.php\/wp-json\/wp\/v2\/media?parent=712391"}],"wp:term":[{"taxonomy":"product_brand","embeddable":true,"href":"https:\/\/roveyayinevi.com.tr\/index.php\/wp-json\/wp\/v2\/product_brand?post=712391"},{"taxonomy":"product_cat","embeddable":true,"href":"https:\/\/roveyayinevi.com.tr\/index.php\/wp-json\/wp\/v2\/product_cat?post=712391"},{"taxonomy":"product_tag","embeddable":true,"href":"https:\/\/roveyayinevi.com.tr\/index.php\/wp-json\/wp\/v2\/product_tag?post=712391"}],"curies":[{"name":"wp","href":"https:\/\/api.w.org\/{rel}","templated":true}]}}