{"id":712373,"date":"2025-08-27T16:55:05","date_gmt":"2025-08-27T13:55:05","guid":{"rendered":"https:\/\/roveyayinevi.com.tr\/index.php\/urun\/maaile\/"},"modified":"2026-04-16T02:20:59","modified_gmt":"2026-04-15T23:20:59","slug":"maaile","status":"publish","type":"product","link":"https:\/\/roveyayinevi.com.tr\/index.php\/urun\/maaile\/","title":{"rendered":"Maaile"},"content":{"rendered":"<p>\u015e\u0130\u0130R D\u00c2VASI   \u015eiir bir tan\u0131kt\u0131r Ya\u015fad\u0131\u011f\u0131m\u0131z bir cinayet d\u00e2vas\u0131nda G\u00f6rg\u00fc tan\u0131\u011f\u0131 Dizeler ki \u00e7avlan Sesler sesler s\u00f6zc\u00fckler Akar akar akarsu Sonunda bir su\u00e7 Kalbinden \u00e7ivilenir tahtaya Safranbolu kap\u0131s\u0131   Her\u015fey oyma Bir gelin \u015fimdi girecek i\u00e7eri Su\u00e7 ve Ceza <\/p>\n","protected":false},"excerpt":{"rendered":"<p>\u015e\u0130\u0130R D\u00c2VASI \u015eiir bir tan\u0131kt\u0131r Ya\u015fad\u0131\u011f\u0131m\u0131z bir cinayet d\u00e2vas\u0131nda G\u00f6rg\u00fc tan\u0131\u011f\u0131 Dizeler ki \u00e7avlan Sesler sesler s\u00f6zc\u00fckler Akar akar akarsu Sonunda bir su\u00e7 Kalbinden \u00e7ivilenir tahtaya<span class=\"excerpt-hellip\"> [\u2026]<\/span><\/p>\n","protected":false},"featured_media":0,"template":"","meta":{"_monsterinsights_skip_tracking":false,"_monsterinsights_sitenote_active":false,"_monsterinsights_sitenote_note":"","_monsterinsights_sitenote_category":0},"product_brand":[],"product_cat":[12291,12509],"product_tag":[],"class_list":{"0":"post-712373","1":"product","2":"type-product","3":"status-publish","5":"product_cat-edebiyat","6":"product_cat-siir","7":"pa_cilt-ciltsiz","8":"pa_tur-kitap","9":"pa_yayinevi-is-bankasi-kultur-yayinlari","10":"pa_yazar-can-yucel","12":"first","13":"instock","14":"sale","15":"shipping-taxable","16":"purchasable","17":"product-type-simple"},"_links":{"self":[{"href":"https:\/\/roveyayinevi.com.tr\/index.php\/wp-json\/wp\/v2\/product\/712373","targetHints":{"allow":["GET"]}}],"collection":[{"href":"https:\/\/roveyayinevi.com.tr\/index.php\/wp-json\/wp\/v2\/product"}],"about":[{"href":"https:\/\/roveyayinevi.com.tr\/index.php\/wp-json\/wp\/v2\/types\/product"}],"wp:attachment":[{"href":"https:\/\/roveyayinevi.com.tr\/index.php\/wp-json\/wp\/v2\/media?parent=712373"}],"wp:term":[{"taxonomy":"product_brand","embeddable":true,"href":"https:\/\/roveyayinevi.com.tr\/index.php\/wp-json\/wp\/v2\/product_brand?post=712373"},{"taxonomy":"product_cat","embeddable":true,"href":"https:\/\/roveyayinevi.com.tr\/index.php\/wp-json\/wp\/v2\/product_cat?post=712373"},{"taxonomy":"product_tag","embeddable":true,"href":"https:\/\/roveyayinevi.com.tr\/index.php\/wp-json\/wp\/v2\/product_tag?post=712373"}],"curies":[{"name":"wp","href":"https:\/\/api.w.org\/{rel}","templated":true}]}}