{"id":712368,"date":"2025-08-27T16:55:02","date_gmt":"2025-08-27T13:55:02","guid":{"rendered":"https:\/\/roveyayinevi.com.tr\/index.php\/urun\/doksan-bes-tez\/"},"modified":"2026-04-16T02:20:58","modified_gmt":"2026-04-15T23:20:58","slug":"doksan-bes-tez","status":"publish","type":"product","link":"https:\/\/roveyayinevi.com.tr\/index.php\/urun\/doksan-bes-tez\/","title":{"rendered":"Doksan Be\u015f Tez"},"content":{"rendered":"<p>Martin Luther (1483-1546): Reform\u2019un temellerini atan Alman ilahiyat\u00e7\u0131, besteci, rahip ve ke\u015fi\u015f. Orta halli birailenin \u00e7ocu\u011fudur. \u00d6nce Magdeburg Latin okulunda, dahasonra Erfurt \u00dcniversitesi\u2019nde e\u011fitim ald\u0131. 1511\u2019de doktoraderecesi ald\u0131, ilahiyat ve felsefe dersleri verdi. 1515\u2019teSaksonya ve T\u00fcringiya b\u00f6lgesindeki kiliselerden sorumlupiskopos naibi oldu. 1517 y\u0131l\u0131nda end\u00fcljanslar\u0131 ele\u015ftirenDoksan Be\u015f Tez\u2019ini Albrecht von Brandenburg\u2019a g\u00f6nderdi. Bu tezler k\u0131sa s\u00fcrede \u00f6nce Almanya\u2019ya, iki ay gibi k\u0131sabir s\u00fcrede de Avrupa\u2019ya yay\u0131ld\u0131. Yazd\u0131\u011f\u0131 \u00f6nemli eserlerlekendi kilisesinin ve Protestanl\u0131\u011f\u0131n temellerini att\u0131. \u0130ncil\u2019iAlmancaya \u00e7evirdi, genel ibadet t\u00f6renlerini d\u00fczenledi. 2017\u2019de 500. ya\u015f\u0131n\u0131 dolduran Reform\u2019un ilk manifestosuDoksan Be\u015f Tez ve Luther\u2019in Albrecht von Brandenburg\u2019ayazd\u0131\u011f\u0131 mektup Hasan \u00c2li Y\u00fccel Klasikler Dizisi\u2019nde. <\/p>\n","protected":false},"excerpt":{"rendered":"<p>Martin Luther (1483-1546): Reform\u2019un temellerini atan Alman ilahiyat\u00e7\u0131, besteci, rahip ve ke\u015fi\u015f. Orta halli birailenin \u00e7ocu\u011fudur. \u00d6nce Magdeburg Latin okulunda, dahasonra Erfurt \u00dcniversitesi\u2019nde e\u011fitim ald\u0131. 1511\u2019de<span class=\"excerpt-hellip\"> [\u2026]<\/span><\/p>\n","protected":false},"featured_media":0,"template":"","meta":{"_monsterinsights_skip_tracking":false,"_monsterinsights_sitenote_active":false,"_monsterinsights_sitenote_note":"","_monsterinsights_sitenote_category":0},"product_brand":[],"product_cat":[12777,12291],"product_tag":[],"class_list":{"0":"post-712368","1":"product","2":"type-product","3":"status-publish","5":"product_cat-deneme","6":"product_cat-edebiyat","7":"pa_cilt-ciltsiz","8":"pa_tur-kitap","9":"pa_yayinevi-is-bankasi-kultur-yayinlari","10":"pa_yazar-martin-luther","12":"first","13":"instock","14":"sale","15":"shipping-taxable","16":"purchasable","17":"product-type-simple"},"_links":{"self":[{"href":"https:\/\/roveyayinevi.com.tr\/index.php\/wp-json\/wp\/v2\/product\/712368","targetHints":{"allow":["GET"]}}],"collection":[{"href":"https:\/\/roveyayinevi.com.tr\/index.php\/wp-json\/wp\/v2\/product"}],"about":[{"href":"https:\/\/roveyayinevi.com.tr\/index.php\/wp-json\/wp\/v2\/types\/product"}],"wp:attachment":[{"href":"https:\/\/roveyayinevi.com.tr\/index.php\/wp-json\/wp\/v2\/media?parent=712368"}],"wp:term":[{"taxonomy":"product_brand","embeddable":true,"href":"https:\/\/roveyayinevi.com.tr\/index.php\/wp-json\/wp\/v2\/product_brand?post=712368"},{"taxonomy":"product_cat","embeddable":true,"href":"https:\/\/roveyayinevi.com.tr\/index.php\/wp-json\/wp\/v2\/product_cat?post=712368"},{"taxonomy":"product_tag","embeddable":true,"href":"https:\/\/roveyayinevi.com.tr\/index.php\/wp-json\/wp\/v2\/product_tag?post=712368"}],"curies":[{"name":"wp","href":"https:\/\/api.w.org\/{rel}","templated":true}]}}