{"id":712365,"date":"2025-08-27T16:55:00","date_gmt":"2025-08-27T13:55:00","guid":{"rendered":"https:\/\/roveyayinevi.com.tr\/index.php\/urun\/daha-yeni-basliyor-gelecegin-dunyasinda-esneklik-yakinsama-ag-yapisi-ve-karanlik-taraf\/"},"modified":"2026-04-16T02:20:58","modified_gmt":"2026-04-15T23:20:58","slug":"daha-yeni-basliyor-gelecegin-dunyasinda-esneklik-yakinsama-ag-yapisi-ve-karanlik-taraf","status":"publish","type":"product","link":"https:\/\/roveyayinevi.com.tr\/index.php\/urun\/daha-yeni-basliyor-gelecegin-dunyasinda-esneklik-yakinsama-ag-yapisi-ve-karanlik-taraf\/","title":{"rendered":"Daha Yeni Ba\u015fl\u0131yor: Gelece\u011fin D\u00fcnyas\u0131nda Esneklik Yak\u0131nsama, A\u011f Yap\u0131s\u0131 Ve Karanl\u0131k Taraf"},"content":{"rendered":"<p>Geriye d\u00f6n\u00fcp bakt\u0131\u011f\u0131m\u0131zda, her \u015feyin buhar makinesiyle ba\u015flam\u0131\u015f oldu\u011funu g\u00f6r\u00fcyoruz \u2013 yery\u00fcz\u00fcnde ya\u015fayan bir t\u00fcr olarak insan, bu bulu\u015fla birlikte 18. y\u00fczy\u0131l\u0131n son \u00e7eyre\u011finden itibaren s\u00fcrekli h\u0131zlanan ve kendisini di\u011fer t\u00fcrlerden kesin olarak ay\u0131ran bir s\u00fcrece girdi. 21. y\u00fczy\u0131l\u0131n ilk \u00e7eyre\u011finde her iki g\u00fcnde bir, insanl\u0131k tarihinin ba\u015flang\u0131c\u0131ndan 2003\u2019e kadar \u00fcretilmi\u015f toplam bilgi miktar\u0131 kadar bilgi \u00fcretiliyor. 2013\u2019te 4,4 zettabayt (trilyon gigabayt) bilgi \u00fcretilmi\u015fken, 2020\u2019de bu rakam\u0131n 44 zettabayta \u00e7\u0131kmas\u0131 bekleniyor. Bu durum, miktar ve h\u0131z olarak ba\u015f d\u00f6nd\u00fcr\u00fcc\u00fc elbette, ama bunun da \u00f6tesinde, ortaya \u00e7\u0131kan karma\u015f\u0131kl\u0131k d\u00fczeyi \u00fczerine d\u00fc\u015f\u00fcnmek gerekiyor; bu karma\u015f\u0131kl\u0131k son derece \u00f6nemli sonu\u00e7lara yol a\u00e7\u0131yor ve bu sonu\u00e7lar\u0131n hepsi birbirine ba\u011fl\u0131. \u201cGelece\u011fin d\u00fcnyas\u0131\u201dn\u0131n pe\u015f pe\u015fe \u00fczerimize gelen e\u015fiklerinden ge\u00e7iyoruz, hatta s\u00fcrekli olarak e\u015fikte ya\u015fad\u0131\u011f\u0131m\u0131z\u0131 s\u00f6ylemek m\u00fcmk\u00fcn. Yeni olana al\u0131\u015fma f\u0131rsat\u0131 bulamadan daha da yenisi geliyor. Bu anlamda hi\u00e7birimiz art\u0131k \u201cbu d\u00fcnyan\u0131n yerlisi\u201d de\u011filiz, hepimiz yeni gelmi\u015f, \u00e7evresine uyum sa\u011flamaya \u00e7al\u0131\u015fan g\u00f6\u00e7menleriz. Faruk Eczac\u0131ba\u015f\u0131, Daha Yeni Ba\u015fl\u0131yor\u2019da kendi ki\u015fisel deneyimlerinden, Eczac\u0131ba\u015f\u0131 Holding\u2019in \u201ckomp\u00fcter\u201d ser\u00fcveninden, T\u00fcrkiye\u2019nin ge\u00e7irdi\u011fi d\u00f6n\u00fc\u015f\u00fcmlerden ve d\u00fcnyadaki son geli\u015fmelerden yola \u00e7\u0131karak, her g\u00fcn daha b\u00fcy\u00fck bir ivmeyle hayat\u0131m\u0131za giren teknolojik geli\u015fmelerin getirdiklerini ve g\u00f6t\u00fcrd\u00fcklerini inceliyor, gelecekte d\u00fcnyay\u0131 iyisi ve k\u00f6t\u00fcs\u00fcyle nelerin bekliyor olabilece\u011fini tart\u0131\u015f\u0131yor. Daha Yeni Ba\u015fl\u0131yor, bu alanda yaz\u0131lm\u0131\u015f en kapsaml\u0131, en dengeli ve en anla\u015f\u0131l\u0131r kitaplardan biri. <\/p>\n","protected":false},"excerpt":{"rendered":"<p>Geriye d\u00f6n\u00fcp bakt\u0131\u011f\u0131m\u0131zda, her \u015feyin buhar makinesiyle ba\u015flam\u0131\u015f oldu\u011funu g\u00f6r\u00fcyoruz \u2013 yery\u00fcz\u00fcnde ya\u015fayan bir t\u00fcr olarak insan, bu bulu\u015fla birlikte 18. y\u00fczy\u0131l\u0131n son \u00e7eyre\u011finden itibaren s\u00fcrekli<span class=\"excerpt-hellip\"> [\u2026]<\/span><\/p>\n","protected":false},"featured_media":0,"template":"","meta":{"_monsterinsights_skip_tracking":false,"_monsterinsights_sitenote_active":false,"_monsterinsights_sitenote_note":"","_monsterinsights_sitenote_category":0},"product_brand":[],"product_cat":[12835,12324],"product_tag":[],"class_list":{"0":"post-712365","1":"product","2":"type-product","3":"status-publish","5":"product_cat-genel-sosyoloji","6":"product_cat-sosyoloji","7":"pa_cilt-ciltsiz","8":"pa_tur-kitap","9":"pa_yayinevi-koc-universitesi-yayinlari","10":"pa_yazar-faruk-eczacibasi","12":"first","13":"instock","14":"sale","15":"shipping-taxable","16":"purchasable","17":"product-type-simple"},"_links":{"self":[{"href":"https:\/\/roveyayinevi.com.tr\/index.php\/wp-json\/wp\/v2\/product\/712365","targetHints":{"allow":["GET"]}}],"collection":[{"href":"https:\/\/roveyayinevi.com.tr\/index.php\/wp-json\/wp\/v2\/product"}],"about":[{"href":"https:\/\/roveyayinevi.com.tr\/index.php\/wp-json\/wp\/v2\/types\/product"}],"wp:attachment":[{"href":"https:\/\/roveyayinevi.com.tr\/index.php\/wp-json\/wp\/v2\/media?parent=712365"}],"wp:term":[{"taxonomy":"product_brand","embeddable":true,"href":"https:\/\/roveyayinevi.com.tr\/index.php\/wp-json\/wp\/v2\/product_brand?post=712365"},{"taxonomy":"product_cat","embeddable":true,"href":"https:\/\/roveyayinevi.com.tr\/index.php\/wp-json\/wp\/v2\/product_cat?post=712365"},{"taxonomy":"product_tag","embeddable":true,"href":"https:\/\/roveyayinevi.com.tr\/index.php\/wp-json\/wp\/v2\/product_tag?post=712365"}],"curies":[{"name":"wp","href":"https:\/\/api.w.org\/{rel}","templated":true}]}}