{"id":712361,"date":"2025-08-27T16:54:58","date_gmt":"2025-08-27T13:54:58","guid":{"rendered":"https:\/\/roveyayinevi.com.tr\/index.php\/urun\/olu-zaman-siirleri\/"},"modified":"2026-04-16T02:20:58","modified_gmt":"2026-04-15T23:20:58","slug":"olu-zaman-siirleri","status":"publish","type":"product","link":"https:\/\/roveyayinevi.com.tr\/index.php\/urun\/olu-zaman-siirleri\/","title":{"rendered":"\u00d6l\u00fc Zaman \u015eiirleri"},"content":{"rendered":"<p>\u00d6l\u00fcm\u00fcn \u0131s\u0131r\u0131k izleri derin K\u00fcrd\u00eelihicazk\u00e2r a\u011flayan g\u00fcvercinlerle Bitimsiz kavimler krizindeyim Sen kimsin, ben kimim, o kim? Dejavu kirpiklerin g\u00f6lgesinde \u00d6fkenin ipleri koptu G\u00f6k ku\u015fa\u011f\u0131n\u0131n renkleri soldu Sesler s\u0131\u011f Vicdan deccal Kendime mahpus, kendime bimecal D\u00fc\u015f\u00fcnce k\u00f6lesiyim art\u0131k <\/p>\n","protected":false},"excerpt":{"rendered":"<p>\u00d6l\u00fcm\u00fcn \u0131s\u0131r\u0131k izleri derin K\u00fcrd\u00eelihicazk\u00e2r a\u011flayan g\u00fcvercinlerle Bitimsiz kavimler krizindeyim Sen kimsin, ben kimim, o kim? Dejavu kirpiklerin g\u00f6lgesinde \u00d6fkenin ipleri koptu G\u00f6k ku\u015fa\u011f\u0131n\u0131n renkleri soldu<span class=\"excerpt-hellip\"> [\u2026]<\/span><\/p>\n","protected":false},"featured_media":0,"template":"","meta":{"_monsterinsights_skip_tracking":false,"_monsterinsights_sitenote_active":false,"_monsterinsights_sitenote_note":"","_monsterinsights_sitenote_category":0},"product_brand":[],"product_cat":[12291,12509],"product_tag":[],"class_list":{"0":"post-712361","1":"product","2":"type-product","3":"status-publish","5":"product_cat-edebiyat","6":"product_cat-siir","7":"pa_cilt-ciltsiz","8":"pa_tur-kitap","9":"pa_yayinevi-ayata-kitap","10":"pa_yazar-yasemin-ceylan","12":"first","13":"instock","14":"sale","15":"shipping-taxable","16":"purchasable","17":"product-type-simple"},"_links":{"self":[{"href":"https:\/\/roveyayinevi.com.tr\/index.php\/wp-json\/wp\/v2\/product\/712361","targetHints":{"allow":["GET"]}}],"collection":[{"href":"https:\/\/roveyayinevi.com.tr\/index.php\/wp-json\/wp\/v2\/product"}],"about":[{"href":"https:\/\/roveyayinevi.com.tr\/index.php\/wp-json\/wp\/v2\/types\/product"}],"wp:attachment":[{"href":"https:\/\/roveyayinevi.com.tr\/index.php\/wp-json\/wp\/v2\/media?parent=712361"}],"wp:term":[{"taxonomy":"product_brand","embeddable":true,"href":"https:\/\/roveyayinevi.com.tr\/index.php\/wp-json\/wp\/v2\/product_brand?post=712361"},{"taxonomy":"product_cat","embeddable":true,"href":"https:\/\/roveyayinevi.com.tr\/index.php\/wp-json\/wp\/v2\/product_cat?post=712361"},{"taxonomy":"product_tag","embeddable":true,"href":"https:\/\/roveyayinevi.com.tr\/index.php\/wp-json\/wp\/v2\/product_tag?post=712361"}],"curies":[{"name":"wp","href":"https:\/\/api.w.org\/{rel}","templated":true}]}}