{"id":712340,"date":"2025-08-27T16:54:45","date_gmt":"2025-08-27T13:54:45","guid":{"rendered":"https:\/\/roveyayinevi.com.tr\/index.php\/urun\/abdulhamidin-ruyasi-ertugrul-osmanli-firkateyni-ertugrulun-talihsiz-diplomatik-japonya-seferi\/"},"modified":"2026-04-16T02:20:58","modified_gmt":"2026-04-15T23:20:58","slug":"abdulhamidin-ruyasi-ertugrul-osmanli-firkateyni-ertugrulun-talihsiz-diplomatik-japonya-seferi","status":"publish","type":"product","link":"https:\/\/roveyayinevi.com.tr\/index.php\/urun\/abdulhamidin-ruyasi-ertugrul-osmanli-firkateyni-ertugrulun-talihsiz-diplomatik-japonya-seferi\/","title":{"rendered":"Abd\u00fclhamid\u2019in R\u00fcyas\u0131 Ertu\u011frul &#8211; Osmanl\u0131 F\u0131rkateyni Ertu\u011frul\u2019un Talihsiz Diplomatik Japonya Seferi"},"content":{"rendered":"<p>Abd\u00fclhamid\u2019in R\u00fcyas\u0131 Ertu\u011frul 1889 y\u0131l\u0131nda Konstantiniye\u2019den yola \u00e7\u0131k\u0131p, 1890 y\u0131l\u0131nda Yokohama\u2019ya ula\u015fan be\u015f y\u00fcz Osmanl\u0131 bahriyelisinin ihti\u015faml\u0131 oldu\u011fu kadar, baht\u0131 kara bir firkateyndeki seferini konu ediyor. Bu be\u015f y\u00fcz bahriyelinin g\u00f6revi, g\u00fczerg\u00e2hlar\u0131 boyunca yana\u015ft\u0131klar\u0131 limanlarda Osmanl\u0131 \u0130mparatorlu\u011fu\u2019nun iyi niyet el\u00e7ili\u011fini yapmak, nihai istikametleri olan Japonya\u2019ya var\u0131nca Japon \u0130mparatoru ile diplomatik anla\u015fmalar yapmak \u00fczere masaya oturmakt\u0131. Firkateyn hedefine sa\u011f salim ula\u015ft\u0131ysa da 1890 y\u0131l\u0131 sonbahar\u0131nda, Konstantiniye\u2019ye d\u00f6n\u00fc\u015f yolundayken bir tayfuna tutuldu. On dokuzuncu y\u00fczy\u0131l\u0131n en b\u00fcy\u00fck donanma facias\u0131 bu \u015fekilde ger\u00e7ekle\u015fti. Dahas\u0131 hayatta kalan Osmanl\u0131 bahriyeleri ile kaza sonras\u0131 Japonya sahilinde onlar\u0131 kar\u015f\u0131layan Japon k\u00f6yl\u00fcler aras\u0131nda emsaline rastlanmam\u0131\u015f bir k\u00fclt\u00fcrel ba\u011flant\u0131 bu felaket sonucunda ba\u015flad\u0131. K\u0131smen gerilim roman\u0131, k\u0131smen bir destan, k\u0131smen de tarihsel roman \u00f6zellikleri ta\u015f\u0131yan Abd\u00fclhamid\u2019in R\u00fcyas\u0131 Ertu\u011frul, okuyucular\u0131, on dokuzuncu y\u00fczy\u0131l\u0131n bu g\u00f6rkemli d\u00f6neminde ger\u00e7ekle\u015fmi\u015f olaylar\u0131 bizzat ya\u015fayan ki\u015filerin bak\u0131\u015f a\u00e7\u0131s\u0131yla anlat\u0131ld\u0131\u011f\u0131 bir deniz yolculu\u011funa davet ediyor. Abd\u00fclhamid\u2019in R\u00fcyas\u0131 Ertu\u011frul f\u0131rt\u0131nal\u0131 denizlerin, co\u015fkulu limanlar\u0131n, ya\u015fam\u0131\u015f insanlar\u0131n roman\u0131; geminin foto\u011fraf\u00e7\u0131s\u0131 Te\u011fmen Haydar\u2019\u0131n, Bando \u015eefi \u00dcste\u011fmen \u0130smail\u2019in, \u015eair Ali Ruhi Efendi\u2019nin ve fakir bir Japon bal\u0131k\u00e7\u0131 Tomoki\u00e7i\u2019nin hik\u00e2yesi\u2026 <\/p>\n","protected":false},"excerpt":{"rendered":"<p>Abd\u00fclhamid\u2019in R\u00fcyas\u0131 Ertu\u011frul 1889 y\u0131l\u0131nda Konstantiniye\u2019den yola \u00e7\u0131k\u0131p, 1890 y\u0131l\u0131nda Yokohama\u2019ya ula\u015fan be\u015f y\u00fcz Osmanl\u0131 bahriyelisinin ihti\u015faml\u0131 oldu\u011fu kadar, baht\u0131 kara bir firkateyndeki seferini konu ediyor.<span class=\"excerpt-hellip\"> [\u2026]<\/span><\/p>\n","protected":false},"featured_media":0,"template":"","meta":{"_monsterinsights_skip_tracking":false,"_monsterinsights_sitenote_active":false,"_monsterinsights_sitenote_note":"","_monsterinsights_sitenote_category":0},"product_brand":[],"product_cat":[12291,12745],"product_tag":[],"class_list":{"0":"post-712340","1":"product","2":"type-product","3":"status-publish","5":"product_cat-edebiyat","6":"product_cat-tarihi-roman","7":"pa_cilt-ciltsiz","8":"pa_tur-kitap","9":"pa_yayinevi-profil-kitap","10":"pa_yazar-omer-ertur","12":"first","13":"instock","14":"sale","15":"shipping-taxable","16":"purchasable","17":"product-type-simple"},"_links":{"self":[{"href":"https:\/\/roveyayinevi.com.tr\/index.php\/wp-json\/wp\/v2\/product\/712340","targetHints":{"allow":["GET"]}}],"collection":[{"href":"https:\/\/roveyayinevi.com.tr\/index.php\/wp-json\/wp\/v2\/product"}],"about":[{"href":"https:\/\/roveyayinevi.com.tr\/index.php\/wp-json\/wp\/v2\/types\/product"}],"wp:attachment":[{"href":"https:\/\/roveyayinevi.com.tr\/index.php\/wp-json\/wp\/v2\/media?parent=712340"}],"wp:term":[{"taxonomy":"product_brand","embeddable":true,"href":"https:\/\/roveyayinevi.com.tr\/index.php\/wp-json\/wp\/v2\/product_brand?post=712340"},{"taxonomy":"product_cat","embeddable":true,"href":"https:\/\/roveyayinevi.com.tr\/index.php\/wp-json\/wp\/v2\/product_cat?post=712340"},{"taxonomy":"product_tag","embeddable":true,"href":"https:\/\/roveyayinevi.com.tr\/index.php\/wp-json\/wp\/v2\/product_tag?post=712340"}],"curies":[{"name":"wp","href":"https:\/\/api.w.org\/{rel}","templated":true}]}}