{"id":712324,"date":"2025-08-27T16:54:35","date_gmt":"2025-08-27T13:54:35","guid":{"rendered":"https:\/\/roveyayinevi.com.tr\/index.php\/urun\/vakif-ve-imparatorluk\/"},"modified":"2026-04-13T02:26:22","modified_gmt":"2026-04-12T23:26:22","slug":"vakif-ve-imparatorluk","status":"publish","type":"product","link":"https:\/\/roveyayinevi.com.tr\/index.php\/urun\/vakif-ve-imparatorluk\/","title":{"rendered":"Vak\u0131f ve \u0130mparatorluk"},"content":{"rendered":"<p>Hugo T\u00fcm Zamanlar\u0131n En \u0130yi Serisi \u00d6d\u00fcl\u00fc1941 y\u0131l\u0131nda gen\u00e7 bir bilim insan\u0131 ve yazar olarak Isaac Asimov, Edward Gibbon\u2019\u0131n yazd\u0131\u011f\u0131 Roma \u0130mparatorlu\u011fu&#8217;nun Gerileyi\u015f ve \u00c7\u00f6k\u00fc\u015f Tarihi\u2019nden etkilenerek \u00e7a\u011f\u0131n\u0131n \u00e7ok \u00f6tesinde bir destan yazd\u0131: Galaktik \u0130mparatorluk\u2019un \u00e7\u00f6k\u00fc\u015f\u00fc ve feodalizmin d\u00f6n\u00fc\u015f\u00fc, \u0130kinci Galaktik \u0130mparatorluk d\u00f6nemindeki g\u00fcvenli ortamdan ge\u00e7mi\u015fe bakan bir bak\u0131\u015f a\u00e7\u0131s\u0131yla anlat\u0131ld\u0131. \u0130\u015fte bu s\u00fcre\u00e7 sonucunda \u201cTarih tahmin edilebilir mi?\u201d, \u201cToplum nas\u0131l y\u00f6netilmeli?\u201d ya da \u201c\u0130mparatorluklar neden y\u00fckselir ve \u00e7\u00f6ker?\u201d gibi sorular\u0131 sormaktan \u00e7ekinmeyen destans\u0131 Vak\u0131f Serisi ortaya \u00e7\u0131kt\u0131.Vak\u0131f, \u00e7\u00f6kmekte olan \u0130mparatorluk\u2019a rakip olacak kadar geli\u015fmi\u015fti. \u00dcst\u00fcn teknolojisi ve di\u011fer gezegenlerin sahip olmad\u0131\u011f\u0131 enerji kaynaklar\u0131na ula\u015fabilmesi sayesinde Galaksi\u2019nin d\u00f6rt bir yan\u0131ndan destek g\u00f6r\u00fcyordu, k\u0131sacas\u0131 her \u015fey Seldon\u2019\u0131n Plan\u0131\u2019na g\u00f6re ilerliyordu. Ancak \u00f6ng\u00f6r\u00fcs\u00fcn\u00fc geni\u015f kitleler \u00fczerinden yapan bu plan, giderek daha da g\u00fc\u00e7lenen bir ki\u015fiyi hesaba katmam\u0131\u015ft\u0131: duygular\u0131 ve d\u00fc\u015f\u00fcnceleri kontrol etme g\u00fcc\u00fc olan Kat\u0131r\u2019\u0131. Kat\u0131r\u2019\u0131n, Galaksi\u2019yi ele ge\u00e7irmesini engelleyen tek \u015fey ise yeri gizli tutulan ve insanlar\u0131n bu s\u0131rr\u0131 korumak ad\u0131na \u00f6lmeyi g\u00f6ze ald\u0131\u011f\u0131, gizemli \u0130kinci Vak\u0131f\u2019t\u0131. <\/p>\n","protected":false},"excerpt":{"rendered":"<p>Hugo T\u00fcm Zamanlar\u0131n En \u0130yi Serisi \u00d6d\u00fcl\u00fc1941 y\u0131l\u0131nda gen\u00e7 bir bilim insan\u0131 ve yazar olarak Isaac Asimov, Edward Gibbon\u2019\u0131n yazd\u0131\u011f\u0131 Roma \u0130mparatorlu\u011fu&#8217;nun Gerileyi\u015f ve \u00c7\u00f6k\u00fc\u015f Tarihi\u2019nden<span class=\"excerpt-hellip\"> [\u2026]<\/span><\/p>\n","protected":false},"featured_media":0,"template":"","meta":{"_monsterinsights_skip_tracking":false,"_monsterinsights_sitenote_active":false,"_monsterinsights_sitenote_note":"","_monsterinsights_sitenote_category":0},"product_brand":[],"product_cat":[12540,12291],"product_tag":[],"class_list":{"0":"post-712324","1":"product","2":"type-product","3":"status-publish","5":"product_cat-bilim-kurgu","6":"product_cat-edebiyat","7":"pa_cilt-ciltsiz","8":"pa_tur-kitap","9":"pa_yayinevi-ithaki-yayinlari","10":"pa_yazar-isaac-asimov","12":"first","13":"instock","14":"sale","15":"shipping-taxable","16":"purchasable","17":"product-type-simple"},"_links":{"self":[{"href":"https:\/\/roveyayinevi.com.tr\/index.php\/wp-json\/wp\/v2\/product\/712324","targetHints":{"allow":["GET"]}}],"collection":[{"href":"https:\/\/roveyayinevi.com.tr\/index.php\/wp-json\/wp\/v2\/product"}],"about":[{"href":"https:\/\/roveyayinevi.com.tr\/index.php\/wp-json\/wp\/v2\/types\/product"}],"wp:attachment":[{"href":"https:\/\/roveyayinevi.com.tr\/index.php\/wp-json\/wp\/v2\/media?parent=712324"}],"wp:term":[{"taxonomy":"product_brand","embeddable":true,"href":"https:\/\/roveyayinevi.com.tr\/index.php\/wp-json\/wp\/v2\/product_brand?post=712324"},{"taxonomy":"product_cat","embeddable":true,"href":"https:\/\/roveyayinevi.com.tr\/index.php\/wp-json\/wp\/v2\/product_cat?post=712324"},{"taxonomy":"product_tag","embeddable":true,"href":"https:\/\/roveyayinevi.com.tr\/index.php\/wp-json\/wp\/v2\/product_tag?post=712324"}],"curies":[{"name":"wp","href":"https:\/\/api.w.org\/{rel}","templated":true}]}}