{"id":712323,"date":"2025-08-27T16:54:35","date_gmt":"2025-08-27T13:54:35","guid":{"rendered":"https:\/\/roveyayinevi.com.tr\/index.php\/urun\/az-secilen-yolun-otesi\/"},"modified":"2026-04-16T02:20:57","modified_gmt":"2026-04-15T23:20:57","slug":"az-secilen-yolun-otesi","status":"publish","type":"product","link":"https:\/\/roveyayinevi.com.tr\/index.php\/urun\/az-secilen-yolun-otesi\/","title":{"rendered":"Az Se\u00e7ilen Yolun \u00d6tesi"},"content":{"rendered":"<p>\u00dcnl\u00fc psikiyatr ve d\u00fc\u015f\u00fcn\u00fcr M. Scott Peck, \u00e7ok sevilen eseri Az Se\u00e7ilen Yol\u2019u yazd\u0131ktan on y\u0131l sonra, onun devam\u0131 olarak bu \u00e7ok de\u011ferli ve ayd\u0131nlat\u0131c\u0131 eseri yay\u0131nlad\u0131. T\u0131pk\u0131 ilk kitap gibi, Az Se\u00e7ilen Yolun \u00d6tesi de y\u0131llard\u0131r en \u00e7ok satan kitaplar listesindeki hakl\u0131 yerini korumaktad\u0131r. Bu eserde, B\u00fcy\u00fcmek, Kendini Bilmek ve Ki\u015fisel Bir Tanr\u0131\u2019y\u0131 Aramak ana ba\u015fl\u0131klar\u0131 alt\u0131nda \u015fu b\u00f6l\u00fcmler yer almaktad\u0131r:\u2022 Bilin\u00e7 ve Ac\u0131 Sorunu\u2022 Su\u00e7lama ve Ba\u011f\u0131\u015flama\u2022 \u00d6l\u00fcm ve Anlam Meselesi\u2022 Gizemden Zevk Almak\u2022 \u00d6z-be\u011feniye Kar\u015f\u0131 \u00d6z-sevgi\u2022 Mitoloji ve \u0130nsan Do\u011fas\u0131\u2022 Ruhsall\u0131k ve \u0130nsan Do\u011fas\u0131\u2022 Ba\u011f\u0131ml\u0131l\u0131k: Kutsal Hastal\u0131k\u2022 Dinin Ruhsal Tek\u00e2m\u00fcldeki Rol\u00fc\u2022 Madde ve Ruh\u2022 Yeni \u00c7a\u011f: B\u00fct\u00fcnle\u015ftirici mi, B\u00f6l\u00fcc\u00fc m\u00fc?\u2022 Cinsellik ve Ruhsall\u0131k\u2022 Psikiyatrinin Zor DurumuAyr\u0131ca, yazar\u0131n insan\u0131n geli\u015fimi ve ruhsal tek\u00e2m\u00fcl a\u015famalar\u0131, psikolojik savunma mekanizmalar\u0131, zihinsel hastal\u0131klar, fobiler, yap\u0131c\u0131 ve y\u0131k\u0131c\u0131 \u0131st\u0131rap ve daha pek \u00e7ok konuda verdi\u011fi derin bilgiler kendimizi ve ba\u015fkalar\u0131n\u0131 tan\u0131mam\u0131za \u00e7ok yard\u0131mc\u0131 olacakt\u0131r. Bu kitap bug\u00fcn kar\u015f\u0131 kar\u015f\u0131ya oldu\u011fumuz, hepimize meydan okuyan meselelerle ilgili derin i\u00e7g\u00f6r\u00fcler sunmakta, \u00e7ok-boyutlu d\u00fc\u015f\u00fcnmeyi \u00f6\u011fretmekte ve bizi b\u00fct\u00fcnl\u00fc\u011f\u00fcm\u00fcze kavu\u015fturacak yolu g\u00f6stermektedir.\u201cBa\u015f\u0131m\u0131za gelen her \u015fey ruhsal tek\u00e2m\u00fcl\u00fcm\u00fcz i\u00e7in tasarlanm\u0131\u015ft\u0131r. Biz kaybedemeyiz, biz kazanmaya mahk\u00fbmuz.\u201d <\/p>\n","protected":false},"excerpt":{"rendered":"<p>\u00dcnl\u00fc psikiyatr ve d\u00fc\u015f\u00fcn\u00fcr M. Scott Peck, \u00e7ok sevilen eseri Az Se\u00e7ilen Yol\u2019u yazd\u0131ktan on y\u0131l sonra, onun devam\u0131 olarak bu \u00e7ok de\u011ferli ve ayd\u0131nlat\u0131c\u0131 eseri<span class=\"excerpt-hellip\"> [\u2026]<\/span><\/p>\n","protected":false},"featured_media":0,"template":"","meta":{"_monsterinsights_skip_tracking":false,"_monsterinsights_sitenote_active":false,"_monsterinsights_sitenote_note":"","_monsterinsights_sitenote_category":0},"product_brand":[],"product_cat":[12364,12376],"product_tag":[],"class_list":{"0":"post-712323","1":"product","2":"type-product","3":"status-publish","5":"product_cat-genel-konular","6":"product_cat-kisisel-gelisim","7":"pa_cilt-ciltsiz","8":"pa_tur-kitap","9":"pa_yayinevi-akasa-yayinlari","10":"pa_yazar-m-scott-peck","12":"first","13":"instock","14":"sale","15":"shipping-taxable","16":"purchasable","17":"product-type-simple"},"_links":{"self":[{"href":"https:\/\/roveyayinevi.com.tr\/index.php\/wp-json\/wp\/v2\/product\/712323","targetHints":{"allow":["GET"]}}],"collection":[{"href":"https:\/\/roveyayinevi.com.tr\/index.php\/wp-json\/wp\/v2\/product"}],"about":[{"href":"https:\/\/roveyayinevi.com.tr\/index.php\/wp-json\/wp\/v2\/types\/product"}],"wp:attachment":[{"href":"https:\/\/roveyayinevi.com.tr\/index.php\/wp-json\/wp\/v2\/media?parent=712323"}],"wp:term":[{"taxonomy":"product_brand","embeddable":true,"href":"https:\/\/roveyayinevi.com.tr\/index.php\/wp-json\/wp\/v2\/product_brand?post=712323"},{"taxonomy":"product_cat","embeddable":true,"href":"https:\/\/roveyayinevi.com.tr\/index.php\/wp-json\/wp\/v2\/product_cat?post=712323"},{"taxonomy":"product_tag","embeddable":true,"href":"https:\/\/roveyayinevi.com.tr\/index.php\/wp-json\/wp\/v2\/product_tag?post=712323"}],"curies":[{"name":"wp","href":"https:\/\/api.w.org\/{rel}","templated":true}]}}