{"id":712304,"date":"2025-08-27T16:54:23","date_gmt":"2025-08-27T13:54:23","guid":{"rendered":"https:\/\/roveyayinevi.com.tr\/index.php\/urun\/unlu-ressamlar-hayatlari-ve-eserleri\/"},"modified":"2026-03-12T02:28:37","modified_gmt":"2026-03-11T23:28:37","slug":"unlu-ressamlar-hayatlari-ve-eserleri","status":"publish","type":"product","link":"https:\/\/roveyayinevi.com.tr\/index.php\/urun\/unlu-ressamlar-hayatlari-ve-eserleri\/","title":{"rendered":"\u00dcnl\u00fc Ressamlar (Hayatlar\u0131 ve Eserleri)"},"content":{"rendered":"<p>Okuyucu bu sayfalar aras\u0131nda \u015fahsi bir sanat ele\u015ftirisi bulamayacakt\u0131r. \u00c7\u00fcnk\u00fc konu olarak ele ald\u0131\u011f\u0131m\u0131z insanlar hakk\u0131nda y\u00fczy\u0131llar h\u00fckm\u00fcn\u00fc zaten vermi\u015ftir. Louvre\u2019da Mona Lisa\u2019y\u0131 seyrederken hayranl\u0131k duymaktan ba\u015fka elimizden ne gelir? Bu \u00fcnl\u00fc eserin ele\u015ftirisini, Leonardo\u2019nun \u00e7a\u011fda\u015f\u0131 Giorgio Vasari as\u0131rlar \u00f6ncesi yapm\u0131\u015f, bug\u00fcne kadar da bu fikir \u00e7\u00fcr\u00fct\u00fclememi\u015ftir. Biz de kitab\u0131m\u0131z\u0131 bu temel \u00fcst\u00fcne kurduk. Ad\u0131 ge\u00e7en eserlerden \u00f6nemli bir k\u0131sm\u0131n\u0131 d\u00fcnya m\u00fczelerinde bizzat g\u00f6rmek f\u0131rsat\u0131n\u0131 bulduk. Bu izlenimler, bir\u00e7ok sanat ele\u015ftirmeninin bu konudaki yaz\u0131lar\u0131yla birle\u015ftirilince de bu kitap do\u011fmu\u015f oldu. En g\u00fcvenilir kitaplar bile kronolojik hatalardan kurtulamam\u0131\u015ft\u0131r. Bu bak\u0131mdan \u00fcnl\u00fc sanat\u00e7\u0131lar\u0131n hayat hik\u00e2yelerini yeniden kaleme al\u0131rken kar\u015f\u0131la\u015ft\u0131rmal\u0131 bir incelemeye bilhassa \u00f6nem verdik. B\u00f6ylece, her y\u00f6nden tarihi ger\u00e7eklere uyan bir belge sunmu\u015f oldu\u011fumuzu san\u0131yoruz. \ufffcTan\u0131t\u0131m Metni<\/p>\n","protected":false},"excerpt":{"rendered":"<p>Okuyucu bu sayfalar aras\u0131nda \u015fahsi bir sanat ele\u015ftirisi bulamayacakt\u0131r. \u00c7\u00fcnk\u00fc konu olarak ele ald\u0131\u011f\u0131m\u0131z insanlar hakk\u0131nda y\u00fczy\u0131llar h\u00fckm\u00fcn\u00fc zaten vermi\u015ftir. Louvre\u2019da Mona Lisa\u2019y\u0131 seyrederken hayranl\u0131k duymaktan<span class=\"excerpt-hellip\"> [\u2026]<\/span><\/p>\n","protected":false},"featured_media":0,"template":"","meta":{"_monsterinsights_skip_tracking":false,"_monsterinsights_sitenote_active":false,"_monsterinsights_sitenote_note":"","_monsterinsights_sitenote_category":0},"product_brand":[],"product_cat":[15733,12408],"product_tag":[],"class_list":{"0":"post-712304","1":"product","2":"type-product","3":"status-publish","5":"product_cat-resim","6":"product_cat-sanat","7":"pa_cilt-ciltsiz","8":"pa_tur-kitap","9":"pa_yayinevi-hayalperest-yayinlari","10":"pa_yazar-sadun-altuna","12":"first","13":"instock","14":"sale","15":"shipping-taxable","16":"purchasable","17":"product-type-simple"},"_links":{"self":[{"href":"https:\/\/roveyayinevi.com.tr\/index.php\/wp-json\/wp\/v2\/product\/712304","targetHints":{"allow":["GET"]}}],"collection":[{"href":"https:\/\/roveyayinevi.com.tr\/index.php\/wp-json\/wp\/v2\/product"}],"about":[{"href":"https:\/\/roveyayinevi.com.tr\/index.php\/wp-json\/wp\/v2\/types\/product"}],"wp:attachment":[{"href":"https:\/\/roveyayinevi.com.tr\/index.php\/wp-json\/wp\/v2\/media?parent=712304"}],"wp:term":[{"taxonomy":"product_brand","embeddable":true,"href":"https:\/\/roveyayinevi.com.tr\/index.php\/wp-json\/wp\/v2\/product_brand?post=712304"},{"taxonomy":"product_cat","embeddable":true,"href":"https:\/\/roveyayinevi.com.tr\/index.php\/wp-json\/wp\/v2\/product_cat?post=712304"},{"taxonomy":"product_tag","embeddable":true,"href":"https:\/\/roveyayinevi.com.tr\/index.php\/wp-json\/wp\/v2\/product_tag?post=712304"}],"curies":[{"name":"wp","href":"https:\/\/api.w.org\/{rel}","templated":true}]}}