{"id":712295,"date":"2025-08-27T16:54:18","date_gmt":"2025-08-27T13:54:18","guid":{"rendered":"https:\/\/roveyayinevi.com.tr\/index.php\/urun\/tilda-elmacekirdegi-benim-icin-cok-degerlisin\/"},"modified":"2026-04-16T02:20:57","modified_gmt":"2026-04-15T23:20:57","slug":"tilda-elmacekirdegi-benim-icin-cok-degerlisin","status":"publish","type":"product","link":"https:\/\/roveyayinevi.com.tr\/index.php\/urun\/tilda-elmacekirdegi-benim-icin-cok-degerlisin\/","title":{"rendered":"Tilda Elma\u00e7ekirde\u011fi Benim \u0130\u00e7in \u00c7ok De\u011ferlisin!"},"content":{"rendered":"<p>Tepelerin aras\u0131ndaki k\u00fc\u00e7\u00fck k\u00f6yde art\u0131k ilk \u00e7i\u00e7ekler a\u00e7maya ba\u015flam\u0131\u015ft\u0131 \u2013 ilkbahar temizli\u011fi yapman\u0131n tam s\u0131ras\u0131yd\u0131! Tilda Elma\u00e7ekirde\u011fi\u2019nin, \u015fu bizim pamuk gibi bembeyaz f\u0131nd\u0131k faresinin akl\u0131na harika bir fikir geldi: Temizlik yaparken evdeki e\u015fyalar\u0131 g\u00f6zden ge\u00e7irebilirdi. Belki onun kullanmad\u0131\u011f\u0131 \u015feyler ba\u015fkas\u0131n\u0131n i\u015fine yarard\u0131. Gelin g\u00f6r\u00fcn ki Tilda\u2019n\u0131n fare evini bo\u015faltmas\u0131 k\u00fc\u00e7\u00fck k\u00f6yde b\u00fcy\u00fck heyecan yaratt\u0131. Yoksa Tilda k\u00f6yden gidiyor muydu? <\/p>\n","protected":false},"excerpt":{"rendered":"<p>Tepelerin aras\u0131ndaki k\u00fc\u00e7\u00fck k\u00f6yde art\u0131k ilk \u00e7i\u00e7ekler a\u00e7maya ba\u015flam\u0131\u015ft\u0131 \u2013 ilkbahar temizli\u011fi yapman\u0131n tam s\u0131ras\u0131yd\u0131! Tilda Elma\u00e7ekirde\u011fi\u2019nin, \u015fu bizim pamuk gibi bembeyaz f\u0131nd\u0131k faresinin akl\u0131na harika<span class=\"excerpt-hellip\"> [\u2026]<\/span><\/p>\n","protected":false},"featured_media":0,"template":"","meta":{"_monsterinsights_skip_tracking":false,"_monsterinsights_sitenote_active":false,"_monsterinsights_sitenote_note":"","_monsterinsights_sitenote_category":0},"product_brand":[],"product_cat":[12913,12274],"product_tag":[],"class_list":{"0":"post-712295","1":"product","2":"type-product","3":"status-publish","5":"product_cat-3-6-yas-kitaplari","6":"product_cat-cocuk-ve-genclik-kitaplari","7":"pa_cilt-ciltsiz","8":"pa_tur-kitap","9":"pa_yayinevi-kirmizi-kedi-yayinevi","10":"pa_yazar-andreas-h-schmachtl","12":"first","13":"instock","14":"sale","15":"shipping-taxable","16":"purchasable","17":"product-type-simple"},"_links":{"self":[{"href":"https:\/\/roveyayinevi.com.tr\/index.php\/wp-json\/wp\/v2\/product\/712295","targetHints":{"allow":["GET"]}}],"collection":[{"href":"https:\/\/roveyayinevi.com.tr\/index.php\/wp-json\/wp\/v2\/product"}],"about":[{"href":"https:\/\/roveyayinevi.com.tr\/index.php\/wp-json\/wp\/v2\/types\/product"}],"wp:attachment":[{"href":"https:\/\/roveyayinevi.com.tr\/index.php\/wp-json\/wp\/v2\/media?parent=712295"}],"wp:term":[{"taxonomy":"product_brand","embeddable":true,"href":"https:\/\/roveyayinevi.com.tr\/index.php\/wp-json\/wp\/v2\/product_brand?post=712295"},{"taxonomy":"product_cat","embeddable":true,"href":"https:\/\/roveyayinevi.com.tr\/index.php\/wp-json\/wp\/v2\/product_cat?post=712295"},{"taxonomy":"product_tag","embeddable":true,"href":"https:\/\/roveyayinevi.com.tr\/index.php\/wp-json\/wp\/v2\/product_tag?post=712295"}],"curies":[{"name":"wp","href":"https:\/\/api.w.org\/{rel}","templated":true}]}}

Tilda Elmaçekirdeği Benim İçin Çok Değerlisin!

<p>Tepelerin arasındaki küçük köyde artık ilk çiçekler açmaya başlamıştı – ilkbahar temizliği yapmanın tam sırasıydı! Tilda Elmaçekirdeği’nin, şu bizim pamuk gibi bembeyaz fındık faresinin aklına harika bir fikir geldi: Temizlik yaparken evdeki eşyaları gözden geçirebilirdi. Belki onun kullanmadığı şeyler başkasının işine yarardı. Gelin görün ki Tilda’nın fare evini boşaltması küçük köyde büyük heyecan yarattı. Yoksa Tilda köyden gidiyor muydu? </p>

<p>Tepelerin arasındaki küçük köyde artık ilk çiçekler açmaya başlamıştı – ilkbahar temizliği yapmanın tam sırasıydı! Tilda Elmaçekirdeği’nin, şu bizim pamuk gibi bembeyaz fındık faresinin aklına harika<span class="excerpt-hellip"> […]</span></p>
