{"id":712284,"date":"2025-08-27T16:54:11","date_gmt":"2025-08-27T13:54:11","guid":{"rendered":"https:\/\/roveyayinevi.com.tr\/index.php\/urun\/101-fabl\/"},"modified":"2026-04-16T02:20:57","modified_gmt":"2026-04-15T23:20:57","slug":"101-fabl","status":"publish","type":"product","link":"https:\/\/roveyayinevi.com.tr\/index.php\/urun\/101-fabl\/","title":{"rendered":"101 Fabl"},"content":{"rendered":"<p>\u201cFransa\u2019n\u0131n Homeros\u2019u\u201d, \u201cYeni Ezop\u201d olarak nitelenen La Fontaine, insanl\u0131\u011f\u0131n \u00f6n\u00fcn\u00fc a\u00e7\u0131c\u0131 bir d\u00fc\u015f\u00fcn\u00fcr ve yazard\u0131r. Uzun y\u0131llar boyunca d\u00fcnyan\u0131n pek \u00e7ok co\u011frafyas\u0131na, farkl\u0131 k\u00fclt\u00fcr ve dillerine aktar\u0131lm\u0131\u015f olan eserleri hem \u00f6zg\u00fcn dil ve stilleri hem de yarat\u0131c\u0131 i\u00e7erikleri a\u00e7\u0131s\u0131ndan s\u00fcrekli insanl\u0131\u011f\u0131n g\u00fcndeminde olmu\u015ftur. Adaleti, \u00f6zg\u00fcrl\u00fc\u011f\u00fc, e\u015fitli\u011fi, dayan\u0131\u015fmay\u0131, ger\u00e7ek\u00e7ili\u011fi ve erdemli olmay\u0131, \u201cerdem ahlak\u0131n\u0131\u201d kendilerine temel alan bu fabllarde; her t\u00fcr iktidar tutkusu, \u015fiddet kullan\u0131m\u0131, \u00f6zg\u00fcrl\u00fc\u011f\u00fc bask\u0131lay\u0131c\u0131 her t\u00fcr davran\u0131\u015f, mal m\u00fclk, mevki ve \u015fan \u015f\u00f6hret d\u00fc\u015fk\u00fcnl\u00fc\u011f\u00fc, kendini be\u011fenmi\u015flik, a\u00e7g\u00f6zl\u00fcl\u00fck, ikiy\u00fczl\u00fcl\u00fck, bilgi\u00e7lik, dalkavukluk, sevgi, dostluk ve dayan\u0131\u015fma yoksunlu\u011fu, kibirlilik, k\u0131skan\u00e7l\u0131k ve adaletsizlik gibi pek \u00e7ok k\u00f6t\u00fcc\u00fcl ve insanl\u0131k d\u0131\u015f\u0131 d\u00fc\u015f\u00fcnce ve davran\u0131\u015f bi\u00e7imi; La Fontaine\u2019in g\u00fc\u00e7l\u00fc ele\u015ftiri oklar\u0131n\u0131n hedefi haline getirilir&#8230; <\/p>\n","protected":false},"excerpt":{"rendered":"<p>\u201cFransa\u2019n\u0131n Homeros\u2019u\u201d, \u201cYeni Ezop\u201d olarak nitelenen La Fontaine, insanl\u0131\u011f\u0131n \u00f6n\u00fcn\u00fc a\u00e7\u0131c\u0131 bir d\u00fc\u015f\u00fcn\u00fcr ve yazard\u0131r. Uzun y\u0131llar boyunca d\u00fcnyan\u0131n pek \u00e7ok co\u011frafyas\u0131na, farkl\u0131 k\u00fclt\u00fcr ve dillerine<span class=\"excerpt-hellip\"> [\u2026]<\/span><\/p>\n","protected":false},"featured_media":0,"template":"","meta":{"_monsterinsights_skip_tracking":false,"_monsterinsights_sitenote_active":false,"_monsterinsights_sitenote_note":"","_monsterinsights_sitenote_category":0},"product_brand":[],"product_cat":[12291,13872],"product_tag":[],"class_list":{"0":"post-712284","1":"product","2":"type-product","3":"status-publish","5":"product_cat-edebiyat","6":"product_cat-klasikler","7":"pa_cilt-ciltsiz","8":"pa_tur-kitap","9":"pa_yayinevi-ayrinti-yayinlari","10":"pa_yazar-la-fontaine","12":"first","13":"instock","14":"sale","15":"shipping-taxable","16":"purchasable","17":"product-type-simple"},"_links":{"self":[{"href":"https:\/\/roveyayinevi.com.tr\/index.php\/wp-json\/wp\/v2\/product\/712284","targetHints":{"allow":["GET"]}}],"collection":[{"href":"https:\/\/roveyayinevi.com.tr\/index.php\/wp-json\/wp\/v2\/product"}],"about":[{"href":"https:\/\/roveyayinevi.com.tr\/index.php\/wp-json\/wp\/v2\/types\/product"}],"wp:attachment":[{"href":"https:\/\/roveyayinevi.com.tr\/index.php\/wp-json\/wp\/v2\/media?parent=712284"}],"wp:term":[{"taxonomy":"product_brand","embeddable":true,"href":"https:\/\/roveyayinevi.com.tr\/index.php\/wp-json\/wp\/v2\/product_brand?post=712284"},{"taxonomy":"product_cat","embeddable":true,"href":"https:\/\/roveyayinevi.com.tr\/index.php\/wp-json\/wp\/v2\/product_cat?post=712284"},{"taxonomy":"product_tag","embeddable":true,"href":"https:\/\/roveyayinevi.com.tr\/index.php\/wp-json\/wp\/v2\/product_tag?post=712284"}],"curies":[{"name":"wp","href":"https:\/\/api.w.org\/{rel}","templated":true}]}}