{"id":712282,"date":"2025-08-27T16:54:10","date_gmt":"2025-08-27T13:54:10","guid":{"rendered":"https:\/\/roveyayinevi.com.tr\/index.php\/urun\/tanriya-ve-insana-dair\/"},"modified":"2026-04-16T02:20:57","modified_gmt":"2026-04-15T23:20:57","slug":"tanriya-ve-insana-dair","status":"publish","type":"product","link":"https:\/\/roveyayinevi.com.tr\/index.php\/urun\/tanriya-ve-insana-dair\/","title":{"rendered":"Tanr\u0131ya Ve \u0130nsana Dair"},"content":{"rendered":"<p>Bu kitap farkl\u0131l\u0131klar\u0131n yok say\u0131ld\u0131\u011f\u0131, egemen zihniyetin kendisinden olmayan her \u015feye sava\u015f a\u00e7t\u0131\u011f\u0131, bast\u0131rd\u0131\u011f\u0131, edilgenle\u015ftirdi\u011fi ya da asimile etti\u011fi g\u00fcn\u00fcm\u00fcz ko\u015fullar\u0131na e\u011filiyor. Dinsel, toplumsal ve k\u00fclt\u00fcrel farkl\u0131l\u0131klar\u0131n tan\u0131nmas\u0131 i\u00e7in yaz\u0131lm\u0131\u015f \u00e7arp\u0131c\u0131 bir diyalog. Farkl\u0131 d\u00fcnya g\u00f6r\u00fc\u015flerine sahip iki \u00f6znenin ayn\u0131 meselelere ba\u015fka pencerelerden bakt\u0131\u011f\u0131, bu esnada uzla\u015fmalar kadar ayr\u0131l\u0131klar\u0131n da \u00f6ne \u00e7\u0131kt\u0131\u011f\u0131; ama her durumda kar\u015f\u0131l\u0131kl\u0131 konu\u015fman\u0131n m\u00fcmk\u00fcn oldu\u011funu g\u00f6steren bu k\u0131ymetli \u00e7al\u0131\u015fma, birlikte ya\u015famak zorunda olan insanlar\u0131n, t\u00fcm farkl\u0131l\u0131klar\u0131na ra\u011fmen, sayesinde \u00e7ok \u015fey \u00f6\u011frenebilece\u011fi nadide bir kaynak. Kitapta insanlar\u0131n uyumla ve anlay\u0131\u015fla ya\u015fayabilece\u011fi bir gelecek umuduna i\u015faret edilirken, bu gelece\u011fe giden yolun t\u00fcrl\u00fc zorluklar, ba\u015far\u0131s\u0131zl\u0131k olas\u0131l\u0131klar\u0131 ve tehlikelerle dolu oldu\u011fu da dile getirilmektedir; belirsizli\u011fin hem \u00f6zg\u00fcrl\u00fck i\u00e7in hem de g\u00fcncel bir ahlaki zemin i\u00e7in bir ba\u015flang\u0131\u00e7 noktas\u0131 oldu\u011funu hat\u0131rlatarak\u2026 <\/p>\n","protected":false},"excerpt":{"rendered":"<p>Bu kitap farkl\u0131l\u0131klar\u0131n yok say\u0131ld\u0131\u011f\u0131, egemen zihniyetin kendisinden olmayan her \u015feye sava\u015f a\u00e7t\u0131\u011f\u0131, bast\u0131rd\u0131\u011f\u0131, edilgenle\u015ftirdi\u011fi ya da asimile etti\u011fi g\u00fcn\u00fcm\u00fcz ko\u015fullar\u0131na e\u011filiyor. Dinsel, toplumsal ve k\u00fclt\u00fcrel<span class=\"excerpt-hellip\"> [\u2026]<\/span><\/p>\n","protected":false},"featured_media":0,"template":"","meta":{"_monsterinsights_skip_tracking":false,"_monsterinsights_sitenote_active":false,"_monsterinsights_sitenote_note":"","_monsterinsights_sitenote_category":0},"product_brand":[],"product_cat":[12312,12304],"product_tag":[],"class_list":{"0":"post-712282","1":"product","2":"type-product","3":"status-publish","5":"product_cat-diger","6":"product_cat-tarih","7":"pa_cilt-ciltsiz","8":"pa_tur-kitap","9":"pa_yayinevi-ayrinti-yayinlari","10":"pa_yazar-zygmunt-bauman","12":"first","13":"instock","14":"sale","15":"shipping-taxable","16":"purchasable","17":"product-type-simple"},"_links":{"self":[{"href":"https:\/\/roveyayinevi.com.tr\/index.php\/wp-json\/wp\/v2\/product\/712282","targetHints":{"allow":["GET"]}}],"collection":[{"href":"https:\/\/roveyayinevi.com.tr\/index.php\/wp-json\/wp\/v2\/product"}],"about":[{"href":"https:\/\/roveyayinevi.com.tr\/index.php\/wp-json\/wp\/v2\/types\/product"}],"wp:attachment":[{"href":"https:\/\/roveyayinevi.com.tr\/index.php\/wp-json\/wp\/v2\/media?parent=712282"}],"wp:term":[{"taxonomy":"product_brand","embeddable":true,"href":"https:\/\/roveyayinevi.com.tr\/index.php\/wp-json\/wp\/v2\/product_brand?post=712282"},{"taxonomy":"product_cat","embeddable":true,"href":"https:\/\/roveyayinevi.com.tr\/index.php\/wp-json\/wp\/v2\/product_cat?post=712282"},{"taxonomy":"product_tag","embeddable":true,"href":"https:\/\/roveyayinevi.com.tr\/index.php\/wp-json\/wp\/v2\/product_tag?post=712282"}],"curies":[{"name":"wp","href":"https:\/\/api.w.org\/{rel}","templated":true}]}}

Tanrıya Ve İnsana Dair

<p>Bu kitap farklılıkların yok sayıldığı, egemen zihniyetin kendisinden olmayan her şeye savaş açtığı, bastırdığı, edilgenleştirdiği ya da asimile ettiği günümüz koşullarına eğiliyor. Dinsel, toplumsal ve kültürel farklılıkların tanınması için yazılmış çarpıcı bir diyalog. Farklı dünya görüşlerine sahip iki öznenin aynı meselelere başka pencerelerden baktığı, bu esnada uzlaşmalar kadar ayrılıkların da öne çıktığı; ama her durumda karşılıklı konuşmanın mümkün olduğunu gösteren bu kıymetli çalışma, birlikte yaşamak zorunda olan insanların, tüm farklılıklarına rağmen, sayesinde çok şey öğrenebileceği nadide bir kaynak. Kitapta insanların uyumla ve anlayışla yaşayabileceği bir gelecek umuduna işaret edilirken, bu geleceğe giden yolun türlü zorluklar, başarısızlık olasılıkları ve tehlikelerle dolu olduğu da dile getirilmektedir; belirsizliğin hem özgürlük için hem de güncel bir ahlaki zemin için bir başlangıç noktası olduğunu hatırlatarak… </p>

<p>Bu kitap farklılıkların yok sayıldığı, egemen zihniyetin kendisinden olmayan her şeye savaş açtığı, bastırdığı, edilgenleştirdiği ya da asimile ettiği günümüz koşullarına eğiliyor. Dinsel, toplumsal ve kültürel<span class="excerpt-hellip"> […]</span></p>
