{"id":712265,"date":"2025-08-27T16:53:59","date_gmt":"2025-08-27T13:53:59","guid":{"rendered":"https:\/\/roveyayinevi.com.tr\/index.php\/urun\/dunyanin-en-tembel-ati-ruzgar\/"},"modified":"2026-04-16T02:20:56","modified_gmt":"2026-04-15T23:20:56","slug":"dunyanin-en-tembel-ati-ruzgar","status":"publish","type":"product","link":"https:\/\/roveyayinevi.com.tr\/index.php\/urun\/dunyanin-en-tembel-ati-ruzgar\/","title":{"rendered":"D\u00fcnyan\u0131n En Tembel At\u0131: R\u00fczgar"},"content":{"rendered":"<p>D\u00fcnyan\u0131n En Tembel At\u0131: R\u00fczgar  \u201cHaydi R\u00fczg\u00e2r, u\u00e7ur bizi!\u201d \u0130\u015fte R\u00fczg\u00e2r. D\u00fcnyan\u0131n EN TEMBEL ATI. R\u00fczg\u00e2r ko\u015fmay\u0131 sevmezdi. Asl\u0131nda y\u00fcr\u00fcmekten de pek ho\u015fland\u0131\u011f\u0131 s\u00f6ylenemezdi. En sevdi\u011fi \u015fey \u00e7iftlikte tembel tembel gezinip elma yemekti. Bay \u00c7al\u0131\u015fkan ne dese, R\u00fczg\u00e2r tam tersini yap\u0131yordu. Sonunda Bay \u00c7al\u0131\u015fkan R\u00fczg\u00e2r\u2019a k\u0131z\u0131p onu \u00e7iftlikte b\u0131rakmaya karar verdi. Ama bu kez de trakt\u00f6r\u00fcyle ba\u015f\u0131 dertteydi! Hatalar\u0131n fark\u0131na var\u0131l\u0131p ve kabul edilmesi i\u00e7in harika bir hik\u00e2ye! Serinin Di\u011fer Kitaplar\u0131; Safari Park\u2019ta Dev Pancar \u00c7\u0131lg\u0131nl\u0131\u011f\u0131 Yeni K\u00fct\u00fcphaneci Siyah Beyazl\u0131lar Kul\u00fcb\u00fc Ta\u015f Devri Modas\u0131 Hokus Pokus Diplodokus Alt\u0131n Y\u0131ld\u0131z Yar\u0131\u015fmas\u0131 M\u0131rm\u0131r\u2019\u0131n Sihirli B\u0131y\u0131klar\u0131 <\/p>\n","protected":false},"excerpt":{"rendered":"<p>D\u00fcnyan\u0131n En Tembel At\u0131: R\u00fczgar \u201cHaydi R\u00fczg\u00e2r, u\u00e7ur bizi!\u201d \u0130\u015fte R\u00fczg\u00e2r. D\u00fcnyan\u0131n EN TEMBEL ATI. R\u00fczg\u00e2r ko\u015fmay\u0131 sevmezdi. Asl\u0131nda y\u00fcr\u00fcmekten de pek ho\u015fland\u0131\u011f\u0131 s\u00f6ylenemezdi. En sevdi\u011fi<span class=\"excerpt-hellip\"> [\u2026]<\/span><\/p>\n","protected":false},"featured_media":0,"template":"","meta":{"_monsterinsights_skip_tracking":false,"_monsterinsights_sitenote_active":false,"_monsterinsights_sitenote_note":"","_monsterinsights_sitenote_category":0},"product_brand":[],"product_cat":[12913,12274],"product_tag":[],"class_list":{"0":"post-712265","1":"product","2":"type-product","3":"status-publish","5":"product_cat-3-6-yas-kitaplari","6":"product_cat-cocuk-ve-genclik-kitaplari","7":"pa_cilt-ciltsiz","8":"pa_tur-kitap","9":"pa_yayinevi-indigo-cocuk","10":"pa_yazar-phil-allcock","12":"first","13":"instock","14":"sale","15":"shipping-taxable","16":"purchasable","17":"product-type-simple"},"_links":{"self":[{"href":"https:\/\/roveyayinevi.com.tr\/index.php\/wp-json\/wp\/v2\/product\/712265","targetHints":{"allow":["GET"]}}],"collection":[{"href":"https:\/\/roveyayinevi.com.tr\/index.php\/wp-json\/wp\/v2\/product"}],"about":[{"href":"https:\/\/roveyayinevi.com.tr\/index.php\/wp-json\/wp\/v2\/types\/product"}],"wp:attachment":[{"href":"https:\/\/roveyayinevi.com.tr\/index.php\/wp-json\/wp\/v2\/media?parent=712265"}],"wp:term":[{"taxonomy":"product_brand","embeddable":true,"href":"https:\/\/roveyayinevi.com.tr\/index.php\/wp-json\/wp\/v2\/product_brand?post=712265"},{"taxonomy":"product_cat","embeddable":true,"href":"https:\/\/roveyayinevi.com.tr\/index.php\/wp-json\/wp\/v2\/product_cat?post=712265"},{"taxonomy":"product_tag","embeddable":true,"href":"https:\/\/roveyayinevi.com.tr\/index.php\/wp-json\/wp\/v2\/product_tag?post=712265"}],"curies":[{"name":"wp","href":"https:\/\/api.w.org\/{rel}","templated":true}]}}