{"id":712263,"date":"2025-08-27T16:53:58","date_gmt":"2025-08-27T13:53:58","guid":{"rendered":"https:\/\/roveyayinevi.com.tr\/index.php\/urun\/gonulden-akan-deyisler\/"},"modified":"2026-04-16T02:20:56","modified_gmt":"2026-04-15T23:20:56","slug":"gonulden-akan-deyisler","status":"publish","type":"product","link":"https:\/\/roveyayinevi.com.tr\/index.php\/urun\/gonulden-akan-deyisler\/","title":{"rendered":"G\u00f6n\u00fclden Akan Deyi\u015fler"},"content":{"rendered":"<p>Bin m\u00e2na gizlenir bir tek kelamda Kitaplar yaz\u0131l\u0131r t\u00fcrl\u00fc kalemde K\u00e2inat i\u00e7inde bezmi \u00e2lemde \u0130nsanl\u0131k bir ilim imi\u015f erenler   Konu\u015fur d\u00fcnyada bin t\u00fcrl\u00fc lisan Kimi kitap okur kimisi insan Kendini bildik\u00e7e kendini noksan G\u00f6r\u00fcp bilen \u00e2lim imi\u015f erenler   Nimet sunar imi\u015f bilimin \u0131\u015f\u0131\u011f\u0131 Geri kalan bo\u015f \u00e7alarm\u0131\u015f ka\u015f\u0131\u011f\u0131 Karanl\u0131k beyine kudret \u0131\u015f\u0131\u011f\u0131 Bilgi ile bilim imi\u015f erenler   Usuli\u2019yim bu d\u00fcnyay\u0131 dar eden Her canl\u0131ya ya\u015famay\u0131 zor eden \u0130nsand\u0131r hay\u0131r\u0131 \u015ferri var eden Hem \u00e2lim hem zalim imi\u015f erenler <\/p>\n","protected":false},"excerpt":{"rendered":"<p>Bin m\u00e2na gizlenir bir tek kelamda Kitaplar yaz\u0131l\u0131r t\u00fcrl\u00fc kalemde K\u00e2inat i\u00e7inde bezmi \u00e2lemde \u0130nsanl\u0131k bir ilim imi\u015f erenler Konu\u015fur d\u00fcnyada bin t\u00fcrl\u00fc lisan Kimi kitap<span class=\"excerpt-hellip\"> [\u2026]<\/span><\/p>\n","protected":false},"featured_media":0,"template":"","meta":{"_monsterinsights_skip_tracking":false,"_monsterinsights_sitenote_active":false,"_monsterinsights_sitenote_note":"","_monsterinsights_sitenote_category":0},"product_brand":[],"product_cat":[20234,12291],"product_tag":[],"class_list":{"0":"post-712263","1":"product","2":"type-product","3":"status-publish","5":"product_cat-divan-edebiyati-halk-edebiyati","6":"product_cat-edebiyat","7":"pa_cilt-ciltsiz","8":"pa_tur-kitap","9":"pa_yayinevi-imla-yayinevi","10":"pa_yazar-usuli","12":"first","13":"instock","14":"sale","15":"shipping-taxable","16":"purchasable","17":"product-type-simple"},"_links":{"self":[{"href":"https:\/\/roveyayinevi.com.tr\/index.php\/wp-json\/wp\/v2\/product\/712263","targetHints":{"allow":["GET"]}}],"collection":[{"href":"https:\/\/roveyayinevi.com.tr\/index.php\/wp-json\/wp\/v2\/product"}],"about":[{"href":"https:\/\/roveyayinevi.com.tr\/index.php\/wp-json\/wp\/v2\/types\/product"}],"wp:attachment":[{"href":"https:\/\/roveyayinevi.com.tr\/index.php\/wp-json\/wp\/v2\/media?parent=712263"}],"wp:term":[{"taxonomy":"product_brand","embeddable":true,"href":"https:\/\/roveyayinevi.com.tr\/index.php\/wp-json\/wp\/v2\/product_brand?post=712263"},{"taxonomy":"product_cat","embeddable":true,"href":"https:\/\/roveyayinevi.com.tr\/index.php\/wp-json\/wp\/v2\/product_cat?post=712263"},{"taxonomy":"product_tag","embeddable":true,"href":"https:\/\/roveyayinevi.com.tr\/index.php\/wp-json\/wp\/v2\/product_tag?post=712263"}],"curies":[{"name":"wp","href":"https:\/\/api.w.org\/{rel}","templated":true}]}}