{"id":712249,"date":"2025-08-27T16:53:49","date_gmt":"2025-08-27T13:53:49","guid":{"rendered":"https:\/\/roveyayinevi.com.tr\/index.php\/urun\/diktatorlerin-cocuklari\/"},"modified":"2026-04-16T02:20:56","modified_gmt":"2026-04-15T23:20:56","slug":"diktatorlerin-cocuklari","status":"publish","type":"product","link":"https:\/\/roveyayinevi.com.tr\/index.php\/urun\/diktatorlerin-cocuklari\/","title":{"rendered":"Diktat\u00f6rlerin \u00c7ocuklar\u0131"},"content":{"rendered":"<p>Svetlana, Edda, Carmen, Be\u015f\u015far, Li Na ve di\u011ferleri&#8230; Tan\u0131d\u0131k geldi mi? \u0130lk bak\u0131\u015fta s\u0131radan gelen bu isimlerin \u00f6nemini anlamak i\u00e7in babalar\u0131n\u0131n kim olduklar\u0131n\u0131 da bilmemiz gerek: Stalin, Mussolini, Franco, Haf\u0131z Esad, Mao&#8230; 20. y\u00fczy\u0131la damgas\u0131n\u0131 vurmu\u015f diktat\u00f6rlerin \u00e7ocuklar\u0131 onlar. Kimisi s\u00f6z sahibi olmad\u0131klar\u0131 bir kaderin g\u00f6n\u00fcls\u00fcz akt\u00f6rleri oldu, kimisi de babalar\u0131yla ayn\u0131 g\u00fc\u00e7 ve iktidar h\u0131rs\u0131n\u0131n kurban\u0131. Ama istisnas\u0131z hepsi de bask\u0131, mutsuzluk ve g\u00f6zya\u015f\u0131 vaat eden bir rejimin devaml\u0131l\u0131\u011f\u0131 u\u011fruna masumiyetlerini vermek zorunda kalan \u00e7ocuklard\u0131. Peki ya di\u011ferleri? \u00c7avu\u015fesku, Kaddafi, Duvalier, H\u00fcsn\u00fc M\u00fcbarek, Saddam H\u00fcseyin, Mobutu, Kim \u0130l-sung, Bokassa, Pinochet, Castro, Luka\u015fenko, R\u0131za Pehlevi. Jean-Christophe Brisard ile Claude Qu\u00e9tel\u2019in y\u00f6netiminde, ara\u015ft\u0131rmac\u0131 gazeteci ve tarih\u00e7ilerden olu\u015fan bir ekip taraf\u0131ndan haz\u0131rlanan Diktat\u00f6rlerin \u00c7ocuklar\u0131, iyi niyetle yola \u00e7\u0131kt\u0131ktan sonra iktidar u\u011fruna yoldan \u00e7\u0131kan, yak\u0131n d\u00f6nemin tarihsel fig\u00fcrlerinden bir se\u00e7ki sunuyor. <\/p>\n","protected":false},"excerpt":{"rendered":"<p>Svetlana, Edda, Carmen, Be\u015f\u015far, Li Na ve di\u011ferleri&#8230; Tan\u0131d\u0131k geldi mi? \u0130lk bak\u0131\u015fta s\u0131radan gelen bu isimlerin \u00f6nemini anlamak i\u00e7in babalar\u0131n\u0131n kim olduklar\u0131n\u0131 da bilmemiz gerek:<span class=\"excerpt-hellip\"> [\u2026]<\/span><\/p>\n","protected":false},"featured_media":0,"template":"","meta":{"_monsterinsights_skip_tracking":false,"_monsterinsights_sitenote_active":false,"_monsterinsights_sitenote_note":"","_monsterinsights_sitenote_category":0},"product_brand":[],"product_cat":[12370,12304],"product_tag":[],"class_list":{"0":"post-712249","1":"product","2":"type-product","3":"status-publish","5":"product_cat-arastirma-inceleme","6":"product_cat-tarih","7":"pa_cilt-ciltsiz","8":"pa_tur-kitap","9":"pa_yayinevi-yapi-kredi-yayinlari","10":"pa_yazar-jean-christophe-brisard-claude-quetel","12":"first","13":"instock","14":"sale","15":"shipping-taxable","16":"purchasable","17":"product-type-simple"},"_links":{"self":[{"href":"https:\/\/roveyayinevi.com.tr\/index.php\/wp-json\/wp\/v2\/product\/712249","targetHints":{"allow":["GET"]}}],"collection":[{"href":"https:\/\/roveyayinevi.com.tr\/index.php\/wp-json\/wp\/v2\/product"}],"about":[{"href":"https:\/\/roveyayinevi.com.tr\/index.php\/wp-json\/wp\/v2\/types\/product"}],"wp:attachment":[{"href":"https:\/\/roveyayinevi.com.tr\/index.php\/wp-json\/wp\/v2\/media?parent=712249"}],"wp:term":[{"taxonomy":"product_brand","embeddable":true,"href":"https:\/\/roveyayinevi.com.tr\/index.php\/wp-json\/wp\/v2\/product_brand?post=712249"},{"taxonomy":"product_cat","embeddable":true,"href":"https:\/\/roveyayinevi.com.tr\/index.php\/wp-json\/wp\/v2\/product_cat?post=712249"},{"taxonomy":"product_tag","embeddable":true,"href":"https:\/\/roveyayinevi.com.tr\/index.php\/wp-json\/wp\/v2\/product_tag?post=712249"}],"curies":[{"name":"wp","href":"https:\/\/api.w.org\/{rel}","templated":true}]}}