{"id":712231,"date":"2025-08-27T16:53:32","date_gmt":"2025-08-27T13:53:32","guid":{"rendered":"https:\/\/roveyayinevi.com.tr\/index.php\/urun\/cop-adamin-kalp-rehberi\/"},"modified":"2026-04-16T02:20:56","modified_gmt":"2026-04-15T23:20:56","slug":"cop-adamin-kalp-rehberi","status":"publish","type":"product","link":"https:\/\/roveyayinevi.com.tr\/index.php\/urun\/cop-adamin-kalp-rehberi\/","title":{"rendered":"\u00c7\u00f6p Adam\u0131n Kalp Rehberi"},"content":{"rendered":"<p>Bum-bum bum-bum bum-bum&#8230; S\u00fcper kahraman kalbin, her ne yap\u0131yorsan yap, saniyede bir kereden fazla atar. Akci\u011ferlerin g\u00fcnde 550 litreye kadar oksijen \u00e7eker. Peki bu ikisinin birbiriyle ba\u011flant\u0131s\u0131 nedir ve tam olarak ne yap\u0131yorlar? \u00d6\u011frenmek i\u00e7in bu ke\u015fif yolculu\u011funda \u00e7\u00f6p adama kat\u0131l. Bu kitapla, neden 25 trilyon k\u0131rm\u0131z\u0131 kan h\u00fccresine ihtiyac\u0131n oldu\u011funu, egzersizin v\u00fccudu nas\u0131l etkiledi\u011fini ve akci\u011ferlerin bir badminton kortunu kaplayabilece\u011fini (70 m2) ke\u015ffedeceksin&#8230; Rengarenk g\u00f6rseller ve ger\u00e7eklerle dolu e\u011flenceli metinler; solunum ve kan dola\u015f\u0131m\u0131n\u0131n seni s\u00fcrekli zinde, s\u0131cak ve hayatta tutan gizli \u00e7al\u0131\u015fmalar\u0131n\u0131 ortaya \u00e7\u0131kar\u0131yor! <\/p>\n","protected":false},"excerpt":{"rendered":"<p>Bum-bum bum-bum bum-bum&#8230; S\u00fcper kahraman kalbin, her ne yap\u0131yorsan yap, saniyede bir kereden fazla atar. Akci\u011ferlerin g\u00fcnde 550 litreye kadar oksijen \u00e7eker. Peki bu ikisinin birbiriyle<span class=\"excerpt-hellip\"> [\u2026]<\/span><\/p>\n","protected":false},"featured_media":0,"template":"","meta":{"_monsterinsights_skip_tracking":false,"_monsterinsights_sitenote_active":false,"_monsterinsights_sitenote_note":"","_monsterinsights_sitenote_category":0},"product_brand":[],"product_cat":[13829,12274],"product_tag":[],"class_list":{"0":"post-712231","1":"product","2":"type-product","3":"status-publish","5":"product_cat-bilimsel-kitaplar","6":"product_cat-cocuk-ve-genclik-kitaplari","7":"pa_cilt-ciltsiz","8":"pa_tur-kitap","9":"pa_yayinevi-teleskop-populer-bilim","10":"pa_yazar-john-farndon","12":"first","13":"instock","14":"sale","15":"shipping-taxable","16":"purchasable","17":"product-type-simple"},"_links":{"self":[{"href":"https:\/\/roveyayinevi.com.tr\/index.php\/wp-json\/wp\/v2\/product\/712231","targetHints":{"allow":["GET"]}}],"collection":[{"href":"https:\/\/roveyayinevi.com.tr\/index.php\/wp-json\/wp\/v2\/product"}],"about":[{"href":"https:\/\/roveyayinevi.com.tr\/index.php\/wp-json\/wp\/v2\/types\/product"}],"wp:attachment":[{"href":"https:\/\/roveyayinevi.com.tr\/index.php\/wp-json\/wp\/v2\/media?parent=712231"}],"wp:term":[{"taxonomy":"product_brand","embeddable":true,"href":"https:\/\/roveyayinevi.com.tr\/index.php\/wp-json\/wp\/v2\/product_brand?post=712231"},{"taxonomy":"product_cat","embeddable":true,"href":"https:\/\/roveyayinevi.com.tr\/index.php\/wp-json\/wp\/v2\/product_cat?post=712231"},{"taxonomy":"product_tag","embeddable":true,"href":"https:\/\/roveyayinevi.com.tr\/index.php\/wp-json\/wp\/v2\/product_tag?post=712231"}],"curies":[{"name":"wp","href":"https:\/\/api.w.org\/{rel}","templated":true}]}}